000
CDUS43 KUNR 300835
CLIUNR


CLIMATE REPORT
NATIONAL WEATHER SERVICE RAPID CITY SD
233 AM MDT TUE JUN 30 2015


...................................

...THE EAST RAPID CITY SD CLIMATE SUMMARY FOR JUNE 29 2015...

CLIMATE NORMAL PERIOD 1981 TO 2010
CLIMATE RECORD PERIOD 1888 TO 2015


WEATHER ITEM   OBSERVED RECORD YEAR NORMAL DEPARTURE LAST
                VALUE   VALUE       VALUE  FROM      YEAR
                                           NORMAL
...........................................................
TEMPERATURE (F)
 YESTERDAY
  MAXIMUM         87    105    2002  81      6       75
  MINIMUM         64     46    1945  59      5       54
  AVERAGE         76                 70      6       65

PRECIPITATION (IN)
  YESTERDAY        0.06   1.15 1959   0.06   0.00     0.00
  MONTH TO DATE    6.81               3.10   3.71     6.05
  SINCE JUN 1      6.81               3.10   3.71     6.05
  SINCE JAN 1     16.17              11.15   5.02    11.23

SNOWFALL (IN)
  YESTERDAY        0.0    0.0  2002   0.0    0.0      0.0
                               2001
                               2000
  MONTH TO DATE    0.0                0.0    0.0      0.0
  SINCE JUN 1      0.0                0.0    0.0      0.0
  SINCE JUL 1     50.7               49.3    1.4     73.5
  SNOW DEPTH       0

DEGREE DAYS
 HEATING
  YESTERDAY        0                  1     -1        0
  MONTH TO DATE   33                 86    -53      108
  SINCE JUN 1     33                 86    -53      108
  SINCE JUL 1   6273               6858   -585     7404

 COOLING
  YESTERDAY       11                  6      5        0
  MONTH TO DATE   94                 84     10       28
  SINCE JUN 1     94                 84     10       28
  SINCE JAN 1    102                102      0       56
...........................................................


WIND (MPH)
  HIGHEST GUST SPEED    32   HIGHEST GUST DIRECTION    NW (330)



WEATHER CONDITIONS
 THE FOLLOWING WEATHER WAS RECORDED YESTERDAY.
  THUNDERSTORM
  LIGHT RAIN


..........................................................


THE EAST RAPID CITY SD CLIMATE NORMALS FOR TODAY
                         NORMAL    RECORD    YEAR
 MAXIMUM TEMPERATURE (F)   81       102      1900
 MINIMUM TEMPERATURE (F)   59        46      1959


SUNRISE AND SUNSET
JUNE 30 2015..........SUNRISE   513 AM MDT   SUNSET   840 PM MDT
JULY  1 2015..........SUNRISE   513 AM MDT   SUNSET   840 PM MDT


-  INDICATES NEGATIVE NUMBERS.
R  INDICATES RECORD WAS SET OR TIED.
MM INDICATES DATA IS MISSING.
T  INDICATES TRACE AMOUNT.




$$
