000
CDUS43 KUNR 310831
CLIUNR


CLIMATE REPORT
NATIONAL WEATHER SERVICE RAPID CITY SD
131 AM MST SAT JAN 31 2015


...................................

...THE EAST RAPID CITY SD CLIMATE SUMMARY FOR JANUARY 30 2015...

CLIMATE NORMAL PERIOD 1981 TO 2010
CLIMATE RECORD PERIOD 1888 TO 2015


WEATHER ITEM   OBSERVED RECORD YEAR NORMAL DEPARTURE LAST
                VALUE   VALUE       VALUE  FROM      YEAR
                                           NORMAL
...........................................................
TEMPERATURE (F)
 YESTERDAY
  MAXIMUM         50     69    1892  37     13       38
  MINIMUM         23    -28    1918  16      7        9
  AVERAGE         37                 27     10       24

PRECIPITATION (IN)
  YESTERDAY        0.00   0.54 1971   0.01  -0.01     0.01
  MONTH TO DATE    0.11               0.28  -0.17     0.26
  SINCE DEC 1      0.49               0.60  -0.11     0.80
  SINCE JAN 1      0.11               0.28  -0.17     0.26

SNOWFALL (IN)
  YESTERDAY        0.0    8.0  1971   0.3   -0.3      0.3
  MONTH TO DATE    2.1                5.3   -3.2      4.1
  SINCE DEC 1      9.6               10.5   -0.9     13.3
  SINCE JUL 1     24.9               19.1    5.8     43.1
  SNOW DEPTH       0

DEGREE DAYS
 HEATING
  YESTERDAY       28                 38    -10       41
  MONTH TO DATE  983               1140   -157     1100
  SINCE DEC 1   2047               2307   -260     2447
  SINCE JUL 1   3661               3887   -226     4036

 COOLING
  YESTERDAY        0                  0      0        0
  MONTH TO DATE    0                  0      0        0
  SINCE DEC 1      0                  0      0        0
  SINCE JAN 1      0                  0      0        0
...........................................................


WIND (MPH)
  HIGHEST GUST SPEED    26   HIGHEST GUST DIRECTION     N (10)



WEATHER CONDITIONS
 THE FOLLOWING WEATHER WAS RECORDED YESTERDAY.
  NO SIGNIFICANT WEATHER WAS OBSERVED.


..........................................................


THE EAST RAPID CITY SD CLIMATE NORMALS FOR TODAY
                         NORMAL    RECORD    YEAR
 MAXIMUM TEMPERATURE (F)   37        66      1888
 MINIMUM TEMPERATURE (F)   16       -26      1918


SUNRISE AND SUNSET
JANUARY 31 2015.......SUNRISE   712 AM MST   SUNSET   501 PM MST
FEBRUARY  1 2015......SUNRISE   711 AM MST   SUNSET   503 PM MST


-  INDICATES NEGATIVE NUMBERS.
R  INDICATES RECORD WAS SET OR TIED.
MM INDICATES DATA IS MISSING.
T  INDICATES TRACE AMOUNT.




$$
