000
CDUS43 KUNR 010831
CLIUNR


CLIMATE REPORT
NATIONAL WEATHER SERVICE RAPID CITY SD
231 AM MDT TUE SEP 1 2015


...................................

...THE EAST RAPID CITY SD CLIMATE SUMMARY FOR AUGUST 31 2015...

CLIMATE NORMAL PERIOD 1981 TO 2010
CLIMATE RECORD PERIOD 1888 TO 2015


WEATHER ITEM   OBSERVED RECORD YEAR NORMAL DEPARTURE LAST
                VALUE   VALUE       VALUE  FROM      YEAR
                                           NORMAL
...........................................................
TEMPERATURE (F)
 YESTERDAY
  MAXIMUM         83    103    1954  80      3       69
  MINIMUM         60     43    1965  56      4       54
  AVERAGE         72                 68      4       62

PRECIPITATION (IN)
  YESTERDAY        0.00   1.28 1951   0.05  -0.05     1.15
  MONTH TO DATE    2.25               1.97   0.28     4.75
  SINCE JUN 1     12.74               7.63   5.11    12.22
  SINCE JAN 1     22.10              15.68   6.42    17.40

SNOWFALL (IN)
  YESTERDAY        0.0    0.0  2002   0.0    0.0      0.0
                               2001
                               2000
  MONTH TO DATE    0.0                0.0    0.0      0.0
  SINCE JUN 1      0.0                0.0    0.0      0.0
  SINCE JUL 1      0.0                0.0    0.0      0.0
  SNOW DEPTH       0

DEGREE DAYS
 HEATING
  YESTERDAY        0                  2     -2        3
  MONTH TO DATE   29                 13     16       13
  SINCE JUN 1     63                118    -55      132
  SINCE JUL 1     30                 30      0       24

 COOLING
  YESTERDAY        7                  5      2        0
  MONTH TO DATE  239                226     13      171
  SINCE JUN 1    569                577     -8      408
  SINCE JAN 1    577                595    -18      436
...........................................................


WIND (MPH)
  HIGHEST GUST SPEED    37   HIGHEST GUST DIRECTION     N (360)



WEATHER CONDITIONS
 THE FOLLOWING WEATHER WAS RECORDED YESTERDAY.
  HAZE


..........................................................


THE EAST RAPID CITY SD CLIMATE NORMALS FOR TODAY
                         NORMAL    RECORD    YEAR
 MAXIMUM TEMPERATURE (F)   80       100      2012
 MINIMUM TEMPERATURE (F)   56        42      1956


SUNRISE AND SUNSET
SEPTEMBER  1 2015.....SUNRISE   616 AM MDT   SUNSET   729 PM MDT
SEPTEMBER  2 2015.....SUNRISE   617 AM MDT   SUNSET   727 PM MDT


-  INDICATES NEGATIVE NUMBERS.
R  INDICATES RECORD WAS SET OR TIED.
MM INDICATES DATA IS MISSING.
T  INDICATES TRACE AMOUNT.




$$
