000
CDUS43 KUNR 240911
CLIUNR


CLIMATE REPORT
NATIONAL WEATHER SERVICE RAPID CITY SD
307 AM MDT FRI MAR 24 2017


...................................

...THE EAST RAPID CITY SD CLIMATE SUMMARY FOR MARCH 23 2017...

CLIMATE NORMAL PERIOD 1981 TO 2010
CLIMATE RECORD PERIOD 1888 TO 2017


WEATHER ITEM   OBSERVED RECORD YEAR NORMAL DEPARTURE LAST
                VALUE   VALUE       VALUE  FROM      YEAR
                                           NORMAL
...........................................................
TEMPERATURE (F)
 YESTERDAY
  MAXIMUM         59     78    1939  49     10       32
  MINIMUM         41     -4    1965  27     14       24
  AVERAGE         50                 38     12       28

PRECIPITATION (IN)
  YESTERDAY        T      0.98 1937   0.04  -0.04     0.32
  MONTH TO DATE    0.45               0.64  -0.19     0.49
  SINCE MAR 1      0.45               0.64  -0.19     0.49
  SINCE JAN 1      1.24               1.41  -0.17     1.30

SNOWFALL (IN)
  YESTERDAY        0.0    6.5  2009   0.4   -0.4      3.5
  MONTH TO DATE    1.3                8.6   -7.3      3.9
  SINCE MAR 1      1.3                8.6   -7.3      3.9
  SINCE JUL 1     34.5               35.3   -0.8     33.8
  SNOW DEPTH       0

DEGREE DAYS
 HEATING
  YESTERDAY       15                 27    -12       37
  MONTH TO DATE  598                699   -101      477
  SINCE MAR 1    598                699   -101      477
  SINCE JUL 1   5194               5653   -459     4726

 COOLING
  YESTERDAY        0                  0      0        0
  MONTH TO DATE    0                  0      0        0
  SINCE MAR 1      0                  0      0        0
  SINCE JAN 1      0                  0      0        0
...........................................................


WIND (MPH)
  HIGHEST GUST SPEED    41   HIGHEST GUST DIRECTION    NW (330)



WEATHER CONDITIONS
 THE FOLLOWING WEATHER WAS RECORDED YESTERDAY.
  LIGHT RAIN


..........................................................


THE EAST RAPID CITY SD CLIMATE NORMALS FOR TODAY
                         NORMAL    RECORD    YEAR
 MAXIMUM TEMPERATURE (F)   49        77      1939
 MINIMUM TEMPERATURE (F)   27        -3      1965


SUNRISE AND SUNSET
MARCH 24 2017.........SUNRISE   648 AM MDT   SUNSET   711 PM MDT
MARCH 25 2017.........SUNRISE   646 AM MDT   SUNSET   712 PM MDT


-  INDICATES NEGATIVE NUMBERS.
R  INDICATES RECORD WAS SET OR TIED.
MM INDICATES DATA IS MISSING.
T  INDICATES TRACE AMOUNT.




$$
