000
CDUS43 KUNR 150055
CLIUNR


CLIMATE REPORT
NATIONAL WEATHER SERVICE RAPID CITY SD
555 PM MST THU DEC 14 2017


...................................

...THE EAST RAPID CITY SD CLIMATE SUMMARY FOR DECEMBER 14 2017...
VALID TODAY AS OF 0500 PM LOCAL TIME.

CLIMATE NORMAL PERIOD 1981 TO 2010
CLIMATE RECORD PERIOD 1888 TO 2017


WEATHER ITEM   OBSERVED RECORD YEAR NORMAL DEPARTURE LAST
                VALUE   VALUE       VALUE  FROM      YEAR
                                           NORMAL
...........................................................
TEMPERATURE (F)
 TODAY
  MAXIMUM         39     69    1998  36      3       21
  MINIMUM         31    -24    1901  18     13        6
  AVERAGE         35                 27      8       14

PRECIPITATION (IN)
  TODAY            T      0.27 1996   0.01  -0.01     0.00
  MONTH TO DATE    0.08               0.13  -0.05     0.01
  SINCE DEC 1      0.08               0.13  -0.05     0.01
  SINCE JAN 1     12.65              19.60  -6.95    12.96

SNOWFALL (IN)
  TODAY            T      4.1  1996   0.2   -0.2      0.0
  MONTH TO DATE    1.9                2.4   -0.5      0.4
  SINCE DEC 1      1.9                2.4   -0.5      0.4
  SINCE JUL 1      3.0               11.0   -8.0      4.1
  SNOW DEPTH       0

DEGREE DAYS
 HEATING
  TODAY           30                 38     -8       51
  MONTH TO DATE  356                515   -159      671
  SINCE DEC 1    356                515   -159      671
  SINCE JUL 1   1736               2095   -359     1702

 COOLING
  TODAY            0                  0      0        0
  MONTH TO DATE    0                  0      0        0
  SINCE DEC 1      0                  0      0        0
  SINCE JAN 1    854                665    189      813
...........................................................





WEATHER CONDITIONS
 THE FOLLOWING WEATHER WAS RECORDED TODAY.
  NO SIGNIFICANT WEATHER WAS OBSERVED.


..........................................................


THE EAST RAPID CITY SD CLIMATE NORMALS FOR TOMORROW
                         NORMAL    RECORD    YEAR
 MAXIMUM TEMPERATURE (F)   36        66      1939
 MINIMUM TEMPERATURE (F)   18       -19      2008


SUNRISE AND SUNSET
DECEMBER 14 2017......SUNRISE   720 AM MST   SUNSET   415 PM MST
DECEMBER 15 2017......SUNRISE   721 AM MST   SUNSET   415 PM MST


-  INDICATES NEGATIVE NUMBERS.
R  INDICATES RECORD WAS SET OR TIED.
MM INDICATES DATA IS MISSING.
T  INDICATES TRACE AMOUNT.




$$
