000
CDUS43 KUNR 260037
CLIUNR


CLIMATE REPORT
NATIONAL WEATHER SERVICE RAPID CITY SD
636 PM MDT SUN JUN 25 2017


...................................

...THE EAST RAPID CITY SD CLIMATE SUMMARY FOR JUNE 25 2017...
VALID TODAY AS OF 0500 PM LOCAL TIME.

CLIMATE NORMAL PERIOD 1981 TO 2010
CLIMATE RECORD PERIOD 1888 TO 2017


WEATHER ITEM   OBSERVED RECORD YEAR NORMAL DEPARTURE LAST
                VALUE   VALUE       VALUE  FROM      YEAR
                                           NORMAL
...........................................................
TEMPERATURE (F)
 TODAY
  MAXIMUM         79     99    1890  79      0       86
  MINIMUM         49     37    1904  57     -8       63
  AVERAGE         64                 68     -4       75

PRECIPITATION (IN)
  TODAY            0.00   1.64 2011   0.07  -0.07     0.00
  MONTH TO DATE    0.93               2.82  -1.89     0.52
  SINCE JUN 1      0.93               2.82  -1.89     0.52
  SINCE JAN 1      5.56              10.87  -5.31     5.06

SNOWFALL (IN)
  TODAY            0.0    0.0  2002   0.0    0.0      0.0
                               2001
                               2000
  MONTH TO DATE    0.0                0.0    0.0      0.0
  SINCE JUN 1      0.0                0.0    0.0      0.0
  SINCE JUL 1     39.2               49.3  -10.1     41.6
  SNOW DEPTH       0

DEGREE DAYS
 HEATING
  TODAY            1                  1      0        0
  MONTH TO DATE   12                 82    -70        5
  SINCE JUN 1     12                 82    -70        5
  SINCE JUL 1   6188               6854   -666     5719

 COOLING
  TODAY            0                  5     -5       10
  MONTH TO DATE  123                 63     60      210
  SINCE JUN 1    123                 63     60      210
  SINCE JAN 1    136                 81     55      216
...........................................................





WEATHER CONDITIONS
 THE FOLLOWING WEATHER WAS RECORDED TODAY.
  NO SIGNIFICANT WEATHER WAS OBSERVED.


..........................................................


THE EAST RAPID CITY SD CLIMATE NORMALS FOR TOMORROW
                         NORMAL    RECORD    YEAR
 MAXIMUM TEMPERATURE (F)   80       106      2012
 MINIMUM TEMPERATURE (F)   58        45      2003
                                             1968


SUNRISE AND SUNSET
JUNE 25 2017..........SUNRISE   511 AM MDT   SUNSET   840 PM MDT
JUNE 26 2017..........SUNRISE   511 AM MDT   SUNSET   840 PM MDT


-  INDICATES NEGATIVE NUMBERS.
R  INDICATES RECORD WAS SET OR TIED.
MM INDICATES DATA IS MISSING.
T  INDICATES TRACE AMOUNT.




$$
