000
CDUS44 KCRP 280827 RRA
CLIVCT

CLIMATE REPORT
NATIONAL WEATHER SERVICE CORPUS CHRISTI TX
323 AM CDT SAT MAY 28 2016


...................................

...THE VICTORIA CLIMATE SUMMARY FOR MAY 27 2016...

CLIMATE NORMAL PERIOD 1981 TO 2010
CLIMATE RECORD PERIOD 1893 TO 2016


WEATHER ITEM   OBSERVED TIME   RECORD YEAR NORMAL DEPARTURE LAST
                VALUE   (LST)  VALUE       VALUE  FROM      YEAR
                                                  NORMAL
..................................................................
TEMPERATURE (F)
 YESTERDAY
  MAXIMUM         89    219 PM 102    1928  89      0       86
  MINIMUM         67   1122 PM  57    1913  70     -3       75
  AVERAGE         78                        79     -1       81

PRECIPITATION (IN)
  YESTERDAY        1.03          2.65 1952   0.16   0.87     0.00
  MONTH TO DATE    4.61                      4.51   0.10     7.19
  SINCE MAR 1     13.52                     10.10   3.42    22.37
  SINCE JAN 1     18.46                     14.70   3.76    26.42

SNOWFALL (IN)
  YESTERDAY        0.0
  MONTH TO DATE    0.0
  SINCE MAR 1      0.0
  SINCE JUL 1      0.0
  SNOW DEPTH       0

DEGREE DAYS
 HEATING
  YESTERDAY        0                         0      0        0
  MONTH TO DATE    0                         0      0        0
  SINCE MAR 1     63                       155    -92      140
  SINCE JUL 1    913                      1248   -335     1220

 COOLING
  YESTERDAY       13                        14     -1       16
  MONTH TO DATE  304                       311     -7      337
  SINCE MAR 1    620                       562     58      629
  SINCE JAN 1    655                       600     55      644
..................................................................


WIND (MPH)
  HIGHEST WIND SPEED    36   HIGHEST WIND DIRECTION     W (290)
  HIGHEST GUST SPEED    45   HIGHEST GUST DIRECTION    NW (330)
  AVERAGE WIND SPEED    15.7


SKY COVER
  POSSIBLE SUNSHINE  MM
  AVERAGE SKY COVER 0.9


WEATHER CONDITIONS
 THE FOLLOWING WEATHER WAS RECORDED YESTERDAY.
  THUNDERSTORM
  HEAVY RAIN
  RAIN
  LIGHT RAIN
  FOG
  HAZE


RELATIVE HUMIDITY (PERCENT)
 HIGHEST    93          1100 PM
 LOWEST     68          1100 AM
 AVERAGE    81

..........................................................


THE VICTORIA CLIMATE NORMALS FOR TODAY
                         NORMAL    RECORD    YEAR
 MAXIMUM TEMPERATURE (F)   89        97      1939
                                             1922
 MINIMUM TEMPERATURE (F)   70        56      1934


SUNRISE AND SUNSET
MAY 28 2016...........SUNRISE   630 AM CDT   SUNSET   820 PM CDT
MAY 29 2016...........SUNRISE   630 AM CDT   SUNSET   820 PM CDT


-  INDICATES NEGATIVE NUMBERS.
R  INDICATES RECORD WAS SET OR TIED.
MM INDICATES DATA IS MISSING.
T  INDICATES TRACE AMOUNT.

$$

CB
