000
CDUS44 KCRP 230934 RRA
CLIVCT

CLIMATE REPORT
NATIONAL WEATHER SERVICE CORPUS CHRISTI TX
434 AM CDT SAT SEP 23 2017


...................................

...THE VICTORIA CLIMATE SUMMARY FOR SEPTEMBER 22 2017...

CLIMATE NORMAL PERIOD 1981 TO 2010
CLIMATE RECORD PERIOD 1893 TO 2017


WEATHER ITEM   OBSERVED TIME   RECORD YEAR NORMAL DEPARTURE LAST
                VALUE   (LST)  VALUE       VALUE  FROM      YEAR
                                                  NORMAL
..................................................................
TEMPERATURE (F)
 YESTERDAY
  MAXIMUM         87   1026 AM 103    1926  89     -2       92
  MINIMUM         74   1159 PM  51    1983  68      6       70
  AVERAGE         81                        78      3       81

PRECIPITATION (IN)
  YESTERDAY        0.16          2.87 1958   0.13   0.03     0.16
  MONTH TO DATE    1.80                      3.16  -1.36     2.36
  SINCE SEP 1      1.80                      3.16  -1.36     2.36
  SINCE JAN 1     42.20                     30.03  12.17    31.94

SNOWFALL (IN)
  YESTERDAY        0.0
  MONTH TO DATE    0.0
  SINCE SEP 1      0.0
  SINCE JUL 1      0.0
  SNOW DEPTH       0

DEGREE DAYS
 HEATING
  YESTERDAY        0                         0      0        0
  MONTH TO DATE    0                         0      0        0
  SINCE SEP 1      0                         0      0        0
  SINCE JUL 1      0                         0      0        0

 COOLING
  YESTERDAY       16                        13      3       16
  MONTH TO DATE  325                       348    -23      398
  SINCE SEP 1    325                       348    -23      398
  SINCE JAN 1   3158                      2701    457     2885
..................................................................


WIND (MPH)
  HIGHEST WIND SPEED    23   HIGHEST WIND DIRECTION     S (200)
  HIGHEST GUST SPEED    30   HIGHEST GUST DIRECTION     S (190)
  AVERAGE WIND SPEED     6.2


SKY COVER
  POSSIBLE SUNSHINE  MM
  AVERAGE SKY COVER 0.2


WEATHER CONDITIONS
 THE FOLLOWING WEATHER WAS RECORDED YESTERDAY.
  THUNDERSTORM
  HEAVY RAIN
  RAIN
  LIGHT RAIN
  FOG
  HAZE


RELATIVE HUMIDITY (PERCENT)
 HIGHEST    94          1200 AM
 LOWEST     65          1200 PM
 AVERAGE    80

..........................................................


THE VICTORIA CLIMATE NORMALS FOR TODAY
                         NORMAL    RECORD    YEAR
 MAXIMUM TEMPERATURE (F)   89       101      1925
 MINIMUM TEMPERATURE (F)   67        50      1999


SUNRISE AND SUNSET
SEPTEMBER 23 2017.....SUNRISE   717 AM CDT   SUNSET   723 PM CDT
SEPTEMBER 24 2017.....SUNRISE   717 AM CDT   SUNSET   721 PM CDT


-  INDICATES NEGATIVE NUMBERS.
R  INDICATES RECORD WAS SET OR TIED.
MM INDICATES DATA IS MISSING.
T  INDICATES TRACE AMOUNT.




$$
