000
CDUS44 KCRP 300651
CLIVCT

CLIMATE REPORT
NATIONAL WEATHER SERVICE CORPUS CHRISTI TX
149 AM CDT THU OCT 30 2014


...................................

...THE VICTORIA CLIMATE SUMMARY FOR OCTOBER 29 2014...

CLIMATE NORMAL PERIOD 1981 TO 2010
CLIMATE RECORD PERIOD 1893 TO 2014


WEATHER ITEM   OBSERVED TIME   RECORD YEAR NORMAL DEPARTURE LAST
                VALUE   (LST)  VALUE       VALUE  FROM      YEAR
                                                  NORMAL
..................................................................
TEMPERATURE (F)
 YESTERDAY
  MAXIMUM         91    252 PM  92    1938  80     11       88
  MINIMUM         64    222 AM  34    1910  57      7       72
  AVERAGE         78                        69      9       80

PRECIPITATION (IN)
  YESTERDAY        0.00          2.89 1991   0.13  -0.13     0.00
  MONTH TO DATE    1.84                      4.38  -2.54     3.03
  SINCE SEP 1      4.56                      8.54  -3.98     7.98
  SINCE JAN 1     23.45                     35.41 -11.96    22.90

SNOWFALL (IN)
  YESTERDAY        0.0
  MONTH TO DATE    0.0
  SINCE SEP 1      0.0
  SINCE JUL 1      0.0
  SNOW DEPTH       0

DEGREE DAYS
 HEATING
  YESTERDAY        0                         2     -2        0
  MONTH TO DATE    0                        16    -16        4
  SINCE SEP 1      0                        17    -17        4
  SINCE JUL 1      0                        17    -17        4

 COOLING
  YESTERDAY       13                         5      8       15
  MONTH TO DATE  327                       234     93      265
  SINCE SEP 1    865                       679    186      801
  SINCE JAN 1   3431                      3032    399     3295
..................................................................


WIND (MPH)
  HIGHEST WIND SPEED    14   HIGHEST WIND DIRECTION     N (360)
  HIGHEST GUST SPEED    17   HIGHEST GUST DIRECTION     N (340)
  AVERAGE WIND SPEED     5.0


SKY COVER
  POSSIBLE SUNSHINE  MM
  AVERAGE SKY COVER 0.6


WEATHER CONDITIONS
 THE FOLLOWING WEATHER WAS RECORDED YESTERDAY.
  NO SIGNIFICANT WEATHER WAS OBSERVED.


RELATIVE HUMIDITY (PERCENT)
 HIGHEST    93           200 AM
 LOWEST     44           300 PM
 AVERAGE    69

..........................................................


THE VICTORIA CLIMATE NORMALS FOR TODAY
                         NORMAL    RECORD    YEAR
 MAXIMUM TEMPERATURE (F)   80        93      1938
 MINIMUM TEMPERATURE (F)   57        35      1993


SUNRISE AND SUNSET
OCTOBER 30 2014.......SUNRISE   739 AM CDT   SUNSET   644 PM CDT
OCTOBER 31 2014.......SUNRISE   739 AM CDT   SUNSET   643 PM CDT


-  INDICATES NEGATIVE NUMBERS.
R  INDICATES RECORD WAS SET OR TIED.
MM INDICATES DATA IS MISSING.
T  INDICATES TRACE AMOUNT.

$$

GW
