000
CDUS44 KCRP 292317
CLIVCT
CLIVCT

CLIMATE REPORT
NATIONAL WEATHER SERVICE CORPUS CHRISTI TX
616 PM CDT FRI MAY 29 2015

...................................

...THE VICTORIA CLIMATE SUMMARY FOR MAY 29 2015...
VALID TODAY AS OF 616 PM LOCAL TIME.

CLIMATE NORMAL PERIOD 1981 TO 2010
CLIMATE RECORD PERIOD 1893 TO 2015


WEATHER ITEM   OBSERVED TIME   RECORD YEAR NORMAL DEPARTURE LAST
                VALUE   (LST)  VALUE       VALUE  FROM      YEAR
                                                  NORMAL
..................................................................
TEMPERATURE (F)
 TODAY
  MAXIMUM         89    317 PM  98    1998  89      0       91
                                      1912
  MINIMUM         65    326 AM  60    1961  70     -5       69
                                      1917
  AVERAGE         77                        80     -3       80

PRECIPITATION (IN)
  TODAY            0.31          2.10 1981   0.18   0.13     0.00
  MONTH TO DATE    7.50                      4.86   2.64     7.05
  SINCE MAR 1     22.68                     10.45  12.23     9.05
  SINCE JAN 1     26.73                     15.05  11.68    10.71

SNOWFALL (IN)
  TODAY            0.0
  MONTH TO DATE    0.0
  SINCE MAR 1      0.0
  SINCE JUL 1      0.0
  SNOW DEPTH       0

DEGREE DAYS
 HEATING
  TODAY            0                         0      0        0
  MONTH TO DATE    0                         0      0        3
  SINCE MAR 1    140                       155    -15      240
  SINCE JUL 1   1220                      1248    -28     1493

 COOLING
  TODAY           12                        15     -3       15
  MONTH TO DATE  366                       340     26      299
  SINCE MAR 1    658                       591     67      554
  SINCE JAN 1    673                       629     44      612
..................................................................


WIND (MPH)
  HIGHEST WIND SPEED    40   HIGHEST WIND DIRECTION    SE (150)
  HIGHEST GUST SPEED    46   HIGHEST GUST DIRECTION    SE (150)


SKY COVER
  POSSIBLE SUNSHINE  MM
  AVERAGE SKY COVER 0.4


WEATHER CONDITIONS
 THE FOLLOWING WEATHER WAS RECORDED TODAY.
  THUNDERSTORM
  HEAVY RAIN
  RAIN
  LIGHT RAIN
  FOG


RELATIVE HUMIDITY (PERCENT)
 HIGHEST   100           200 AM
 LOWEST     55           200 PM
 AVERAGE    78

..........................................................


THE VICTORIA CLIMATE NORMALS FOR TOMORROW
                         NORMAL    RECORD    YEAR
 MAXIMUM TEMPERATURE (F)   89        98      2003
                                             1912
 MINIMUM TEMPERATURE (F)   70        56      1984


SUNRISE AND SUNSET
MAY 29 2015...........SUNRISE   630 AM CDT   SUNSET   820 PM CDT
MAY 30 2015...........SUNRISE   630 AM CDT   SUNSET   820 PM CDT


-  INDICATES NEGATIVE NUMBERS.
R  INDICATES RECORD WAS SET OR TIED.
MM INDICATES DATA IS MISSING.
T  INDICATES TRACE AMOUNT.




$$
