000
CDUS44 KCRP 040653 RRA
CLIVCT

CLIMATE REPORT
NATIONAL WEATHER SERVICE CORPUS CHRISTI TX
153 AM CDT SAT JUL 4 2015


...THE VICTORIA CLIMATE SUMMARY FOR JULY 3 2015...

CLIMATE NORMAL PERIOD 1981 TO 2010
CLIMATE RECORD PERIOD 1893 TO 2015


WEATHER ITEM   OBSERVED TIME   RECORD YEAR NORMAL DEPARTURE LAST
                VALUE   (LST)  VALUE       VALUE  FROM      YEAR
                                                  NORMAL
..................................................................
TEMPERATURE (F)
 YESTERDAY
  MAXIMUM         92    333 PM 102    2009  93     -1       97
                                      1917
  MINIMUM         75    604 AM  66    1924  74      1       74
  AVERAGE         84                        83      1       86

PRECIPITATION (IN)
  YESTERDAY        T             2.26 2014   0.15  -0.15     2.26
  MONTH TO DATE    0.17                      0.46  -0.29     2.30
  SINCE JUN 1      9.54                      4.92   4.62     6.41
  SINCE JAN 1     37.27                     20.30  16.97    17.69

SNOWFALL (IN)
  YESTERDAY        0.0
  MONTH TO DATE    0.0
  SINCE JUN 1      0.0
  SINCE JUL 1      0.0
  SNOW DEPTH       0

DEGREE DAYS
 HEATING
  YESTERDAY        0                         0      0        0
  MONTH TO DATE    0                         0      0        0
  SINCE JUN 1      0                         0      0        0
  SINCE JUL 1      0                         0      0        0

 COOLING
  YESTERDAY       19                        18      1       21
  MONTH TO DATE   51                        54     -3       61
  SINCE JUN 1    548                       562    -14      619
  SINCE JAN 1   1248                      1221     27     1269
..................................................................


WIND (MPH)
  HIGHEST WIND SPEED    21   HIGHEST WIND DIRECTION     S (160)
  HIGHEST GUST SPEED    26   HIGHEST GUST DIRECTION     S (170)
  AVERAGE WIND SPEED     9.2


SKY COVER
  POSSIBLE SUNSHINE  MM
  AVERAGE SKY COVER 0.2


WEATHER CONDITIONS
 THE FOLLOWING WEATHER WAS RECORDED YESTERDAY.
  THUNDERSTORM
  LIGHT RAIN
  FOG


RELATIVE HUMIDITY (PERCENT)
 HIGHEST   100          1200 AM
 LOWEST     52           400 PM
 AVERAGE    76

..........................................................


THE VICTORIA CLIMATE NORMALS FOR TODAY
                         NORMAL    RECORD    YEAR
 MAXIMUM TEMPERATURE (F)   93       102      2009
 MINIMUM TEMPERATURE (F)   74        65      1924


SUNRISE AND SUNSET
JULY  4 2015..........SUNRISE   634 AM CDT   SUNSET   830 PM CDT
JULY  5 2015..........SUNRISE   634 AM CDT   SUNSET   830 PM CDT


-  INDICATES NEGATIVE NUMBERS.
R  INDICATES RECORD WAS SET OR TIED.
MM INDICATES DATA IS MISSING.
T  INDICATES TRACE AMOUNT.

$$

TMT
