000
CDUS44 KCRP 220656
CLIVCT

CLIMATE REPORT
NATIONAL WEATHER SERVICE CORPUS CHRISTI TX
153 AM CDT TUE JUL 22 2014


...................................

...THE VICTORIA CLIMATE SUMMARY FOR JULY 21 2014...

CLIMATE NORMAL PERIOD 1981 TO 2010
CLIMATE RECORD PERIOD 1893 TO 2014


WEATHER ITEM   OBSERVED TIME   RECORD YEAR NORMAL DEPARTURE LAST
                VALUE   (LST)  VALUE       VALUE  FROM      YEAR
                                                  NORMAL
..................................................................
TEMPERATURE (F)
 YESTERDAY
  MAXIMUM         98    157 PM 101    1939  94      4       91
  MINIMUM         77    613 AM  68    2008  74      3       76
  AVERAGE         88                        84      4       84

PRECIPITATION (IN)
  YESTERDAY        0.00          2.44 1991   0.13  -0.13     0.01
  MONTH TO DATE    2.33                      3.04  -0.71     3.48
  SINCE JUN 1      6.44                      7.50  -1.06     3.66
  SINCE JAN 1     17.72                     22.88  -5.16    13.04

SNOWFALL (IN)
  YESTERDAY        0.0
  MONTH TO DATE    0.0
  SINCE JUN 1      0.0
  SINCE JUL 1      0.0
  SNOW DEPTH       0

DEGREE DAYS
 HEATING
  YESTERDAY        0                         0      0        0
  MONTH TO DATE    0                         0      0        0
  SINCE JUN 1      0                         0      0        0
  SINCE JUL 1      0                         0      0        0

 COOLING
  YESTERDAY       23                        19      4       19
  MONTH TO DATE  411                       394     17      399
  SINCE JUN 1    969                       902     67      991
  SINCE JAN 1   1619                      1561     58     1625
..................................................................


WIND (MPH)
  HIGHEST WIND SPEED    18   HIGHEST WIND DIRECTION     S (170)
  HIGHEST GUST SPEED    22   HIGHEST GUST DIRECTION     S (180)
  AVERAGE WIND SPEED     8.7


SKY COVER
  POSSIBLE SUNSHINE  MM
  AVERAGE SKY COVER 0.2


WEATHER CONDITIONS
 THE FOLLOWING WEATHER WAS RECORDED YESTERDAY.
  FOG


RELATIVE HUMIDITY (PERCENT)
 HIGHEST    94           700 AM
 LOWEST     48           300 PM
 AVERAGE    71

..........................................................


THE VICTORIA CLIMATE NORMALS FOR TODAY
                         NORMAL    RECORD    YEAR
 MAXIMUM TEMPERATURE (F)   94       102      2001
 MINIMUM TEMPERATURE (F)   74        70      1904


SUNRISE AND SUNSET
JULY 22 2014..........SUNRISE   643 AM CDT   SUNSET   825 PM CDT
JULY 23 2014..........SUNRISE   644 AM CDT   SUNSET   824 PM CDT


-  INDICATES NEGATIVE NUMBERS.
R  INDICATES RECORD WAS SET OR TIED.
MM INDICATES DATA IS MISSING.
T  INDICATES TRACE AMOUNT.

$$

CB
