000
CDUS44 KCRP 020015
CLIVCT

CLIMATE REPORT
NATIONAL WEATHER SERVICE CORPUS CHRISTI TX
712 PM CDT FRI AUG 1 2014


...................................

...THE VICTORIA CLIMATE SUMMARY FOR AUGUST 1 2014...
VALID TODAY AS OF 700 PM LOCAL TIME.

CLIMATE NORMAL PERIOD 1981 TO 2010
CLIMATE RECORD PERIOD 1893 TO 2014


WEATHER ITEM   OBSERVED TIME   RECORD YEAR NORMAL DEPARTURE LAST
                VALUE   (LST)  VALUE       VALUE  FROM      YEAR
                                                  NORMAL
..................................................................
TEMPERATURE (F)
 TODAY
  MAXIMUM         99    330 PM 103    2011  95      4      101
                                      1998
  MINIMUM         80    624 AM  68    1936  74      6       76
  AVERAGE         90                        84      6       89

PRECIPITATION (IN)
  TODAY            0.00          1.87 1997   0.08  -0.08     0.00
  MONTH TO DATE    0.00                      0.08  -0.08     0.00
  SINCE JUN 1      6.48                      8.72  -2.24     3.71
  SINCE JAN 1     17.76                     24.10  -6.34    13.09

SNOWFALL (IN)
  TODAY            0.0
  MONTH TO DATE    0.0
  SINCE JUN 1      0.0
  SINCE JUL 1      0.0
  SNOW DEPTH       0

DEGREE DAYS
 HEATING
  TODAY            0                         0      0        0
  MONTH TO DATE    0                         0      0        0
  SINCE JUN 1      0                         0      0        0
  SINCE JUL 1      0                         0      0        0

 COOLING
  TODAY           25                        20      5       24
  MONTH TO DATE   25                        20      5       24
  SINCE JUN 1   1222                      1114    108     1227
  SINCE JAN 1   1872                      1773     99     1861
..................................................................


WIND (MPH)
  HIGHEST WIND SPEED    15   HIGHEST WIND DIRECTION     S (190)
  HIGHEST GUST SPEED    19   HIGHEST GUST DIRECTION     S (190)


SKY COVER
  POSSIBLE SUNSHINE  MM
  AVERAGE SKY COVER 0.7


WEATHER CONDITIONS
 THE FOLLOWING WEATHER WAS RECORDED TODAY.
  THUNDERSTORM


RELATIVE HUMIDITY (PERCENT)
 HIGHEST    91           600 AM
 LOWEST     45           300 PM
 AVERAGE    68

..........................................................


THE VICTORIA CLIMATE NORMALS FOR TOMORROW
                         NORMAL    RECORD    YEAR
 MAXIMUM TEMPERATURE (F)   95       103      2011
                                             1998
 MINIMUM TEMPERATURE (F)   74        70      1994
                                             1945
                                             1925


SUNRISE AND SUNSET
AUGUST  1 2014........SUNRISE   649 AM CDT   SUNSET   819 PM CDT
AUGUST  2 2014........SUNRISE   649 AM CDT   SUNSET   818 PM CDT


-  INDICATES NEGATIVE NUMBERS.
R  INDICATES RECORD WAS SET OR TIED.
MM INDICATES DATA IS MISSING.
T  INDICATES TRACE AMOUNT.




$$
