518
CDUS44 KCRP 190038
CLIVCT

CLIMATE REPORT
NATIONAL WEATHER SERVICE CORPUS CHRISTI TX
635 PM CST SUN FEB 18 2018


...................................

...THE VICTORIA CLIMATE SUMMARY FOR FEBRUARY 18 2018...
VALID TODAY AS OF 600 PM LOCAL TIME.

CLIMATE NORMAL PERIOD 1981 TO 2010
CLIMATE RECORD PERIOD 1893 TO 2018


WEATHER ITEM   OBSERVED TIME   RECORD YEAR NORMAL DEPARTURE LAST
                VALUE   (LST)  VALUE       VALUE  FROM      YEAR
                                                  NORMAL
..................................................................
TEMPERATURE (F)
 TODAY
  MAXIMUM         82    204 PM  90    1986  69     13       88
  MINIMUM         59    815 AM  21    1936  47     12       63
                                      1910
  AVERAGE         71                        58     13       76

PRECIPITATION (IN)
  TODAY            0.00          1.15 2012   0.07  -0.07     0.00
  MONTH TO DATE    0.47                      1.33  -0.86     2.17
  SINCE DEC 1      3.03                      6.16  -3.13     8.94
  SINCE JAN 1      0.99                      3.85  -2.86     5.93

SNOWFALL (IN)
  TODAY            0.0
  MONTH TO DATE    0.0
  SINCE DEC 1      2.0
  SINCE JUL 1      2.0
  SNOW DEPTH       0

DEGREE DAYS
 HEATING
  TODAY            0                         8     -8        0
  MONTH TO DATE  139                       169    -30       42
  SINCE DEC 1    907                       858     49      470
  SINCE JUL 1   1025                      1021      4      520

 COOLING
  TODAY            6                         1      5       11
  MONTH TO DATE   28                        18     10       88
  SINCE DEC 1     55                        59     -4      216
  SINCE JAN 1     34                        32      2      159
..................................................................


WIND (MPH)
  HIGHEST WIND SPEED    26   HIGHEST WIND DIRECTION     S (160)
  HIGHEST GUST SPEED    33   HIGHEST GUST DIRECTION     S (160)


SKY COVER
  POSSIBLE SUNSHINE  MM
  AVERAGE SKY COVER 0.8


WEATHER CONDITIONS
 THE FOLLOWING WEATHER WAS RECORDED TODAY.
  FOG
  FOG W/VISIBILITY <= 1/4 MILE
  HAZE


RELATIVE HUMIDITY (PERCENT)
 HIGHEST    97           900 AM
 LOWEST     58           200 PM
 AVERAGE    78

..........................................................


THE VICTORIA CLIMATE NORMALS FOR TOMORROW
                         NORMAL    RECORD    YEAR
 MAXIMUM TEMPERATURE (F)   69        95      1986
 MINIMUM TEMPERATURE (F)   47        29      1978
                                             1927


SUNRISE AND SUNSET
FEBRUARY 18 2018......SUNRISE   703 AM CST   SUNSET   620 PM CST
FEBRUARY 19 2018......SUNRISE   703 AM CST   SUNSET   621 PM CST


-  INDICATES NEGATIVE NUMBERS.
R  INDICATES RECORD WAS SET OR TIED.
MM INDICATES DATA IS MISSING.
T  INDICATES TRACE AMOUNT.




$$
