000
CDUS44 KCRP 170704
CLIVCT

CLIMATE REPORT
NATIONAL WEATHER SERVICE CORPUS CHRISTI TX
204 AM CDT THU APR 17 2014


...THE VICTORIA CLIMATE SUMMARY FOR APRIL 16 2014...

CLIMATE NORMAL PERIOD 1981 TO 2010
CLIMATE RECORD PERIOD 1893 TO 2014


WEATHER ITEM   OBSERVED TIME   RECORD YEAR NORMAL DEPARTURE LAST
                VALUE   (LST)  VALUE       VALUE  FROM      YEAR
                                                  NORMAL
..................................................................
TEMPERATURE (F)
 YESTERDAY
  MAXIMUM         72    122 PM 100    1920  81     -9       85
  MINIMUM         40R   519 AM  40    1928  59    -19       68
  AVERAGE         56                        70    -14       77

PRECIPITATION (IN)
  YESTERDAY        0.00          1.22 1973   0.09  -0.09      T
  MONTH TO DATE    0.37                      1.43  -1.06     0.23
  SINCE MAR 1      1.99                      4.20  -2.21     0.55
  SINCE JAN 1      3.65                      8.80  -5.15     4.64

SNOWFALL (IN)
  YESTERDAY        0.0
  MONTH TO DATE    0.0
  SINCE MAR 1      0.0
  SINCE JUL 1      T
  SNOW DEPTH       0

DEGREE DAYS
 HEATING
  YESTERDAY        9                         1      8        0
  MONTH TO DATE   32                        23      9       28
  SINCE MAR 1    237                       148     89      178
  SINCE JUL 1   1490                      1241    249      993

 COOLING
  YESTERDAY        0                         6     -6       12
  MONTH TO DATE   73                        76     -3       82
  SINCE MAR 1    125                       150    -25      155
  SINCE JAN 1    183                       188     -5      214
..................................................................


WIND (MPH)
  HIGHEST WIND SPEED    24   HIGHEST WIND DIRECTION    SE (130)
  HIGHEST GUST SPEED    32   HIGHEST GUST DIRECTION    SE (140)
  AVERAGE WIND SPEED    11.0


SKY COVER
  POSSIBLE SUNSHINE  MM
  AVERAGE SKY COVER 0.3


WEATHER CONDITIONS
 THE FOLLOWING WEATHER WAS RECORDED YESTERDAY.
  NO SIGNIFICANT WEATHER WAS OBSERVED.


RELATIVE HUMIDITY (PERCENT)
 HIGHEST    86          1100 PM
 LOWEST     44          1100 AM
 AVERAGE    65

..........................................................


THE VICTORIA CLIMATE NORMALS FOR TODAY
                         NORMAL    RECORD    YEAR
 MAXIMUM TEMPERATURE (F)   81        91      2006
                                             1918
 MINIMUM TEMPERATURE (F)   60        38      1999


SUNRISE AND SUNSET
APRIL 17 2014.........SUNRISE   700 AM CDT   SUNSET   755 PM CDT
APRIL 18 2014.........SUNRISE   659 AM CDT   SUNSET   756 PM CDT


-  INDICATES NEGATIVE NUMBERS.
R  INDICATES RECORD WAS SET OR TIED.
MM INDICATES DATA IS MISSING.
T  INDICATES TRACE AMOUNT.

$$

TMT
