000
CDUS44 KCRP 270653
CLIVCT

CLIMATE REPORT
NATIONAL WEATHER SERVICE CORPUS CHRISTI TX
1253 AM CST THU NOV 27 2014


...THE VICTORIA CLIMATE SUMMARY FOR NOVEMBER 26 2014...

CLIMATE NORMAL PERIOD 1981 TO 2010
CLIMATE RECORD PERIOD 1893 TO 2014


WEATHER ITEM   OBSERVED TIME   RECORD YEAR NORMAL DEPARTURE LAST
                VALUE   (LST)  VALUE       VALUE  FROM      YEAR
                                                  NORMAL
..................................................................
TEMPERATURE (F)
 YESTERDAY
  MAXIMUM         75    349 PM  88    1988  71      4       51
                                      1965
  MINIMUM         45    309 AM  33    1996  48     -3       37
                                      1993
                                      1992
  AVERAGE         60                        60      0       44

PRECIPITATION (IN)
  YESTERDAY        0.00          1.85 1969   0.10  -0.10     0.08
  MONTH TO DATE    4.53                      2.85   1.68     1.79
  SINCE SEP 1      9.09                     11.65  -2.56    10.19
  SINCE JAN 1     27.98                     38.52 -10.54    25.11

SNOWFALL (IN)
  YESTERDAY        0.0
  MONTH TO DATE    0.0
  SINCE SEP 1      0.0
  SINCE JUL 1      0.0
  SNOW DEPTH       0

DEGREE DAYS
 HEATING
  YESTERDAY        5                         7     -2       21
  MONTH TO DATE  179                       109     70      140
  SINCE SEP 1    179                       132     47      144
  SINCE JUL 1    179                       132     47      144

 COOLING
  YESTERDAY        0                         1     -1        0
  MONTH TO DATE   39                        75    -36       80
  SINCE SEP 1    919                       765    154      908
  SINCE JAN 1   3485                      3118    367     3402
..................................................................


WIND (MPH)
  HIGHEST WIND SPEED    22   HIGHEST WIND DIRECTION    SW (220)
  HIGHEST GUST SPEED    27   HIGHEST GUST DIRECTION    SW (220)
  AVERAGE WIND SPEED     9.1


SKY COVER
  POSSIBLE SUNSHINE  MM
  AVERAGE SKY COVER 0.0


WEATHER CONDITIONS
 THE FOLLOWING WEATHER WAS RECORDED YESTERDAY.
  NO SIGNIFICANT WEATHER WAS OBSERVED.


RELATIVE HUMIDITY (PERCENT)
 HIGHEST    86          1100 PM
 LOWEST     25           300 PM
 AVERAGE    56

..........................................................


THE VICTORIA CLIMATE NORMALS FOR TODAY
                         NORMAL    RECORD    YEAR
 MAXIMUM TEMPERATURE (F)   70        89      1994
 MINIMUM TEMPERATURE (F)   48        26      1993


SUNRISE AND SUNSET
NOVEMBER 27 2014......SUNRISE   700 AM CST   SUNSET   530 PM CST
NOVEMBER 28 2014......SUNRISE   701 AM CST   SUNSET   530 PM CST


-  INDICATES NEGATIVE NUMBERS.
R  INDICATES RECORD WAS SET OR TIED.
MM INDICATES DATA IS MISSING.
T  INDICATES TRACE AMOUNT.


$$

TMT
