000
CDUS44 KCRP 050823 RRA
CLIVCT

CLIMATE REPORT
NATIONAL WEATHER SERVICE CORPUS CHRISTI TX
321 AM CDT SAT SEP 5 2015


...................................

...THE VICTORIA CLIMATE SUMMARY FOR SEPTEMBER 4 2015...

CLIMATE NORMAL PERIOD 1981 TO 2010
CLIMATE RECORD PERIOD 1893 TO 2015


WEATHER ITEM   OBSERVED TIME   RECORD YEAR NORMAL DEPARTURE LAST
                VALUE   (LST)  VALUE       VALUE  FROM      YEAR
                                                  NORMAL
..................................................................
TEMPERATURE (F)
 YESTERDAY
  MAXIMUM         92    211 PM 110    2000  93     -1       87
  MINIMUM         74    609 AM  61    1974  72      2       77
                                      1934
                                      1919
  AVERAGE         83                        82      1       82

PRECIPITATION (IN)
  YESTERDAY        0.41          0.80 2001   0.16   0.25     0.16
  MONTH TO DATE    0.74                      0.59   0.15     0.30
  SINCE SEP 1      0.74                      0.59   0.15     0.30
  SINCE JAN 1     41.02                     27.46  13.56    19.19

SNOWFALL (IN)
  YESTERDAY        0.0
  MONTH TO DATE    0.0
  SINCE SEP 1      0.0
  SINCE JUL 1      0.0
  SNOW DEPTH       0

DEGREE DAYS
 HEATING
  YESTERDAY        0                         0      0        0
  MONTH TO DATE    0                         0      0        0
  SINCE SEP 1      0                         0      0        0
  SINCE JUL 1      0                         0      0        0

 COOLING
  YESTERDAY       18                        17      1       17
  MONTH TO DATE   66                        71     -5       85
  SINCE SEP 1     66                        71     -5       85
  SINCE JAN 1   2488                      2424     64     2651
..................................................................


WIND (MPH)
  HIGHEST WIND SPEED    21   HIGHEST WIND DIRECTION     S (170)
  HIGHEST GUST SPEED    28   HIGHEST GUST DIRECTION     S (170)
  AVERAGE WIND SPEED     7.5


SKY COVER
  POSSIBLE SUNSHINE  MM
  AVERAGE SKY COVER 0.2


WEATHER CONDITIONS
 THE FOLLOWING WEATHER WAS RECORDED YESTERDAY.
  HEAVY RAIN
  RAIN
  FOG


RELATIVE HUMIDITY (PERCENT)
 HIGHEST   100          1200 AM
 LOWEST     60           200 PM
 AVERAGE    80

..........................................................


THE VICTORIA CLIMATE NORMALS FOR TODAY
                         NORMAL    RECORD    YEAR
 MAXIMUM TEMPERATURE (F)   93       111      2000
 MINIMUM TEMPERATURE (F)   72        61      1988
                                             1952
                                             1934


SUNRISE AND SUNSET
SEPTEMBER  5 2015.....SUNRISE   707 AM CDT   SUNSET   745 PM CDT
SEPTEMBER  6 2015.....SUNRISE   708 AM CDT   SUNSET   744 PM CDT


-  INDICATES NEGATIVE NUMBERS.
R  INDICATES RECORD WAS SET OR TIED.
MM INDICATES DATA IS MISSING.
T  INDICATES TRACE AMOUNT.

$$

CB
