000
CDUS43 KSGF 200633
CLIVIH


CLIMATE REPORT
NATIONAL WEATHER SERVICE SPRINGFIELD MO
1232 AM CST MON NOV 20 2017


...................................

...THE VICHY-ROLLA MO CLIMATE SUMMARY FOR NOVEMBER 19 2017...

CLIMATE NORMAL PERIOD 1981 TO 2010
CLIMATE RECORD PERIOD 1888 TO 2017


WEATHER ITEM   OBSERVED TIME   RECORD YEAR NORMAL DEPARTURE LAST
                VALUE   (LST)  VALUE       VALUE  FROM      YEAR
                                                  NORMAL
..................................................................
TEMPERATURE (F)
 YESTERDAY
  MAXIMUM         45    313 PM  74    1949  54     -9       45
  MINIMUM         28    636 PM   8    1903  34     -6       29
  AVERAGE         37                        44     -7       37

PRECIPITATION (IN)
  YESTERDAY        0.00          1.09 1950   0.13  -0.13     0.00
  MONTH TO DATE    0.27                      2.42  -2.15     0.31
  SINCE SEP 1      3.35                      9.97  -6.62     7.51
  SINCE JAN 1     41.95                     39.52   2.43    39.85

DEGREE DAYS
 HEATING
  YESTERDAY       28                        21      7       28
  MONTH TO DATE  316                       331    -15      222
  SINCE SEP 1    567                       678   -111      375
  SINCE JUL 1    568                       681   -113      375

 COOLING
  YESTERDAY        0                         0      0        0
  MONTH TO DATE    0                         0      0       20
  SINCE SEP 1    277                       166    111      293
  SINCE JAN 1   1247                      1243      4     1482
..................................................................


WIND (MPH)
  HIGHEST WIND SPEED    16   HIGHEST WIND DIRECTION    NW (310)
  HIGHEST GUST SPEED    25   HIGHEST GUST DIRECTION    NW (310)
  AVERAGE WIND SPEED     8.7


SKY COVER
  AVERAGE SKY COVER 0.0


WEATHER CONDITIONS
 THE FOLLOWING WEATHER WAS RECORDED YESTERDAY.
  NO SIGNIFICANT WEATHER WAS OBSERVED.


RELATIVE HUMIDITY (PERCENT)
 HIGHEST    75           600 AM
 LOWEST     37           200 PM
 AVERAGE    56

..........................................................


THE VICHY-ROLLA MO CLIMATE NORMALS FOR TODAY
                         NORMAL    RECORD    YEAR
 MAXIMUM TEMPERATURE (F)   53        75      1898
 MINIMUM TEMPERATURE (F)   33        16      2014
                                             1903


SUNRISE AND SUNSET
NOVEMBER 20 2017......SUNRISE   654 AM CST   SUNSET   452 PM CST
NOVEMBER 21 2017......SUNRISE   655 AM CST   SUNSET   451 PM CST


-  INDICATES NEGATIVE NUMBERS.
R  INDICATES RECORD WAS SET OR TIED.
MM INDICATES DATA IS MISSING.
T  INDICATES TRACE AMOUNT.




$$
