000
CDUS43 KSGF 280630
CLIVIH


CLIMATE REPORT
NATIONAL WEATHER SERVICE SPRINGFIELD MO
1230 AM CST FRI NOV 28 2014


...................................

...THE VICHY-ROLLA MO CLIMATE SUMMARY FOR NOVEMBER 27 2014...

CLIMATE NORMAL PERIOD 1981 TO 2010
CLIMATE RECORD PERIOD 1888 TO 2014


WEATHER ITEM   OBSERVED TIME   RECORD YEAR NORMAL DEPARTURE LAST
                VALUE   (LST)  VALUE       VALUE  FROM      YEAR
                                                  NORMAL
..................................................................
TEMPERATURE (F)
 YESTERDAY
  MAXIMUM         34    342 PM  71    1990  50    -16       29
  MINIMUM         27    653 PM   8    1898  30     -3       15
  AVERAGE         31                        40     -9       22

PRECIPITATION (IN)
  YESTERDAY        T             1.51 1964   0.13  -0.13     0.00
  MONTH TO DATE    2.40                      3.50  -1.10     1.67
  SINCE SEP 1      9.96                     11.05  -1.09     6.77
  SINCE JAN 1     27.26                     40.60 -13.34    39.75

DEGREE DAYS
 HEATING
  YESTERDAY       34                        25      9       43
  MONTH TO DATE  752                       519    233      612
  SINCE SEP 1   1088                       866    222      969
  SINCE JUL 1   1091                       869    222      973

 COOLING
  YESTERDAY        0                         0      0        0
  MONTH TO DATE    0                         0      0        0
  SINCE SEP 1    147                       166    -19      226
  SINCE JAN 1   1186                      1243    -57     1125
..................................................................


WIND (MPH)
  HIGHEST WIND SPEED    18   HIGHEST WIND DIRECTION    NW (310)
  HIGHEST GUST SPEED    24   HIGHEST GUST DIRECTION     W (290)
  AVERAGE WIND SPEED     7.6


SKY COVER
  AVERAGE SKY COVER 0.7


WEATHER CONDITIONS
 THE FOLLOWING WEATHER WAS RECORDED YESTERDAY.
  LT FREEZING RAIN
  FOG


RELATIVE HUMIDITY (PERCENT)
 HIGHEST    92          1200 AM
 LOWEST     61           400 PM
 AVERAGE    77

..........................................................


THE VICHY-ROLLA MO CLIMATE NORMALS FOR TODAY
                         NORMAL    RECORD    YEAR
 MAXIMUM TEMPERATURE (F)   49        75      1949
 MINIMUM TEMPERATURE (F)   30         8      1955


SUNRISE AND SUNSET
NOVEMBER 28 2014......SUNRISE   702 AM CST   SUNSET   448 PM CST
NOVEMBER 29 2014......SUNRISE   703 AM CST   SUNSET   448 PM CST


-  INDICATES NEGATIVE NUMBERS.
R  INDICATES RECORD WAS SET OR TIED.
MM INDICATES DATA IS MISSING.
T  INDICATES TRACE AMOUNT.




$$
