000
CDUS43 KSGF 300626
CLIVIH


CLIMATE REPORT
NATIONAL WEATHER SERVICE SPRINGFIELD MO
125 AM CDT TUE AUG 30 2016


...................................

...THE VICHY-ROLLA MO CLIMATE SUMMARY FOR AUGUST 29 2016...

CLIMATE NORMAL PERIOD 1981 TO 2010
CLIMATE RECORD PERIOD 1888 TO 2016


WEATHER ITEM   OBSERVED TIME   RECORD YEAR NORMAL DEPARTURE LAST
                VALUE   (LST)  VALUE       VALUE  FROM      YEAR
                                                  NORMAL
..................................................................
TEMPERATURE (F)
 YESTERDAY
  MAXIMUM         90    100 PM 100    1901  85      5       83
  MINIMUM         71   1111 PM  49    1965  63      8       65
  AVERAGE         81                        74      7       74

PRECIPITATION (IN)
  YESTERDAY        0.00          1.57 1975   0.13  -0.13     0.15
  MONTH TO DATE    9.90                      3.43   6.47     2.39
  SINCE JUN 1     18.00                     12.50   5.50    15.24
  SINCE JAN 1     32.24                     29.31   2.93    29.26

DEGREE DAYS
 HEATING
  YESTERDAY        0                         0      0        0
  MONTH TO DATE    0                         0      0        2
  SINCE JUN 1      0                        15    -15       17
  SINCE JUL 1      0                         1     -1        2

 COOLING
  YESTERDAY       16                         9      7        9
  MONTH TO DATE  331                       336     -5      229
  SINCE JUN 1   1087                       953    134      880
  SINCE JAN 1   1165                      1060    105      987
..................................................................


WIND (MPH)
  HIGHEST WIND SPEED    10   HIGHEST WIND DIRECTION     E (100)
  HIGHEST GUST SPEED    14   HIGHEST GUST DIRECTION     E (80)
  AVERAGE WIND SPEED     4.0


SKY COVER
  AVERAGE SKY COVER 0.1


WEATHER CONDITIONS
 THE FOLLOWING WEATHER WAS RECORDED YESTERDAY.
  FOG


RELATIVE HUMIDITY (PERCENT)
 HIGHEST    93          1200 AM
 LOWEST     52           100 PM
 AVERAGE    73

..........................................................


THE VICHY-ROLLA MO CLIMATE NORMALS FOR TODAY
                         NORMAL    RECORD    YEAR
 MAXIMUM TEMPERATURE (F)   85        99      2000
                                             1901
 MINIMUM TEMPERATURE (F)   63        50      2009


SUNRISE AND SUNSET
AUGUST 30 2016........SUNRISE   635 AM CDT   SUNSET   739 PM CDT
AUGUST 31 2016........SUNRISE   636 AM CDT   SUNSET   737 PM CDT


-  INDICATES NEGATIVE NUMBERS.
R  INDICATES RECORD WAS SET OR TIED.
MM INDICATES DATA IS MISSING.
T  INDICATES TRACE AMOUNT.




$$
