000
CDUS43 KSGF 190627
CLIVIH


CLIMATE REPORT
NATIONAL WEATHER SERVICE SPRINGFIELD MO
1226 AM CST FRI DEC 19 2014


...................................

...THE VICHY-ROLLA MO CLIMATE SUMMARY FOR DECEMBER 18 2014...

CLIMATE NORMAL PERIOD 1981 TO 2010
CLIMATE RECORD PERIOD 1888 TO 2014


WEATHER ITEM   OBSERVED TIME   RECORD YEAR NORMAL DEPARTURE LAST
                VALUE   (LST)  VALUE       VALUE  FROM      YEAR
                                                  NORMAL
..................................................................
TEMPERATURE (F)
 YESTERDAY
  MAXIMUM         33   1030 PM  69    1962  42     -9       55
  MINIMUM         30    937 AM  -1    1964  24      6       22
  AVERAGE         32                        33     -1       39

PRECIPITATION (IN)
  YESTERDAY        0.08          0.85 2002   0.06   0.02     0.00
  MONTH TO DATE    1.82                      1.67   0.15     1.03
  SINCE DEC 1      1.82                      1.67   0.15     1.03
  SINCE JAN 1     29.10                     42.64 -13.54    40.78

DEGREE DAYS
 HEATING
  YESTERDAY       33                        32      1       26
  MONTH TO DATE  490                       537    -47      608
  SINCE DEC 1    490                       537    -47      608
  SINCE JUL 1   1632                      1484    148     1658

 COOLING
  YESTERDAY        0                         0      0        0
  MONTH TO DATE    0                         0      0        0
  SINCE DEC 1      0                         0      0        0
  SINCE JAN 1   1186                      1246    -60     1125
..................................................................


WIND (MPH)
  HIGHEST WIND SPEED    10   HIGHEST WIND DIRECTION     E (90)
  HIGHEST GUST SPEED    17   HIGHEST GUST DIRECTION     E (100)
  AVERAGE WIND SPEED     5.7


SKY COVER
  AVERAGE SKY COVER 1.0


WEATHER CONDITIONS
 THE FOLLOWING WEATHER WAS RECORDED YESTERDAY.
  LIGHT SNOW
  FOG
  FOG W/VISIBILITY <= 1/4 MILE


RELATIVE HUMIDITY (PERCENT)
 HIGHEST   100          1100 PM
 LOWEST     78          1200 AM
 AVERAGE    89

..........................................................


THE VICHY-ROLLA MO CLIMATE NORMALS FOR TODAY
                         NORMAL    RECORD    YEAR
 MAXIMUM TEMPERATURE (F)   42        66      1978
 MINIMUM TEMPERATURE (F)   23       -13      1901


SUNRISE AND SUNSET
DECEMBER 19 2014......SUNRISE   719 AM CST   SUNSET   450 PM CST
DECEMBER 20 2014......SUNRISE   719 AM CST   SUNSET   450 PM CST


-  INDICATES NEGATIVE NUMBERS.
R  INDICATES RECORD WAS SET OR TIED.
MM INDICATES DATA IS MISSING.
T  INDICATES TRACE AMOUNT.




$$
