000
CDUS43 KSGF 010627
CLIVIH


CLIMATE REPORT
NATIONAL WEATHER SERVICE SPRINGFIELD MO
127 AM CDT WED JUN 1 2016


...................................

...THE VICHY-ROLLA MO CLIMATE SUMMARY FOR MAY 31 2016...

CLIMATE NORMAL PERIOD 1981 TO 2010
CLIMATE RECORD PERIOD 1888 TO 2016


WEATHER ITEM   OBSERVED TIME   RECORD YEAR NORMAL DEPARTURE LAST
                VALUE   (LST)  VALUE       VALUE  FROM      YEAR
                                                  NORMAL
..................................................................
TEMPERATURE (F)
 YESTERDAY
  MAXIMUM         80    411 PM  91    2000  78      2       60
  MINIMUM         62    524 AM  40    1897  58      4       53
  AVERAGE         71                        68      3       57

PRECIPITATION (IN)
  YESTERDAY        0.02          2.20 2013   0.16  -0.14     0.00
  MONTH TO DATE    5.18                      5.04   0.14     6.60
  SINCE MAR 1     12.12                     12.71  -0.59    11.74
  SINCE JAN 1     14.24                     16.81  -2.57    14.02

DEGREE DAYS
 HEATING
  YESTERDAY        0                         2     -2        8
  MONTH TO DATE  161                       117     44       88
  SINCE MAR 1    849                      1044   -195      926
  SINCE JUL 1   4052                      4834   -782     5043

 COOLING
  YESTERDAY        6                         5      1        0
  MONTH TO DATE   64                        81    -17       94
  SINCE MAR 1     78                       107    -29      107
  SINCE JAN 1     78                       107    -29      107
..................................................................


WIND (MPH)
  HIGHEST WIND SPEED    17   HIGHEST WIND DIRECTION     S (160)
  HIGHEST GUST SPEED    21   HIGHEST GUST DIRECTION     S (160)
  AVERAGE WIND SPEED     6.1


SKY COVER
  AVERAGE SKY COVER 0.6


WEATHER CONDITIONS
 THE FOLLOWING WEATHER WAS RECORDED YESTERDAY.
  LIGHT RAIN


RELATIVE HUMIDITY (PERCENT)
 HIGHEST    93           300 AM
 LOWEST     62           300 PM
 AVERAGE    78

..........................................................


THE VICHY-ROLLA MO CLIMATE NORMALS FOR TODAY
                         NORMAL    RECORD    YEAR
 MAXIMUM TEMPERATURE (F)   79        93      1951
 MINIMUM TEMPERATURE (F)   58        45      1905


SUNRISE AND SUNSET
JUNE  1 2016..........SUNRISE   546 AM CDT   SUNSET   825 PM CDT
JUNE  2 2016..........SUNRISE   545 AM CDT   SUNSET   825 PM CDT


-  INDICATES NEGATIVE NUMBERS.
R  INDICATES RECORD WAS SET OR TIED.
MM INDICATES DATA IS MISSING.
T  INDICATES TRACE AMOUNT.




$$
