000
CDUS42 KTAE 300635
CLIVLD


CLIMATE REPORT
NATIONAL WEATHER SERVICE TALLAHASSEE FL
235 AM EDT SUN AUG 30 2015


...................................

...THE VALDOSTA CLIMATE SUMMARY FOR AUGUST 29 2015...

CLIMATE NORMAL PERIOD 1981 TO 2010
CLIMATE RECORD PERIOD 1948 TO 2015


WEATHER ITEM   OBSERVED TIME   NORMAL DEPARTURE LAST
                VALUE   (LST)  VALUE  FROM      YEAR
                                      NORMAL
......................................................
TEMPERATURE (F)
 YESTERDAY
  MAXIMUM         84   1138 AM  91     -7       97
  MINIMUM         72    226 PM  71      1       65
  AVERAGE         78            80     -2       81

PRECIPITATION (IN)
  YESTERDAY        1.73          0.16   1.57     0.00
  MONTH TO DATE    6.39          5.03   1.36     2.77
  SINCE JUN 1     19.60         17.72   1.88     8.85
  SINCE JAN 1     38.16         36.72   1.44    32.12

DEGREE DAYS
 COOLING
  YESTERDAY       13            16     -3       16
  MONTH TO DATE  516           471     45      558
  SINCE JUN 1   1586          1411    175     1722
  SINCE JAN 1   2233          1823    410     2325
......................................................


WIND (MPH)
  HIGHEST WIND SPEED    10   HIGHEST WIND DIRECTION    NE (50)
  HIGHEST GUST SPEED    14   HIGHEST GUST DIRECTION     N (360)
  AVERAGE WIND SPEED     4.6




RELATIVE HUMIDITY (PERCENT)
 HIGHEST   100
 LOWEST     79
 AVERAGE    90

..........................................................




SUNRISE AND SUNSET
AUGUST 30 2015........SUNRISE   708 AM EDT   SUNSET   759 PM EDT
AUGUST 31 2015........SUNRISE   709 AM EDT   SUNSET   758 PM EDT


-  INDICATES NEGATIVE NUMBERS.
R  INDICATES RECORD WAS SET OR TIED.
MM INDICATES DATA IS MISSING.
T  INDICATES TRACE AMOUNT.




$$
