000
CDUS42 KTAE 150630
CLIVLD


CLIMATE REPORT
NATIONAL WEATHER SERVICE TALLAHASSEE FL
130 AM EST FRI DEC 15 2017


...................................

...THE VALDOSTA CLIMATE SUMMARY FOR DECEMBER 14 2017...

CLIMATE NORMAL PERIOD 1981 TO 2010
CLIMATE RECORD PERIOD 1948 TO 2017


WEATHER ITEM   OBSERVED TIME   NORMAL DEPARTURE LAST
                VALUE   (LST)  VALUE  FROM      YEAR
                                      NORMAL
......................................................
TEMPERATURE (F)
 YESTERDAY
  MAXIMUM         64    304 PM  65     -1       67
  MINIMUM         36    546 AM  42     -6       59
  AVERAGE         50            53     -3       63

PRECIPITATION (IN)
  YESTERDAY        0.00          0.12  -0.12     0.05
  MONTH TO DATE    1.48          1.59  -0.11     1.50
  SINCE DEC 1      1.48          1.59  -0.11     1.50
  SINCE JAN 1     40.31         49.02  -8.71    51.90

DEGREE DAYS
 HEATING
  YESTERDAY       15            12      3        2
  MONTH TO DATE  173           153     20      116
  SINCE DEC 1    173           153     20      116
  SINCE JUL 1    406           384     22      283
......................................................


WIND (MPH)
  HIGHEST WIND SPEED     7   HIGHEST WIND DIRECTION    SW (240)
  HIGHEST GUST SPEED    16   HIGHEST GUST DIRECTION    SW (230)
  AVERAGE WIND SPEED     2.3




RELATIVE HUMIDITY (PERCENT)
 HIGHEST   100
 LOWEST     32
 AVERAGE    66

..........................................................




SUNRISE AND SUNSET
DECEMBER 15 2017......SUNRISE   723 AM EST   SUNSET   533 PM EST
DECEMBER 16 2017......SUNRISE   724 AM EST   SUNSET   534 PM EST


-  INDICATES NEGATIVE NUMBERS.
R  INDICATES RECORD WAS SET OR TIED.
MM INDICATES DATA IS MISSING.
T  INDICATES TRACE AMOUNT.




$$
