000
CDUS42 KTAE 260639
CLIVLD


CLIMATE REPORT
NATIONAL WEATHER SERVICE TALLAHASSEE FL
238 AM EDT MON SEP 26 2016


...................................

...THE VALDOSTA CLIMATE SUMMARY FOR SEPTEMBER 25 2016...

CLIMATE NORMAL PERIOD 1981 TO 2010
CLIMATE RECORD PERIOD 1948 TO 2016


WEATHER ITEM   OBSERVED TIME   NORMAL DEPARTURE LAST
                VALUE   (LST)  VALUE  FROM      YEAR
                                      NORMAL
......................................................
TEMPERATURE (F)
 YESTERDAY
  MAXIMUM         92    203 PM  86      6       75
  MINIMUM         71    644 AM  65      6       62
  AVERAGE         82            75      7       69

PRECIPITATION (IN)
  YESTERDAY        T             0.12  -0.12     0.00
  MONTH TO DATE    5.56          4.05   1.51     2.62
  SINCE SEP 1      5.56          4.05   1.51     2.62
  SINCE JAN 1     49.89         41.08   8.81    40.78

DEGREE DAYS
 HEATING
  YESTERDAY        0             0      0        0
  MONTH TO DATE    0             0      0        0
  SINCE SEP 1      0             0      0        0
  SINCE JUL 1      0             0      0        0

 COOLING
  YESTERDAY       17            10      7        4
  MONTH TO DATE  382           323     59      320
  SINCE SEP 1    382           323     59      320
  SINCE JAN 1   2512          2177    335     2587
......................................................


WIND (MPH)
  HIGHEST WIND SPEED    13   HIGHEST WIND DIRECTION    SE (120)
  HIGHEST GUST SPEED    19   HIGHEST GUST DIRECTION    SE (140)
  AVERAGE WIND SPEED     2.1




RELATIVE HUMIDITY (PERCENT)
 HIGHEST   100
 LOWEST     52
 AVERAGE    76

..........................................................




SUNRISE AND SUNSET
SEPTEMBER 26 2016.....SUNRISE   724 AM EDT   SUNSET   724 PM EDT
SEPTEMBER 27 2016.....SUNRISE   725 AM EDT   SUNSET   723 PM EDT


-  INDICATES NEGATIVE NUMBERS.
R  INDICATES RECORD WAS SET OR TIED.
MM INDICATES DATA IS MISSING.
T  INDICATES TRACE AMOUNT.




$$
