000
CDUS42 KTAE 210631
CLIVLD


CLIMATE REPORT
NATIONAL WEATHER SERVICE TALLAHASSEE FL
130 AM EST TUE FEB 21 2017


...................................

...THE VALDOSTA CLIMATE SUMMARY FOR FEBRUARY 20 2017...

CLIMATE NORMAL PERIOD 1981 TO 2010
CLIMATE RECORD PERIOD 1948 TO 2017


WEATHER ITEM   OBSERVED TIME   NORMAL DEPARTURE LAST
                VALUE   (LST)  VALUE  FROM      YEAR
                                      NORMAL
......................................................
TEMPERATURE (F)
 YESTERDAY
  MAXIMUM         79    413 PM  68     11       76
  MINIMUM         45    721 AM  43      2       43
  AVERAGE         62            55      7       60

PRECIPITATION (IN)
  YESTERDAY        0.00          0.19  -0.19     0.00
  MONTH TO DATE    1.18          2.38  -1.20     4.50
  SINCE DEC 1     12.44         10.12   2.32    10.90
  SINCE JAN 1     10.29          6.95   3.34     8.39

DEGREE DAYS
 HEATING
  YESTERDAY        3            10     -7        5
  MONTH TO DATE  112           237   -125      226
  SINCE DEC 1    604          1075   -471      795
  SINCE JUL 1    771          1306   -535      871
......................................................


WIND (MPH)
  HIGHEST WIND SPEED    10   HIGHEST WIND DIRECTION    SE (150)
  HIGHEST GUST SPEED    15   HIGHEST GUST DIRECTION     E (100)
  AVERAGE WIND SPEED     2.7




RELATIVE HUMIDITY (PERCENT)
 HIGHEST   100
 LOWEST     42
 AVERAGE    71

..........................................................




SUNRISE AND SUNSET
FEBRUARY 21 2017......SUNRISE   708 AM EST   SUNSET   626 PM EST
FEBRUARY 22 2017......SUNRISE   707 AM EST   SUNSET   627 PM EST


-  INDICATES NEGATIVE NUMBERS.
R  INDICATES RECORD WAS SET OR TIED.
MM INDICATES DATA IS MISSING.
T  INDICATES TRACE AMOUNT.




$$
