000
CDUS42 KTAE 280639
CLIVLD


CLIMATE REPORT
NATIONAL WEATHER SERVICE TALLAHASSEE FL
238 AM EDT MON JUL 28 2014


...................................

...THE VALDOSTA CLIMATE SUMMARY FOR JULY 27 2014...

CLIMATE NORMAL PERIOD 1981 TO 2010
CLIMATE RECORD PERIOD 1948 TO 2014


WEATHER ITEM   OBSERVED TIME   NORMAL DEPARTURE LAST
                VALUE   (LST)  VALUE  FROM      YEAR
                                      NORMAL
......................................................
TEMPERATURE (F)
 YESTERDAY
  MAXIMUM         97    448 PM  92      5       96
  MINIMUM         78    416 AM  71      7       75
  AVERAGE         88            82      6       86

PRECIPITATION (IN)
  YESTERDAY        0.00          0.21  -0.21     0.64
  MONTH TO DATE    3.84          5.76  -1.92     9.24
  SINCE JUN 1      6.08         11.82  -5.74    13.03
  SINCE JAN 1     29.35         30.82  -1.47    27.57

DEGREE DAYS
 COOLING
  YESTERDAY       23            17      6       21
  MONTH TO DATE  525           442     83      487
  SINCE JUN 1   1087           874    213     1040
  SINCE JAN 1   1690          1286    404     1602
......................................................


WIND (MPH)
  HIGHEST WIND SPEED     8   HIGHEST WIND DIRECTION    SW (230)
  HIGHEST GUST SPEED    14   HIGHEST GUST DIRECTION    SW (230)
  AVERAGE WIND SPEED     2.6




RELATIVE HUMIDITY (PERCENT)
 HIGHEST    91
 LOWEST     48
 AVERAGE    70

..........................................................




SUNRISE AND SUNSET
JULY 28 2014..........SUNRISE   648 AM EDT   SUNSET   831 PM EDT
JULY 29 2014..........SUNRISE   649 AM EDT   SUNSET   830 PM EDT


-  INDICATES NEGATIVE NUMBERS.
R  INDICATES RECORD WAS SET OR TIED.
MM INDICATES DATA IS MISSING.
T  INDICATES TRACE AMOUNT.




$$
