000
CDUS42 KTAE 270711
CLIVLD


CLIMATE REPORT
NATIONAL WEATHER SERVICE TALLAHASSEE FL
309 AM EDT FRI MAR 27 2015


...................................

...THE VALDOSTA CLIMATE SUMMARY FOR MARCH 26 2015...

CLIMATE NORMAL PERIOD 1981 TO 2010
CLIMATE RECORD PERIOD 1948 TO 2015


WEATHER ITEM   OBSERVED TIME   NORMAL DEPARTURE LAST
                VALUE   (LST)  VALUE  FROM      YEAR
                                      NORMAL
......................................................
TEMPERATURE (F)
 YESTERDAY
  MAXIMUM         75    103 PM  75      0       61
  MINIMUM         57    638 AM  49      8       34
  AVERAGE         66            62      4       48

PRECIPITATION (IN)
  YESTERDAY        0.32          0.16   0.16     0.01
  MONTH TO DATE    2.49          4.11  -1.62     4.16
  SINCE MAR 1      2.49          4.11  -1.62     4.16
  SINCE JAN 1     11.65         12.84  -1.19    10.30

DEGREE DAYS
 HEATING
  YESTERDAY        0             5     -5       17
  MONTH TO DATE   60           165   -105      150
  SINCE MAR 1     60           165   -105      150
  SINCE JUL 1   1544          1545     -1     1201

 COOLING
  YESTERDAY        1             1      0        0
  MONTH TO DATE   89            26     63       23
  SINCE MAR 1     89            26     63       23
  SINCE JAN 1     93            36     57       55
......................................................


WIND (MPH)
  HIGHEST WIND SPEED    15   HIGHEST WIND DIRECTION     S (160)
  HIGHEST GUST SPEED    19   HIGHEST GUST DIRECTION     S (160)
  AVERAGE WIND SPEED     3.6




RELATIVE HUMIDITY (PERCENT)
 HIGHEST   100
 LOWEST     64
 AVERAGE    82

..........................................................




SUNRISE AND SUNSET
MARCH 27 2015.........SUNRISE   729 AM EDT   SUNSET   749 PM EDT
MARCH 28 2015.........SUNRISE   727 AM EDT   SUNSET   750 PM EDT


-  INDICATES NEGATIVE NUMBERS.
R  INDICATES RECORD WAS SET OR TIED.
MM INDICATES DATA IS MISSING.
T  INDICATES TRACE AMOUNT.




$$
