000
CDUS42 KTAE 270632
CLIVLD


CLIMATE REPORT
NATIONAL WEATHER SERVICE TALLAHASSEE FL
231 AM EDT TUE JUN 27 2017


...................................

...THE VALDOSTA CLIMATE SUMMARY FOR JUNE 26 2017...

CLIMATE NORMAL PERIOD 1981 TO 2010
CLIMATE RECORD PERIOD 1948 TO 2017


WEATHER ITEM   OBSERVED TIME   NORMAL DEPARTURE LAST
                VALUE   (LST)  VALUE  FROM      YEAR
                                      NORMAL
......................................................
TEMPERATURE (F)
 YESTERDAY
  MAXIMUM         87    530 PM  91     -4       93
  MINIMUM         72   1137 PM  70      2       69
  AVERAGE         80            81     -1       81

PRECIPITATION (IN)
  YESTERDAY        T             0.17  -0.17     0.01
  MONTH TO DATE    7.53          5.46   2.07     7.78
  SINCE JUN 1      7.53          5.46   2.07     7.78
  SINCE JAN 1     23.32         24.46  -1.14    32.08

DEGREE DAYS
 COOLING
  YESTERDAY       15            16     -1       16
  MONTH TO DATE  348           369    -21      419
  SINCE JUN 1    348           369    -21      419
  SINCE JAN 1    889           781    108      929
......................................................


WIND (MPH)
  HIGHEST WIND SPEED    18   HIGHEST WIND DIRECTION    SE (130)
  HIGHEST GUST SPEED    31   HIGHEST GUST DIRECTION    SE (120)
  AVERAGE WIND SPEED     2.3




RELATIVE HUMIDITY (PERCENT)
 HIGHEST   100
 LOWEST     59
 AVERAGE    80

..........................................................




SUNRISE AND SUNSET
JUNE 27 2017..........SUNRISE   632 AM EDT   SUNSET   840 PM EDT
JUNE 28 2017..........SUNRISE   633 AM EDT   SUNSET   840 PM EDT


-  INDICATES NEGATIVE NUMBERS.
R  INDICATES RECORD WAS SET OR TIED.
MM INDICATES DATA IS MISSING.
T  INDICATES TRACE AMOUNT.




$$
