000
CDUS42 KTAE 220700
CLIVLD


CLIMATE REPORT
NATIONAL WEATHER SERVICE TALLAHASSEE FL
200 AM EST SAT NOV 22 2014


...................................

...THE VALDOSTA CLIMATE SUMMARY FOR NOVEMBER 21 2014...

CLIMATE NORMAL PERIOD 1981 TO 2010
CLIMATE RECORD PERIOD 1948 TO 2014


WEATHER ITEM   OBSERVED TIME   NORMAL DEPARTURE LAST
                VALUE   (LST)  VALUE  FROM      YEAR
                                      NORMAL
......................................................
TEMPERATURE (F)
 YESTERDAY
  MAXIMUM         71    320 PM  71      0       78
  MINIMUM         32    720 AM  46    -14       57
  AVERAGE         52            58     -6       68

PRECIPITATION (IN)
  YESTERDAY        0.00          0.09  -0.09     0.17
  MONTH TO DATE    0.52          1.67  -1.15     1.22
  SINCE SEP 1      8.74          9.51  -0.77     4.50
  SINCE JAN 1     44.17         46.54  -2.37    38.66

DEGREE DAYS
 HEATING
  YESTERDAY       13             7      6        0
  MONTH TO DATE  238           111    127       61
  SINCE SEP 1    274           154    120       83
  SINCE JUL 1    274           154    120       83
......................................................


WIND (MPH)
  HIGHEST WIND SPEED    16   HIGHEST WIND DIRECTION    NE (30)
  HIGHEST GUST SPEED    21   HIGHEST GUST DIRECTION    NE (60)
  AVERAGE WIND SPEED     4.1




RELATIVE HUMIDITY (PERCENT)
 HIGHEST    96
 LOWEST     28
 AVERAGE    62

..........................................................




SUNRISE AND SUNSET
NOVEMBER 22 2014......SUNRISE   706 AM EST   SUNSET   533 PM EST
NOVEMBER 23 2014......SUNRISE   706 AM EST   SUNSET   532 PM EST


-  INDICATES NEGATIVE NUMBERS.
R  INDICATES RECORD WAS SET OR TIED.
MM INDICATES DATA IS MISSING.
T  INDICATES TRACE AMOUNT.




$$
