000
CDUS42 KTAE 230632
CLIVLD


CLIMATE REPORT
NATIONAL WEATHER SERVICE TALLAHASSEE FL
132 AM EST MON JAN 23 2017


...................................

...THE VALDOSTA CLIMATE SUMMARY FOR JANUARY 22 2017...

CLIMATE NORMAL PERIOD 1981 TO 2010
CLIMATE RECORD PERIOD 1948 TO 2017


WEATHER ITEM   OBSERVED TIME   NORMAL DEPARTURE LAST
                VALUE   (LST)  VALUE  FROM      YEAR
                                      NORMAL
......................................................
TEMPERATURE (F)
 YESTERDAY
  MAXIMUM         77    245 PM  62     15       70
  MINIMUM         56   1159 PM  39     17       39
  AVERAGE         67            50     17       55

PRECIPITATION (IN)
  YESTERDAY        3.32          0.12   3.20     0.65
  MONTH TO DATE    9.06          3.27   5.79     3.78
  SINCE DEC 1     11.21          6.44   4.77     6.29
  SINCE JAN 1      9.06          3.27   5.79     3.78

DEGREE DAYS
 HEATING
  YESTERDAY        0            15    -15       10
  MONTH TO DATE  146           330   -184      323
  SINCE DEC 1    387           712   -325      440
  SINCE JUL 1    554           943   -389      516
......................................................


WIND (MPH)
  HIGHEST WIND SPEED    31   HIGHEST WIND DIRECTION     S (190)
  HIGHEST GUST SPEED    50   HIGHEST GUST DIRECTION     S (190)
  AVERAGE WIND SPEED     8.7




RELATIVE HUMIDITY (PERCENT)
 HIGHEST   100
 LOWEST     64
 AVERAGE    82

..........................................................




SUNRISE AND SUNSET
JANUARY 23 2017.......SUNRISE   729 AM EST   SUNSET   601 PM EST
JANUARY 24 2017.......SUNRISE   729 AM EST   SUNSET   602 PM EST


-  INDICATES NEGATIVE NUMBERS.
R  INDICATES RECORD WAS SET OR TIED.
MM INDICATES DATA IS MISSING.
T  INDICATES TRACE AMOUNT.




$$
