000
CDUS43 KLOT 170642
CLIVPZ


CLIMATE REPORT
NATIONAL WEATHER SERVICE CHICAGO IL
1240 AM CST TUE JAN 17 2017


...................................

...THE VALPARAISO CLIMATE SUMMARY FOR JANUARY 16 2017...

CLIMATE NORMAL PERIOD 1981 TO 2010
CLIMATE RECORD PERIOD 1998 TO 2017


WEATHER ITEM   OBSERVED TIME   RECORD YEAR NORMAL DEPARTURE LAST
                VALUE   (LST)  VALUE       VALUE  FROM      YEAR
                                                  NORMAL
..................................................................
TEMPERATURE (F)
 YESTERDAY
  MAXIMUM         40   1159 PM  49    2012  31      9       33
  MINIMUM         31   1203 AM -20    2009  16     15       20
  AVERAGE         36                        23     13       27

PRECIPITATION (IN)
  YESTERDAY        0.32R         0.04 2002   0.06   0.26     0.00
  MONTH TO DATE    1.53                      0.86   0.67     0.40
  SINCE DEC 1      2.28                      3.04  -0.76     2.53
  SINCE JAN 1      1.53                      0.86   0.67     0.40

DEGREE DAYS
 HEATING
  YESTERDAY       29                        42    -13       38
  MONTH TO DATE  622                       663    -41      605
  SINCE DEC 1   1820                      1807     13     1318
  SINCE JUL 1   2633                      3065   -432     2294

 COOLING
  YESTERDAY        0                         0      0        0
  MONTH TO DATE    0                         0      0        0
  SINCE DEC 1      0                         0      0        0
  SINCE JAN 1      0                         0      0        0
..................................................................


WIND (MPH)
  RESULTANT WIND SPEED   7   RESULTANT WIND DIRECTION   E (100)
  HIGHEST WIND SPEED    10   HIGHEST WIND DIRECTION     E (90)
  HIGHEST GUST SPEED    14   HIGHEST GUST DIRECTION    SE (120)
  AVERAGE WIND SPEED     7.1



WEATHER CONDITIONS
 THE FOLLOWING WEATHER WAS RECORDED YESTERDAY.
  LIGHT RAIN
  FOG
  FOG W/VISIBILITY <= 1/4 MILE
  HAZE


..........................................................


THE VALPARAISO CLIMATE NORMALS FOR TODAY
                         NORMAL    RECORD    YEAR
 MAXIMUM TEMPERATURE (F)   31        55      1999
 MINIMUM TEMPERATURE (F)   16        -4      2009
                                             2005


SUNRISE AND SUNSET
JANUARY 17 2017.......SUNRISE   711 AM CST   SUNSET   446 PM CST
JANUARY 18 2017.......SUNRISE   710 AM CST   SUNSET   447 PM CST


-  INDICATES NEGATIVE NUMBERS.
R  INDICATES RECORD WAS SET OR TIED.
MM INDICATES DATA IS MISSING.
T  INDICATES TRACE AMOUNT.




$$
