000
CDUS43 KLOT 250634
CLIVPZ


CLIMATE REPORT
NATIONAL WEATHER SERVICE CHICAGO IL
1233 AM CST SUN JAN 25 2015


...................................

...THE VALPARAISO CLIMATE SUMMARY FOR JANUARY 24 2015...

CLIMATE NORMAL PERIOD 1981 TO 2010
CLIMATE RECORD PERIOD 1998 TO 2015


WEATHER ITEM   OBSERVED TIME   RECORD YEAR NORMAL DEPARTURE LAST
                VALUE   (LST)  VALUE       VALUE  FROM      YEAR
                                                  NORMAL
..................................................................
TEMPERATURE (F)
 YESTERDAY
  MAXIMUM         42    240 PM  48    2010  31     11       22
  MINIMUM         25    526 AM  -9    2014  16      9       -9
  AVERAGE         34                        23     11        7

PRECIPITATION (IN)
  YESTERDAY        0.00          0.33 2010   0.07  -0.07      T
  MONTH TO DATE    0.79                      1.34  -0.55     0.89
  SINCE DEC 1      1.60                      3.52  -1.92     2.00
  SINCE JAN 1      0.79                      1.34  -0.55     0.89

DEGREE DAYS
 HEATING
  YESTERDAY       31                        42    -11       58
  MONTH TO DATE 1067                       999     68     1016
  SINCE DEC 1   2075                      2143    -68     2313
  SINCE JUL 1   3576                      3401    175     3699

 COOLING
  YESTERDAY        0                         0      0        0
  MONTH TO DATE    0                         0      0        0
  SINCE DEC 1      0                         0      0        0
  SINCE JAN 1      0                         0      0        0
..................................................................


WIND (MPH)
  RESULTANT WIND SPEED   8   RESULTANT WIND DIRECTION   W (250)
  HIGHEST WIND SPEED    17   HIGHEST WIND DIRECTION     W (250)
  HIGHEST GUST SPEED    20   HIGHEST GUST DIRECTION     W (250)
  AVERAGE WIND SPEED     8.5



WEATHER CONDITIONS
 THE FOLLOWING WEATHER WAS RECORDED YESTERDAY.
  FOG
  FOG W/VISIBILITY <= 1/4 MILE


..........................................................


THE VALPARAISO CLIMATE NORMALS FOR TODAY
                         NORMAL    RECORD    YEAR
 MAXIMUM TEMPERATURE (F)   31        50      2002
 MINIMUM TEMPERATURE (F)   16        -8      2008


SUNRISE AND SUNSET
JANUARY 25 2015.......SUNRISE   706 AM CST   SUNSET   455 PM CST
JANUARY 26 2015.......SUNRISE   705 AM CST   SUNSET   456 PM CST


-  INDICATES NEGATIVE NUMBERS.
R  INDICATES RECORD WAS SET OR TIED.
MM INDICATES DATA IS MISSING.
T  INDICATES TRACE AMOUNT.




$$
