000
CDUS43 KLOT 220631
CLIVPZ


CLIMATE REPORT
NATIONAL WEATHER SERVICE CHICAGO IL
131 AM CDT WED OCT 22 2014


...................................

...THE VALPARAISO CLIMATE SUMMARY FOR OCTOBER 21 2014...

CLIMATE NORMAL PERIOD 1981 TO 2010
CLIMATE RECORD PERIOD 1998 TO 2014


WEATHER ITEM   OBSERVED TIME   RECORD YEAR NORMAL DEPARTURE LAST
                VALUE   (LST)  VALUE       VALUE  FROM      YEAR
                                                  NORMAL
..................................................................
TEMPERATURE (F)
 YESTERDAY
  MAXIMUM         54   1217 PM  79    2007  61     -7       53
  MINIMUM         37   1151 PM  28    2002  41     -4       30
  AVERAGE         46                        51     -5       42

PRECIPITATION (IN)
  YESTERDAY        0.01          0.03 1998   0.11  -0.10     0.02
  MONTH TO DATE    3.57                      2.22   1.35     1.59
  SINCE SEP 1      5.95                      5.43   0.52     4.16
  SINCE JAN 1     35.31                     30.97   4.34    29.84

DEGREE DAYS
 HEATING
  YESTERDAY       19                        14      5       23
  MONTH TO DATE  256                       242     14      208
  SINCE SEP 1    387                       355     32      288
  SINCE JUL 1    427                       372     55      316

 COOLING
  YESTERDAY        0                         0      0        0
  MONTH TO DATE    3                        11     -8       25
  SINCE SEP 1     64                        77    -13      143
  SINCE JAN 1    611                       713   -102      810
..................................................................


WIND (MPH)
  RESULTANT WIND SPEED   6   RESULTANT WIND DIRECTION   N (0)
  HIGHEST WIND SPEED    18   HIGHEST WIND DIRECTION     N (350)
  HIGHEST GUST SPEED    26   HIGHEST GUST DIRECTION     N (360)
  AVERAGE WIND SPEED     6.8



WEATHER CONDITIONS
 THE FOLLOWING WEATHER WAS RECORDED YESTERDAY.
  LIGHT RAIN
  FOG


..........................................................


THE VALPARAISO CLIMATE NORMALS FOR TODAY
                         NORMAL    RECORD    YEAR
 MAXIMUM TEMPERATURE (F)   61        71      2000
 MINIMUM TEMPERATURE (F)   41        25      2013


SUNRISE AND SUNSET
OCTOBER 22 2014.......SUNRISE   708 AM CDT   SUNSET   556 PM CDT
OCTOBER 23 2014.......SUNRISE   709 AM CDT   SUNSET   555 PM CDT


-  INDICATES NEGATIVE NUMBERS.
R  INDICATES RECORD WAS SET OR TIED.
MM INDICATES DATA IS MISSING.
T  INDICATES TRACE AMOUNT.




$$
