000
CDUS43 KLOT 100634
CLIVPZ


CLIMATE REPORT
NATIONAL WEATHER SERVICE CHICAGO IL
1233 AM CST SAT DEC 10 2016


...................................

...THE VALPARAISO CLIMATE SUMMARY FOR DECEMBER 9 2016...

CLIMATE NORMAL PERIOD 1981 TO 2010
CLIMATE RECORD PERIOD 1998 TO 2016


WEATHER ITEM   OBSERVED TIME   RECORD YEAR NORMAL DEPARTURE LAST
                VALUE   (LST)  VALUE       VALUE  FROM      YEAR
                                                  NORMAL
..................................................................
TEMPERATURE (F)
 YESTERDAY
  MAXIMUM         28    206 PM  55    2015  36     -8       55
  MINIMUM         16   1153 PM  -3    2000  23     -7       40
  AVERAGE         22                        30     -8       48

PRECIPITATION (IN)
  YESTERDAY        0.00          0.76 2008   0.07  -0.07     0.00
  MONTH TO DATE    0.39                      0.76  -0.37     0.04
  SINCE DEC 1      0.39                      0.76  -0.37     0.04
  SINCE JAN 1     31.65                     36.09  -4.44    28.44

DEGREE DAYS
 HEATING
  YESTERDAY       43                        35      8       17
  MONTH TO DATE  303                       301      2      248
  SINCE DEC 1    303                       301      2      248
  SINCE JUL 1   1116                      1559   -443     1224

 COOLING
  YESTERDAY        0                         0      0        0
  MONTH TO DATE    0                         0      0        0
  SINCE DEC 1      0                         0      0        0
  SINCE JAN 1   1017                       713    304      738
..................................................................


WIND (MPH)
  RESULTANT WIND SPEED   9   RESULTANT WIND DIRECTION   W (260)
  HIGHEST WIND SPEED    17   HIGHEST WIND DIRECTION     W (270)
  HIGHEST GUST SPEED    20   HIGHEST GUST DIRECTION     W (260)
  AVERAGE WIND SPEED     9.6



WEATHER CONDITIONS
 THE FOLLOWING WEATHER WAS RECORDED YESTERDAY.
  NO SIGNIFICANT WEATHER WAS OBSERVED.


..........................................................


THE VALPARAISO CLIMATE NORMALS FOR TODAY
                         NORMAL    RECORD    YEAR
 MAXIMUM TEMPERATURE (F)   36        58      2015
 MINIMUM TEMPERATURE (F)   23        -3      2013


SUNRISE AND SUNSET
DECEMBER 10 2016......SUNRISE   704 AM CST   SUNSET   418 PM CST
DECEMBER 11 2016......SUNRISE   705 AM CST   SUNSET   418 PM CST


-  INDICATES NEGATIVE NUMBERS.
R  INDICATES RECORD WAS SET OR TIED.
MM INDICATES DATA IS MISSING.
T  INDICATES TRACE AMOUNT.




$$
