624
CDUS43 KLOT 260645
CLIVPZ


CLIMATE REPORT
NATIONAL WEATHER SERVICE CHICAGO IL
145 AM CDT SUN MAR 26 2017


...................................

...THE VALPARAISO CLIMATE SUMMARY FOR MARCH 25 2017...

CLIMATE NORMAL PERIOD 1981 TO 2010
CLIMATE RECORD PERIOD 1998 TO 2017


WEATHER ITEM   OBSERVED TIME   RECORD YEAR NORMAL DEPARTURE LAST
                VALUE   (LST)  VALUE       VALUE  FROM      YEAR
                                                  NORMAL
..................................................................
TEMPERATURE (F)
 YESTERDAY
  MAXIMUM         68    126 PM  74    2003  51     17       47
                                      1967
                                      1939
  MINIMUM         41    428 AM   7    1974  32      9       30
                                      1960
  AVERAGE         55                        41     14       39

PRECIPITATION (IN)
  YESTERDAY        0.34          1.95 1904   0.10   0.24      T
  MONTH TO DATE    1.08                      1.94  -0.86     1.76
  SINCE MAR 1      1.08                      1.94  -0.86     1.76
  SINCE JAN 1      4.52                      5.11  -0.59     3.09

DEGREE DAYS
 HEATING
  YESTERDAY       10                        24    -14       26
  MONTH TO DATE  673                       709    -36      535
  SINCE MAR 1    673                       709    -36      535
  SINCE JUL 1   4387                      5441  -1054     4393

 COOLING
  YESTERDAY        0                         0      0        0
  MONTH TO DATE    0                         0      0        0
  SINCE MAR 1      0                         0      0        0
  SINCE JAN 1      0                         0      0        0
..................................................................


WIND (MPH)
  RESULTANT WIND SPEED   9   RESULTANT WIND DIRECTION   E (70)
  HIGHEST WIND SPEED    18   HIGHEST WIND DIRECTION     E (90)
  HIGHEST GUST SPEED    23   HIGHEST GUST DIRECTION     E (80)
  AVERAGE WIND SPEED     9.8



WEATHER CONDITIONS
 THE FOLLOWING WEATHER WAS RECORDED YESTERDAY.
  THUNDERSTORM
  RAIN
  LIGHT RAIN
  FOG
  HAZE


..........................................................


THE VALPARAISO CLIMATE NORMALS FOR TODAY
                         NORMAL    RECORD    YEAR
 MAXIMUM TEMPERATURE (F)   51        75      1976
                                             1925
 MINIMUM TEMPERATURE (F)   32        10      1955
                                             1944
                                             1894


SUNRISE AND SUNSET
MARCH 26 2017.........SUNRISE   641 AM CDT   SUNSET   707 PM CDT
MARCH 27 2017.........SUNRISE   639 AM CDT   SUNSET   708 PM CDT


-  INDICATES NEGATIVE NUMBERS.
R  INDICATES RECORD WAS SET OR TIED.
MM INDICATES DATA IS MISSING.
T  INDICATES TRACE AMOUNT.




$$
