000
CDUS43 KLOT 060841 CCA
CLIVPZ

CLIMATE REPORT
NATIONAL WEATHER SERVICE CHICAGO IL
150 AM CDT MON JUL 6 2015


...................................

...THE VALPARAISO CLIMATE SUMMARY FOR JULY 5 2015...

CLIMATE NORMAL PERIOD 1981 TO 2010
CLIMATE RECORD PERIOD 1998 TO 2015


WEATHER ITEM   OBSERVED TIME   RECORD YEAR NORMAL DEPARTURE LAST
                VALUE   (LST)  VALUE       VALUE  FROM      YEAR
                                                  NORMAL
..................................................................
TEMPERATURE (F)
 YESTERDAY
  MAXIMUM         83    337 PM 100    2012  83      0       78
  MINIMUM         58    505 AM  49    2001  63     -5       52
  AVERAGE         71                        73     -2       65

PRECIPITATION (IN)
  YESTERDAY        0.00          1.75 2003   0.12  -0.12     0.00
  MONTH TO DATE    0.00                      0.56  -0.56     0.23
  SINCE JUN 1      5.61                      4.47   1.14     8.44
  SINCE JAN 1     14.40                     17.45  -3.05    17.37

DEGREE DAYS
 HEATING
  YESTERDAY        0                         0      0        0
  MONTH TO DATE    2                         0      2        1
  SINCE JUN 1     29                        41    -12       21
  SINCE JUL 1      2                         0      2        1

 COOLING
  YESTERDAY        6                         8     -2        0
  MONTH TO DATE   11                        40    -29        9
  SINCE JUN 1    143                       204    -61      168
  SINCE JAN 1    219                       251    -32      241
..................................................................


WIND (MPH)
  RESULTANT WIND SPEED   2   RESULTANT WIND DIRECTION   S (160)
  HIGHEST WIND SPEED    10   HIGHEST WIND DIRECTION     S (180)
  HIGHEST GUST SPEED    12   HIGHEST GUST DIRECTION     S (170)
  AVERAGE WIND SPEED     3.2



WEATHER CONDITIONS
 THE FOLLOWING WEATHER WAS RECORDED YESTERDAY.
  FOG
  FOG W/VISIBILITY <= 1/4 MILE
  HAZE


..........................................................


THE VALPARAISO CLIMATE NORMALS FOR TODAY
                         NORMAL    RECORD    YEAR
 MAXIMUM TEMPERATURE (F)   83       100      2012
 MINIMUM TEMPERATURE (F)   63        47      2001


SUNRISE AND SUNSET
JULY  6 2015..........SUNRISE   521 AM CDT   SUNSET   824 PM CDT
JULY  7 2015..........SUNRISE   521 AM CDT   SUNSET   824 PM CDT


-  INDICATES NEGATIVE NUMBERS.
R  INDICATES RECORD WAS SET OR TIED.
MM INDICATES DATA IS MISSING.
T  INDICATES TRACE AMOUNT.




$$
