000
CDUS42 KMLB 182035
CLIVRB


CLIMATE REPORT
NATIONAL WEATHER SERVICE MELBOURNE FL
434 PM EDT THU SEP 18 2014


...................................

...THE VERO BEACH CLIMATE SUMMARY FOR SEPTEMBER 18 2014...
VALID TODAY AS OF 0400 PM LOCAL TIME.

CLIMATE NORMAL PERIOD 1981 TO 2010
CLIMATE RECORD PERIOD 1942 TO 2014


WEATHER ITEM   OBSERVED TIME   RECORD YEAR NORMAL DEPARTURE LAST
                VALUE   (LST)  VALUE       VALUE  FROM      YEAR
                                                  NORMAL
..................................................................
TEMPERATURE (F)
 TODAY
  MAXIMUM         86    156 PM  95    1996  88     -2       87
                                      1987
  MINIMUM         71    720 AM  67    2001  73     -2       74
  AVERAGE         79                        81     -2       81

PRECIPITATION (IN)
  TODAY            0.00          3.68 1953   0.24  -0.24     0.40
  MONTH TO DATE    2.95                      4.08  -1.13     4.49
  SINCE SEP 1      2.95                      4.08  -1.13     4.49
  SINCE JAN 1     36.26                     38.78  -2.52    32.17

SNOWFALL (IN)
  TODAY            0.0
  MONTH TO DATE    0.0
  SINCE JUL 1      0.0

DEGREE DAYS
 HEATING
  TODAY            0                         0      0        0
  MONTH TO DATE    0                         0      0        0
  SINCE SEP 1      0                         0      0        0
  SINCE JUL 1      0                         0      0        0

 COOLING
  TODAY           14                        16     -2       16
  MONTH TO DATE  258                       288    -30      282
  SINCE SEP 1    258                       288    -30      282
  SINCE JAN 1   2625                      2586     39     2688
..................................................................


WIND (MPH)
  HIGHEST WIND SPEED    12   HIGHEST WIND DIRECTION    NE (50)
  HIGHEST GUST SPEED    15   HIGHEST GUST DIRECTION    NE (30)
  AVERAGE WIND SPEED     5.8


SKY COVER
  AVERAGE SKY COVER 0.6


WEATHER CONDITIONS
 THE FOLLOWING WEATHER WAS RECORDED TODAY.
  FOG
  HAZE


RELATIVE HUMIDITY (PERCENT)
 HIGHEST    93          1200 AM
 LOWEST     48           200 PM
 AVERAGE    71

..........................................................


THE VERO BEACH CLIMATE NORMALS FOR TOMORROW
                         NORMAL    RECORD    YEAR
 MAXIMUM TEMPERATURE (F)   88        94      1987
 MINIMUM TEMPERATURE (F)   73        64      1981


SUNRISE AND SUNSET
SEPTEMBER 18 2014.....SUNRISE   708 AM EDT   SUNSET   723 PM EDT
SEPTEMBER 19 2014.....SUNRISE   709 AM EDT   SUNSET   722 PM EDT


-  INDICATES NEGATIVE NUMBERS.
R  INDICATES RECORD WAS SET OR TIED.
MM INDICATES DATA IS MISSING.
T  INDICATES TRACE AMOUNT.




$$
