000
CDUS42 KMLB 252021
CLIVRB


CLIMATE REPORT
NATIONAL WEATHER SERVICE MELBOURNE FL
421 PM EDT TUE APR 25 2017


...................................

...THE VERO BEACH CLIMATE SUMMARY FOR APRIL 25 2017...
VALID TODAY AS OF 0400 PM LOCAL TIME.

CLIMATE NORMAL PERIOD 1981 TO 2010
CLIMATE RECORD PERIOD 1942 TO 2017


WEATHER ITEM   OBSERVED TIME   RECORD YEAR NORMAL DEPARTURE LAST
                VALUE   (LST)  VALUE       VALUE  FROM      YEAR
                                                  NORMAL
..................................................................
TEMPERATURE (F)
 TODAY
  MAXIMUM         84    209 PM  95    1945  82      2       81
  MINIMUM         60    606 AM  44    2012  63     -3       70
                                      2005
  AVERAGE         72                        72      0       76

PRECIPITATION (IN)
  TODAY            0.00          1.76 1991   0.09  -0.09     0.00
  MONTH TO DATE    2.76                      2.30   0.46     1.60
  SINCE MAR 1      4.38                      6.42  -2.04     4.46
  SINCE JAN 1      6.34                     11.59  -5.25    17.81

SNOWFALL (IN)
  TODAY            0.0
  MONTH TO DATE    0.0
  SINCE JUL 1      0.0

DEGREE DAYS
 HEATING
  TODAY            0                         0      0        0
  MONTH TO DATE    3                        13    -10        5
  SINCE MAR 1     42                        68    -26       16
  SINCE JUL 1    185                       453   -268      284

 COOLING
  TODAY            7                         7      0       11
  MONTH TO DATE  232                       150     82      179
  SINCE MAR 1    389                       279    110      415
  SINCE JAN 1    590                       418    172      513
..................................................................


WIND (MPH)
  HIGHEST WIND SPEED    17   HIGHEST WIND DIRECTION    NW (310)
  HIGHEST GUST SPEED    23   HIGHEST GUST DIRECTION     W (280)
  AVERAGE WIND SPEED    10.1


SKY COVER
  AVERAGE SKY COVER 0.4


WEATHER CONDITIONS
 THE FOLLOWING WEATHER WAS RECORDED TODAY.
  NO SIGNIFICANT WEATHER WAS OBSERVED.


RELATIVE HUMIDITY (PERCENT)
 HIGHEST    84           500 AM
 LOWEST     33           200 PM
 AVERAGE    59

..........................................................


THE VERO BEACH CLIMATE NORMALS FOR TOMORROW
                         NORMAL    RECORD    YEAR
 MAXIMUM TEMPERATURE (F)   82        95      2015
                                             1945
 MINIMUM TEMPERATURE (F)   63        48      1983


SUNRISE AND SUNSET
APRIL 25 2017.........SUNRISE   647 AM EDT   SUNSET   752 PM EDT
APRIL 26 2017.........SUNRISE   646 AM EDT   SUNSET   753 PM EDT


-  INDICATES NEGATIVE NUMBERS.
R  INDICATES RECORD WAS SET OR TIED.
MM INDICATES DATA IS MISSING.
T  INDICATES TRACE AMOUNT.




$$
