000
CDUS42 KMLB 190640
CLIVRB


CLIMATE REPORT
NATIONAL WEATHER SERVICE MELBOURNE FL
130 AM EST THU JAN 19 2017


...................................

...THE VERO BEACH CLIMATE SUMMARY FOR JANUARY 18 2017...

CLIMATE NORMAL PERIOD 1981 TO 2010
CLIMATE RECORD PERIOD 1942 TO 2017


WEATHER ITEM   OBSERVED TIME   RECORD YEAR NORMAL DEPARTURE LAST
                VALUE   (LST)  VALUE       VALUE  FROM      YEAR
                                                  NORMAL
..................................................................
TEMPERATURE (F)
 YESTERDAY
  MAXIMUM         82    152 PM  85    1987  72     10       64
  MINIMUM         58    559 AM  28    1977  51      7       45
  AVERAGE         70                        62      8       55

PRECIPITATION (IN)
  YESTERDAY        0.00          0.94 2004   0.07  -0.07     0.00
  MONTH TO DATE    0.46                      1.44  -0.98     4.88
  SINCE DEC 1      2.60                      3.63  -1.03     9.45
  SINCE JAN 1      0.46                      1.44  -0.98     4.88

SNOWFALL (IN)
  YESTERDAY        0.0
  MONTH TO DATE    0.0
  SINCE JUL 1      0.0

DEGREE DAYS
 HEATING
  YESTERDAY        0                         5     -5       10
  MONTH TO DATE   30                        90    -60       47
  SINCE DEC 1     45                       195   -150       49
  SINCE JUL 1     64                       225   -161       50

 COOLING
  YESTERDAY        5                         2      3        0
  MONTH TO DATE   68                        36     32       30
  SINCE DEC 1    273                       129    144      322
  SINCE JAN 1     68                        36     32       30
..................................................................


WIND (MPH)
  HIGHEST WIND SPEED    14   HIGHEST WIND DIRECTION     W (280)
  HIGHEST GUST SPEED    19   HIGHEST GUST DIRECTION    SW (240)
  AVERAGE WIND SPEED     3.5


SKY COVER
  AVERAGE SKY COVER 0.1


WEATHER CONDITIONS
 THE FOLLOWING WEATHER WAS RECORDED YESTERDAY.
  FOG


RELATIVE HUMIDITY (PERCENT)
 HIGHEST   100           600 AM
 LOWEST     48           300 PM
 AVERAGE    74

..........................................................


THE VERO BEACH CLIMATE NORMALS FOR TODAY
                         NORMAL    RECORD    YEAR
 MAXIMUM TEMPERATURE (F)   72        88      1943
 MINIMUM TEMPERATURE (F)   52        29      1981
                                             1977


SUNRISE AND SUNSET
JANUARY 19 2017.......SUNRISE   713 AM EST   SUNSET   552 PM EST
JANUARY 20 2017.......SUNRISE   713 AM EST   SUNSET   553 PM EST


-  INDICATES NEGATIVE NUMBERS.
R  INDICATES RECORD WAS SET OR TIED.
MM INDICATES DATA IS MISSING.
T  INDICATES TRACE AMOUNT.




$$
