000
CDUS42 KMLB 040631
CLIVRB


CLIMATE REPORT
NATIONAL WEATHER SERVICE MELBOURNE FL
230 AM EDT TUE AUG 4 2015


...................................

...THE VERO BEACH CLIMATE SUMMARY FOR AUGUST 3 2015...

CLIMATE NORMAL PERIOD 1981 TO 2010
CLIMATE RECORD PERIOD 1942 TO 2015


WEATHER ITEM   OBSERVED TIME   RECORD YEAR NORMAL DEPARTURE LAST
                VALUE   (LST)  VALUE       VALUE  FROM      YEAR
                                                  NORMAL
..................................................................
TEMPERATURE (F)
 YESTERDAY
  MAXIMUM         90   1116 AM  94    2011  90      0       88
                                      1997
                                      1990
  MINIMUM         72    354 AM  63    1972  74     -2       76
  AVERAGE         81                        82     -1       82

PRECIPITATION (IN)
  YESTERDAY        0.00          1.87 1995   0.20  -0.20     0.36
  MONTH TO DATE    0.97                      0.60   0.37     0.36
  SINCE JUN 1     11.78                     12.90  -1.12    14.20
  SINCE JAN 1     23.50                     28.27  -4.77    27.38

SNOWFALL (IN)
  YESTERDAY        0.0
  MONTH TO DATE    0.0
  SINCE JUL 1      0.0

DEGREE DAYS
 HEATING
  YESTERDAY        0                         0      0        0
  MONTH TO DATE    0                         0      0        0
  SINCE JUN 1      0                         0      0        0
  SINCE JUL 1      0                         0      0        0

 COOLING
  YESTERDAY       16                        17     -1       17
  MONTH TO DATE   49                        51     -2       50
  SINCE JUN 1   1129                      1025    104      972
  SINCE JAN 1   2281                      1831    450     1898
..................................................................


WIND (MPH)
  HIGHEST WIND SPEED    21   HIGHEST WIND DIRECTION     W (280)
  HIGHEST GUST SPEED    26   HIGHEST GUST DIRECTION     W (270)
  AVERAGE WIND SPEED     8.5


SKY COVER
  AVERAGE SKY COVER 0.2


WEATHER CONDITIONS
 THE FOLLOWING WEATHER WAS RECORDED YESTERDAY.
  NO SIGNIFICANT WEATHER WAS OBSERVED.


RELATIVE HUMIDITY (PERCENT)
 HIGHEST    93          1200 AM
 LOWEST     57           400 PM
 AVERAGE    75

..........................................................


THE VERO BEACH CLIMATE NORMALS FOR TODAY
                         NORMAL    RECORD    YEAR
 MAXIMUM TEMPERATURE (F)   90        96      1997
 MINIMUM TEMPERATURE (F)   74        68      1992


SUNRISE AND SUNSET
AUGUST  4 2015........SUNRISE   646 AM EDT   SUNSET   809 PM EDT
AUGUST  5 2015........SUNRISE   647 AM EDT   SUNSET   808 PM EDT


-  INDICATES NEGATIVE NUMBERS.
R  INDICATES RECORD WAS SET OR TIED.
MM INDICATES DATA IS MISSING.
T  INDICATES TRACE AMOUNT.




$$
