000
CDUS42 KMLB 052022
CLIVRB


CLIMATE REPORT
NATIONAL WEATHER SERVICE MELBOURNE FL
421 PM EDT THU MAY 5 2016


...................................

...THE VERO BEACH CLIMATE SUMMARY FOR MAY 5 2016...
VALID TODAY AS OF 0400 PM LOCAL TIME.

CLIMATE NORMAL PERIOD 1981 TO 2010
CLIMATE RECORD PERIOD 1942 TO 2016


WEATHER ITEM   OBSERVED TIME   RECORD YEAR NORMAL DEPARTURE LAST
                VALUE   (LST)  VALUE       VALUE  FROM      YEAR
                                                  NORMAL
..................................................................
TEMPERATURE (F)
 TODAY
  MAXIMUM         83    255 PM  92    1947  83      0       80
  MINIMUM         62    618 AM  46    1971  65     -3       71
  AVERAGE         73                        74     -1       76

PRECIPITATION (IN)
  TODAY            0.00          2.11 2010   0.08  -0.08     0.04
  MONTH TO DATE    1.19                      0.39   0.80     0.05
  SINCE MAR 1      5.65                      7.23  -1.58     7.15
  SINCE JAN 1     19.00                     12.40   6.60    10.78

SNOWFALL (IN)
  TODAY            0.0
  MONTH TO DATE    0.0
  SINCE JUL 1      0.0

DEGREE DAYS
 HEATING
  TODAY            0                         0      0        0
  MONTH TO DATE    0                         0      0        0
  SINCE MAR 1     16                        70    -54       12
  SINCE JUL 1    284                       455   -171      384

 COOLING
  TODAY            8                         9     -1       11
  MONTH TO DATE   63                        44     19       42
  SINCE MAR 1    522                       363    159      650
  SINCE JAN 1    620                       502    118      775
..................................................................


WIND (MPH)
  HIGHEST WIND SPEED    24   HIGHEST WIND DIRECTION    NW (310)
  HIGHEST GUST SPEED    31   HIGHEST GUST DIRECTION     W (290)
  AVERAGE WIND SPEED    13.5


SKY COVER
  AVERAGE SKY COVER 0.1


WEATHER CONDITIONS
 THE FOLLOWING WEATHER WAS RECORDED TODAY.
  NO SIGNIFICANT WEATHER WAS OBSERVED.


RELATIVE HUMIDITY (PERCENT)
 HIGHEST    93           100 AM
 LOWEST     37           300 PM
 AVERAGE    65

..........................................................


THE VERO BEACH CLIMATE NORMALS FOR TOMORROW
                         NORMAL    RECORD    YEAR
 MAXIMUM TEMPERATURE (F)   83        94      1947
 MINIMUM TEMPERATURE (F)   65        52      1973
                                             1945


SUNRISE AND SUNSET
MAY  5 2016...........SUNRISE   639 AM EDT   SUNSET   758 PM EDT
MAY  6 2016...........SUNRISE   638 AM EDT   SUNSET   759 PM EDT


-  INDICATES NEGATIVE NUMBERS.
R  INDICATES RECORD WAS SET OR TIED.
MM INDICATES DATA IS MISSING.
T  INDICATES TRACE AMOUNT.




$$
