000
CDUS42 KMLB 260635
CLIVRB


CLIMATE REPORT
NATIONAL WEATHER SERVICE MELBOURNE FL
234 AM EDT MON JUN 26 2017


...................................

...THE VERO BEACH CLIMATE SUMMARY FOR JUNE 25 2017...

CLIMATE NORMAL PERIOD 1981 TO 2010
CLIMATE RECORD PERIOD 1942 TO 2017


WEATHER ITEM   OBSERVED TIME   RECORD YEAR NORMAL DEPARTURE LAST
                VALUE   (LST)  VALUE       VALUE  FROM      YEAR
                                                  NORMAL
..................................................................
TEMPERATURE (F)
 YESTERDAY
  MAXIMUM         90    229 PM  98    1944  89      1       90
  MINIMUM         72    559 AM  66    2001  73     -1       75
  AVERAGE         81                        81      0       83

PRECIPITATION (IN)
  YESTERDAY        0.00          2.24 1982   0.23  -0.23     0.28
  MONTH TO DATE    6.14                      5.53   0.61     3.49
  SINCE JUN 1      6.14                      5.53   0.61     3.49
  SINCE JAN 1     17.18                     20.90  -3.72    39.28

SNOWFALL (IN)
  YESTERDAY        0.0
  MONTH TO DATE    0.0
  SINCE JUL 1      0.0

DEGREE DAYS
 HEATING
  YESTERDAY        0                         0      0        0
  MONTH TO DATE    0                         0      0        0
  SINCE JUN 1      0                         0      0        0
  SINCE JUL 1    185                       456   -271      284

 COOLING
  YESTERDAY       16                        16      0       18
  MONTH TO DATE  398                       377     21      431
  SINCE JUN 1    398                       377     21      431
  SINCE JAN 1   1463                      1183    280     1360
..................................................................


WIND (MPH)
  HIGHEST WIND SPEED    17   HIGHEST WIND DIRECTION    SE (130)
  HIGHEST GUST SPEED    21   HIGHEST GUST DIRECTION    SE (140)
  AVERAGE WIND SPEED     8.1


SKY COVER
  AVERAGE SKY COVER 0.2


WEATHER CONDITIONS
 THE FOLLOWING WEATHER WAS RECORDED YESTERDAY.
  FOG
  FOG W/VISIBILITY <= 1/4 MILE


RELATIVE HUMIDITY (PERCENT)
 HIGHEST   100           600 AM
 LOWEST     59          1200 PM
 AVERAGE    80

..........................................................


THE VERO BEACH CLIMATE NORMALS FOR TODAY
                         NORMAL    RECORD    YEAR
 MAXIMUM TEMPERATURE (F)   89        98      1950
 MINIMUM TEMPERATURE (F)   73        65      1971


SUNRISE AND SUNSET
JUNE 26 2017..........SUNRISE   628 AM EDT   SUNSET   821 PM EDT
JUNE 27 2017..........SUNRISE   628 AM EDT   SUNSET   821 PM EDT


-  INDICATES NEGATIVE NUMBERS.
R  INDICATES RECORD WAS SET OR TIED.
MM INDICATES DATA IS MISSING.
T  INDICATES TRACE AMOUNT.




$$
