000
CDUS42 KMLB 230635
CLIVRB


CLIMATE REPORT
NATIONAL WEATHER SERVICE MELBOURNE FL
135 AM EST THU FEB 23 2017


...................................

...THE VERO BEACH CLIMATE SUMMARY FOR FEBRUARY 22 2017...

CLIMATE NORMAL PERIOD 1981 TO 2010
CLIMATE RECORD PERIOD 1942 TO 2017


WEATHER ITEM   OBSERVED TIME   RECORD YEAR NORMAL DEPARTURE LAST
                VALUE   (LST)  VALUE       VALUE  FROM      YEAR
                                                  NORMAL
..................................................................
TEMPERATURE (F)
 YESTERDAY
  MAXIMUM         73        MM  89    2003  75     -2       79
                                      1997
  MINIMUM         61   1100 PM  35    1977  55      6       55
  AVERAGE         67                        65      2       67

PRECIPITATION (IN)
  YESTERDAY        0.61          2.00 1966   0.09   0.52     0.00
  MONTH TO DATE    1.23                      2.03  -0.80     3.15
  SINCE DEC 1      4.10                      6.72  -2.62    17.11
  SINCE JAN 1      1.96                      4.53  -2.57    12.54

SNOWFALL (IN)
  YESTERDAY        0.0
  MONTH TO DATE    0.0
  SINCE JUL 1      0.0

DEGREE DAYS
 HEATING
  YESTERDAY        0                         3     -3        0
  MONTH TO DATE   20                        80    -60       96
  SINCE DEC 1    124                       337   -213      236
  SINCE JUL 1    143                       367   -224      237

 COOLING
  YESTERDAY        2                         3     -1        2
  MONTH TO DATE   61                        58      3       46
  SINCE DEC 1    366                       212    154      375
  SINCE JAN 1    161                       119     42       83
..................................................................


WIND (MPH)
  HIGHEST WIND SPEED    18   HIGHEST WIND DIRECTION    SE (140)
  HIGHEST GUST SPEED    25   HIGHEST GUST DIRECTION    SE (140)
  AVERAGE WIND SPEED     9.6


SKY COVER
  AVERAGE SKY COVER 0.9


WEATHER CONDITIONS
 THE FOLLOWING WEATHER WAS RECORDED YESTERDAY.
  RAIN
  LIGHT RAIN
  FOG


RELATIVE HUMIDITY (PERCENT)
 HIGHEST   100          1100 PM
 LOWEST     73          1200 AM
 AVERAGE    87

..........................................................


THE VERO BEACH CLIMATE NORMALS FOR TODAY
                         NORMAL    RECORD    YEAR
 MAXIMUM TEMPERATURE (F)   75        89      2008
 MINIMUM TEMPERATURE (F)   55        30      1978


SUNRISE AND SUNSET
FEBRUARY 23 2017......SUNRISE   652 AM EST   SUNSET   619 PM EST
FEBRUARY 24 2017......SUNRISE   651 AM EST   SUNSET   619 PM EST


-  INDICATES NEGATIVE NUMBERS.
R  INDICATES RECORD WAS SET OR TIED.
MM INDICATES DATA IS MISSING.
T  INDICATES TRACE AMOUNT.




$$
