000
CDUS42 KMLB 310626
CLIVRB


CLIMATE REPORT
NATIONAL WEATHER SERVICE MELBOURNE FL
226 AM EDT SUN AUG 31 2014


...................................

...THE VERO BEACH CLIMATE SUMMARY FOR AUGUST 30 2014...

CLIMATE NORMAL PERIOD 1981 TO 2010
CLIMATE RECORD PERIOD 1942 TO 2014


WEATHER ITEM   OBSERVED TIME   RECORD YEAR NORMAL DEPARTURE LAST
                VALUE   (LST)  VALUE       VALUE  FROM      YEAR
                                                  NORMAL
..................................................................
TEMPERATURE (F)
 YESTERDAY
  MAXIMUM         89    236 PM  95    2005  89      0       90
  MINIMUM         71    336 AM  68    1992  74     -3       72
                                      1984
                                      1969
  AVERAGE         80                        81     -1       81

PRECIPITATION (IN)
  YESTERDAY        0.00          2.02 1981   0.23  -0.23     0.00
  MONTH TO DATE    6.29                      6.78  -0.49     1.47
  SINCE JUN 1     20.13                     19.08   1.05    12.46
  SINCE JAN 1     33.31                     34.45  -1.14    27.68

SNOWFALL (IN)
  YESTERDAY        0.0
  MONTH TO DATE    0.0
  SINCE JUL 1      0.0

DEGREE DAYS
 HEATING
  YESTERDAY        0                         0      0        0
  MONTH TO DATE    0                         0      0        0
  SINCE JUN 1      0                         0      0        0
  SINCE JUL 1      0                         0      0        0

 COOLING
  YESTERDAY       15                        16     -1       16
  MONTH TO DATE  503                       502      1      501
  SINCE JUN 1   1425                      1476    -51     1482
  SINCE JAN 1   2351                      2282     69     2389
..................................................................


WIND (MPH)
  HIGHEST WIND SPEED    16   HIGHEST WIND DIRECTION    SE (120)
  HIGHEST GUST SPEED    19   HIGHEST GUST DIRECTION    SE (120)
  AVERAGE WIND SPEED     5.5


SKY COVER
  AVERAGE SKY COVER 0.1


WEATHER CONDITIONS
 THE FOLLOWING WEATHER WAS RECORDED YESTERDAY.
  NO SIGNIFICANT WEATHER WAS OBSERVED.


RELATIVE HUMIDITY (PERCENT)
 HIGHEST   100           100 AM
 LOWEST     58           800 PM
 AVERAGE    79

..........................................................


THE VERO BEACH CLIMATE NORMALS FOR TODAY
                         NORMAL    RECORD    YEAR
 MAXIMUM TEMPERATURE (F)   89        96      1977
 MINIMUM TEMPERATURE (F)   74        68      1967


SUNRISE AND SUNSET
AUGUST 31 2014........SUNRISE   700 AM EDT   SUNSET   743 PM EDT
SEPTEMBER  1 2014.....SUNRISE   700 AM EDT   SUNSET   742 PM EDT


-  INDICATES NEGATIVE NUMBERS.
R  INDICATES RECORD WAS SET OR TIED.
MM INDICATES DATA IS MISSING.
T  INDICATES TRACE AMOUNT.




$$
