000
CDUS42 KMLB 270632
CLIVRB


CLIMATE REPORT
NATIONAL WEATHER SERVICE MELBOURNE FL
130 AM EST TUE JAN 27 2015


...................................

...THE VERO BEACH CLIMATE SUMMARY FOR JANUARY 26 2015...

CLIMATE NORMAL PERIOD 1981 TO 2010
CLIMATE RECORD PERIOD 1942 TO 2015


WEATHER ITEM   OBSERVED TIME   RECORD YEAR NORMAL DEPARTURE LAST
                VALUE   (LST)  VALUE       VALUE  FROM      YEAR
                                                  NORMAL
..................................................................
TEMPERATURE (F)
 YESTERDAY
  MAXIMUM         72    233 PM  88    1965  73     -1       72
  MINIMUM         50   1154 PM  33    1977  52     -2       48
  AVERAGE         61                        62     -1       60

PRECIPITATION (IN)
  YESTERDAY        0.11          1.01 1993   0.08   0.03     0.01
  MONTH TO DATE    1.15                      2.10  -0.95     3.13
  SINCE DEC 1      4.36                      4.29   0.07     5.72
  SINCE JAN 1      1.15                      2.10  -0.95     3.13

SNOWFALL (IN)
  YESTERDAY        0.0
  MONTH TO DATE    0.0
  SINCE JUL 1      0.0

DEGREE DAYS
 HEATING
  YESTERDAY        4                         5     -1        5
  MONTH TO DATE   57                       130    -73      166
  SINCE DEC 1    132                       235   -103      184
  SINCE JUL 1    211                       265    -54      195

 COOLING
  YESTERDAY        0                         2     -2        0
  MONTH TO DATE   83                        52     31       53
  SINCE DEC 1    204                       145     59      221
  SINCE JAN 1     83                        52     31       53
..................................................................


WIND (MPH)
  HIGHEST WIND SPEED    31   HIGHEST WIND DIRECTION     W (260)
  HIGHEST GUST SPEED    40   HIGHEST GUST DIRECTION     W (260)
  AVERAGE WIND SPEED    12.9


SKY COVER
  AVERAGE SKY COVER 0.2


WEATHER CONDITIONS
 THE FOLLOWING WEATHER WAS RECORDED YESTERDAY.
  RAIN
  LIGHT RAIN
  FOG
  HAZE


RELATIVE HUMIDITY (PERCENT)
 HIGHEST    93           500 AM
 LOWEST     40           100 PM
 AVERAGE    67

..........................................................


THE VERO BEACH CLIMATE NORMALS FOR TODAY
                         NORMAL    RECORD    YEAR
 MAXIMUM TEMPERATURE (F)   73        84      2014
 MINIMUM TEMPERATURE (F)   52        32      2000


SUNRISE AND SUNSET
JANUARY 27 2015.......SUNRISE   711 AM EST   SUNSET   558 PM EST
JANUARY 28 2015.......SUNRISE   710 AM EST   SUNSET   559 PM EST


-  INDICATES NEGATIVE NUMBERS.
R  INDICATES RECORD WAS SET OR TIED.
MM INDICATES DATA IS MISSING.
T  INDICATES TRACE AMOUNT.




$$
