000
CDUS41 KBTV 160532
CLIVSF


CLIMATE REPORT
NATIONAL WEATHER SERVICE BURLINGTON VT
1231 AM EST TUE JAN 16 2018


...................................

...THE SPRINGFIELD VT CLIMATE SUMMARY FOR JANUARY 15 2018...

CLIMATE NORMAL PERIOD 1981 TO 2010
CLIMATE RECORD PERIOD 9999 TO 9999


WEATHER ITEM   OBSERVED TIME   NORMAL DEPARTURE LAST
                VALUE   (LST)  VALUE  FROM      YEAR
                                      NORMAL
......................................................
TEMPERATURE (F)
 YESTERDAY
  MAXIMUM         19    523 PM  29    -10       31
  MINIMUM         -2    755 AM   9    -11       12
  AVERAGE          9            19    -10       22

PRECIPITATION (IN)
  YESTERDAY        0.00          0.09  -0.09     0.00
  MONTH TO DATE    1.70          1.65   0.05     0.68
  SINCE DEC 1      5.11          4.92   0.19     3.08
  SINCE JAN 1      1.70          1.65   0.05     0.68

DEGREE DAYS
 HEATING
  YESTERDAY       56            46     10       43
  MONTH TO DATE  782           679    103      630
  SINCE DEC 1   2154          1899    255     1845
  SINCE JUL 1   3546          3542      4     3301

 COOLING
  YESTERDAY        0             0      0        0
  MONTH TO DATE    0             0      0        0
  SINCE DEC 1      0             0      0        0
  SINCE JAN 1      0             0      0        0
......................................................


WIND (MPH)
  HIGHEST WIND SPEED     6   HIGHEST WIND DIRECTION     E (100)
  HIGHEST GUST SPEED     8   HIGHEST GUST DIRECTION    NE (50)
  AVERAGE WIND SPEED     0.2


SKY COVER
  AVERAGE SKY COVER 0.3


WEATHER CONDITIONS
 THE FOLLOWING WEATHER WAS RECORDED YESTERDAY.
  NO SIGNIFICANT WEATHER WAS OBSERVED.


RELATIVE HUMIDITY (PERCENT)
 HIGHEST    91           800 AM
 LOWEST     39           500 PM
 AVERAGE    65

..........................................................


THE SPRINGFIELD VT CLIMATE NORMALS FOR TODAY
                         NORMAL    RECORD    YEAR
 MAXIMUM TEMPERATURE (F)   29        41      2010
 MINIMUM TEMPERATURE (F)    9       -18      2009


SUNRISE AND SUNSET
JANUARY 16 2018.......SUNRISE   719 AM EST   SUNSET   441 PM EST
JANUARY 17 2018.......SUNRISE   718 AM EST   SUNSET   442 PM EST


-  INDICATES NEGATIVE NUMBERS.
R  INDICATES RECORD WAS SET OR TIED.
MM INDICATES DATA IS MISSING.
T  INDICATES TRACE AMOUNT.




$$
