000
CDUS41 KBTV 030602
CLIVSF


CLIMATE REPORT
NATIONAL WEATHER SERVICE BURLINGTON VT
200 AM EDT THU SEP 3 2015


...................................

...THE SPRINGFIELD VT CLIMATE SUMMARY FOR SEPTEMBER 2 2015...

CLIMATE NORMAL PERIOD 1981 TO 2010
CLIMATE RECORD PERIOD 9999 TO 9999


WEATHER ITEM   OBSERVED TIME   NORMAL DEPARTURE LAST
                VALUE   (LST)  VALUE  FROM      YEAR
                                      NORMAL
......................................................
TEMPERATURE (F)
 YESTERDAY
  MAXIMUM         88    149 PM  76     12       84
  MINIMUM         56    528 AM  53      3       61
  AVERAGE         72            64      8       73

PRECIPITATION (IN)
  YESTERDAY        0.00          0.09  -0.09     0.45
  MONTH TO DATE    0.00          0.17  -0.17     0.45
  SINCE SEP 1      0.00          0.17  -0.17     0.45
  SINCE JAN 1     18.50         28.54 -10.04    28.14

DEGREE DAYS
 HEATING
  YESTERDAY        0             3     -3        0
  MONTH TO DATE    0             5     -5        0
  SINCE SEP 1      0             5     -5        0
  SINCE JUL 1     23            60    -37       49

 COOLING
  YESTERDAY        7             2      5        8
  MONTH TO DATE   12             4      8       18
  SINCE SEP 1     12             4      8       18
  SINCE JAN 1    401           325     76      255
......................................................


WIND (MPH)
  HIGHEST WIND SPEED    10   HIGHEST WIND DIRECTION     W (280)
  HIGHEST GUST SPEED    15   HIGHEST GUST DIRECTION    NW (330)
  AVERAGE WIND SPEED     1.8


SKY COVER
  AVERAGE SKY COVER 0.4


WEATHER CONDITIONS
 THE FOLLOWING WEATHER WAS RECORDED YESTERDAY.
  FOG
  FOG W/VISIBILITY <= 1/4 MILE


RELATIVE HUMIDITY (PERCENT)
 HIGHEST   100           100 AM
 LOWEST     37           300 PM
 AVERAGE    69

..........................................................


THE SPRINGFIELD VT CLIMATE NORMALS FOR TODAY
                         NORMAL    RECORD    YEAR
 MAXIMUM TEMPERATURE (F)   76        91      1999
 MINIMUM TEMPERATURE (F)   52        42      2001


SUNRISE AND SUNSET
SEPTEMBER  3 2015.....SUNRISE   616 AM EDT   SUNSET   722 PM EDT
SEPTEMBER  4 2015.....SUNRISE   617 AM EDT   SUNSET   720 PM EDT


-  INDICATES NEGATIVE NUMBERS.
R  INDICATES RECORD WAS SET OR TIED.
MM INDICATES DATA IS MISSING.
T  INDICATES TRACE AMOUNT.




$$
