000
CDUS41 KBTV 280543
CLIVSF


CLIMATE REPORT
NATIONAL WEATHER SERVICE BURLINGTON VT
137 AM EDT TUE MAR 28 2017


...................................

...THE SPRINGFIELD VT CLIMATE SUMMARY FOR MARCH 27 2017...

CLIMATE NORMAL PERIOD 1981 TO 2010
CLIMATE RECORD PERIOD 9999 TO 9999


WEATHER ITEM   OBSERVED TIME   NORMAL DEPARTURE LAST
                VALUE   (LST)  VALUE  FROM      YEAR
                                      NORMAL
......................................................
TEMPERATURE (F)
 YESTERDAY
  MAXIMUM         38    258 PM  46     -8       54
  MINIMUM         32    753 AM  25      7       26
  AVERAGE         35            36     -1       40

PRECIPITATION (IN)
  YESTERDAY        0.55          0.14   0.41     0.00
  MONTH TO DATE    1.70          2.76  -1.06     1.30
  SINCE MAR 1      1.70          2.76  -1.06     1.30
  SINCE JAN 1      5.25          8.37  -3.12     6.52

DEGREE DAYS
 HEATING
  YESTERDAY       30            30      0       25
  MONTH TO DATE 1013           922     91      722
  SINCE MAR 1   1013           922     91      722
  SINCE JUL 1   5890          6367   -477     5378

 COOLING
  YESTERDAY        0             0      0        0
  MONTH TO DATE    0             0      0        0
  SINCE MAR 1      0             0      0        0
  SINCE JAN 1      0             0      0        0
......................................................


WIND (MPH)
  HIGHEST WIND SPEED     9   HIGHEST WIND DIRECTION     S (170)
  HIGHEST GUST SPEED    13   HIGHEST GUST DIRECTION     S (170)
  AVERAGE WIND SPEED     1.0


SKY COVER
  AVERAGE SKY COVER 1.0


WEATHER CONDITIONS
 THE FOLLOWING WEATHER WAS RECORDED YESTERDAY.
  RAIN
  LIGHT RAIN
  FOG


RELATIVE HUMIDITY (PERCENT)
 HIGHEST    96           900 PM
 LOWEST     75          1200 AM
 AVERAGE    86

..........................................................


THE SPRINGFIELD VT CLIMATE NORMALS FOR TODAY
                         NORMAL    RECORD    YEAR
 MAXIMUM TEMPERATURE (F)   47        80      1998
 MINIMUM TEMPERATURE (F)   25        21      2015
                                             2011


SUNRISE AND SUNSET
MARCH 28 2017.........SUNRISE   639 AM EDT   SUNSET   712 PM EDT
MARCH 29 2017.........SUNRISE   637 AM EDT   SUNSET   713 PM EDT


-  INDICATES NEGATIVE NUMBERS.
R  INDICATES RECORD WAS SET OR TIED.
MM INDICATES DATA IS MISSING.
T  INDICATES TRACE AMOUNT.




$$
