000
CDUS41 KBTV 170531
CLIVSF


CLIMATE REPORT
NATIONAL WEATHER SERVICE BURLINGTON VT
1230 AM EST WED DEC 17 2014


...................................

...THE SPRINGFIELD VT CLIMATE SUMMARY FOR DECEMBER 16 2014...

CLIMATE NORMAL PERIOD 1981 TO 2010
CLIMATE RECORD PERIOD 9999 TO 9999


WEATHER ITEM   OBSERVED TIME   NORMAL DEPARTURE LAST
                VALUE   (LST)  VALUE  FROM      YEAR
                                      NORMAL
......................................................
TEMPERATURE (F)
 YESTERDAY
  MAXIMUM         34    359 PM  34      0       24
  MINIMUM         29    521 AM  17     12        4
  AVERAGE         32            25      7       14

PRECIPITATION (IN)
  YESTERDAY        0.07          0.09  -0.02      T
  MONTH TO DATE    2.97          1.77   1.20     0.06
  SINCE DEC 1      2.97          1.77   1.20     0.06
  SINCE JAN 1     39.30         42.35  -3.05    35.47

DEGREE DAYS
 HEATING
  YESTERDAY       33            40     -7       51
  MONTH TO DATE  550           589    -39      644
  SINCE DEC 1    550           589    -39      644
  SINCE JUL 1   1953          2232   -279     2344

 COOLING
  YESTERDAY        0             0      0        0
  MONTH TO DATE    0             0      0        0
  SINCE DEC 1      0             0      0        0
  SINCE JAN 1    282           345    -63      495
......................................................


WIND (MPH)
  HIGHEST WIND SPEED     7   HIGHEST WIND DIRECTION    SE (150)
  HIGHEST GUST SPEED     8   HIGHEST GUST DIRECTION     S (160)
  AVERAGE WIND SPEED     0.6


SKY COVER
  AVERAGE SKY COVER 1.0


WEATHER CONDITIONS
 THE FOLLOWING WEATHER WAS RECORDED YESTERDAY.
  LIGHT RAIN
  FOG


RELATIVE HUMIDITY (PERCENT)
 HIGHEST   100          1100 AM
 LOWEST     85          1200 AM
 AVERAGE    93

..........................................................


THE SPRINGFIELD VT CLIMATE NORMALS FOR TODAY
                         NORMAL    RECORD    YEAR
 MAXIMUM TEMPERATURE (F)   34        MM        MM
 MINIMUM TEMPERATURE (F)   16        MM        MM


SUNRISE AND SUNSET
DECEMBER 17 2014......SUNRISE   717 AM EST   SUNSET   416 PM EST
DECEMBER 18 2014......SUNRISE   717 AM EST   SUNSET   416 PM EST


-  INDICATES NEGATIVE NUMBERS.
R  INDICATES RECORD WAS SET OR TIED.
MM INDICATES DATA IS MISSING.
T  INDICATES TRACE AMOUNT.




$$
