000
CDUS41 KBTV 200553
CLIVSF


CLIMATE REPORT
NATIONAL WEATHER SERVICE BURLINGTON VT
1246 AM EST MON FEB 20 2017


...................................

...THE SPRINGFIELD VT CLIMATE SUMMARY FOR FEBRUARY 19 2017...

CLIMATE NORMAL PERIOD 1981 TO 2010
CLIMATE RECORD PERIOD 9999 TO 9999


WEATHER ITEM   OBSERVED TIME   NORMAL DEPARTURE LAST
                VALUE   (LST)  VALUE  FROM      YEAR
                                      NORMAL
......................................................
TEMPERATURE (F)
 YESTERDAY
  MAXIMUM         54    117 PM  34     20       34
  MINIMUM         25    727 AM  14     11        2
  AVERAGE         40            24     16       18

PRECIPITATION (IN)
  YESTERDAY        0.00          0.09  -0.09     0.00
  MONTH TO DATE    0.72          1.87  -1.15     2.05
  SINCE DEC 1      5.54          8.06  -2.52     6.86
  SINCE JAN 1      3.14          4.79  -1.65     3.54

DEGREE DAYS
 HEATING
  YESTERDAY       25            41    -16       47
  MONTH TO DATE  779           818    -39      799
  SINCE DEC 1   3180          3447   -267     2934
  SINCE JUL 1   4636          5090   -454     4347

 COOLING
  YESTERDAY        0             0      0        0
  MONTH TO DATE    0             0      0        0
  SINCE DEC 1      0             0      0        0
  SINCE JAN 1      0             0      0        0
......................................................


WIND (MPH)
  HIGHEST WIND SPEED    21   HIGHEST WIND DIRECTION     W (290)
  HIGHEST GUST SPEED    30   HIGHEST GUST DIRECTION     W (290)
  AVERAGE WIND SPEED     6.1


SKY COVER
  AVERAGE SKY COVER 0.3


WEATHER CONDITIONS
 THE FOLLOWING WEATHER WAS RECORDED YESTERDAY.
  FOG


RELATIVE HUMIDITY (PERCENT)
 HIGHEST   100           800 AM
 LOWEST     38           100 PM
 AVERAGE    69

..........................................................


THE SPRINGFIELD VT CLIMATE NORMALS FOR TODAY
                         NORMAL    RECORD    YEAR
 MAXIMUM TEMPERATURE (F)   34        53      2016
 MINIMUM TEMPERATURE (F)   14        -7      2015


SUNRISE AND SUNSET
FEBRUARY 20 2017......SUNRISE   640 AM EST   SUNSET   528 PM EST
FEBRUARY 21 2017......SUNRISE   639 AM EST   SUNSET   529 PM EST


-  INDICATES NEGATIVE NUMBERS.
R  INDICATES RECORD WAS SET OR TIED.
MM INDICATES DATA IS MISSING.
T  INDICATES TRACE AMOUNT.




$$
