000
CDUS43 KLBF 220928
CLIVTN

CLIMATE REPORT
NATIONAL WEATHER SERVICE NORTH PLATTE
427 AM CDT TUE JUL 22 2014


...................................

...THE VALENTINE NE CLIMATE SUMMARY FOR JULY 21 2014...

CLIMATE NORMAL PERIOD 1981 TO 2010
CLIMATE RECORD PERIOD 1885 TO 2014


WEATHER ITEM   OBSERVED TIME   RECORD YEAR NORMAL DEPARTURE LAST
                VALUE   (LST)  VALUE       VALUE  FROM      YEAR
                                                  NORMAL
..................................................................
TEMPERATURE (F)
 YESTERDAY
  MAXIMUM        105    418 PM 110    2012  89     16       90
  MINIMUM         63    545 AM  46    1988  61      2       64
  AVERAGE         84                        75      9       77

PRECIPITATION (IN)
  YESTERDAY        T             2.20 1904   0.11  -0.11     0.01
  MONTH TO DATE    0.58                      2.21  -1.63     1.52
  SINCE JUN 1      9.21                      5.77   3.44     3.97
  SINCE JAN 1     16.42                     12.93   3.49    13.37

SNOWFALL (IN)
  YESTERDAY        0.0           0.0    MM   0.0    0.0      0.0
  MONTH TO DATE    0.0                       0.0    0.0      0.0
  SINCE JUN 1      0.0                       0.0    0.0      0.0
  SINCE JUL 1      0.0                       0.0    0.0      0.0
  SNOW DEPTH       0

DEGREE DAYS
 HEATING
  YESTERDAY        0                         0      0        0
  MONTH TO DATE   19                         2     17        0
  SINCE JUN 1     73                        63     10       54
  SINCE JUL 1     19                         2     17        0

 COOLING
  YESTERDAY       19                        10      9       12
  MONTH TO DATE  150                       198    -48      237
  SINCE JUN 1    261                       335    -74      383
  SINCE JAN 1    322                       369    -47      422
..................................................................


WIND (MPH)
  HIGHEST WIND SPEED    23   HIGHEST WIND DIRECTION     W (280)
  HIGHEST GUST SPEED    28   HIGHEST GUST DIRECTION     W (290)
  AVERAGE WIND SPEED     8.1


SKY COVER
  POSSIBLE SUNSHINE  MM
  AVERAGE SKY COVER 0.1


WEATHER CONDITIONS
 THE FOLLOWING WEATHER WAS RECORDED YESTERDAY.
  THUNDERSTORM
  FOG
  FOG W/VISIBILITY <= 1/4 MILE


RELATIVE HUMIDITY (PERCENT)
 HIGHEST   100           200 AM
 LOWEST     15           500 PM
 AVERAGE    58

..........................................................


THE VALENTINE NE CLIMATE NORMALS FOR TODAY
                         NORMAL    RECORD    YEAR
 MAXIMUM TEMPERATURE (F)   89       109      1964
 MINIMUM TEMPERATURE (F)   61        43      1990


SUNRISE AND SUNSET
JULY 22 2014..........SUNRISE   623 AM CDT   SUNSET   913 PM CDT
JULY 23 2014..........SUNRISE   624 AM CDT   SUNSET   912 PM CDT


-  INDICATES NEGATIVE NUMBERS.
R  INDICATES RECORD WAS SET OR TIED.
MM INDICATES DATA IS MISSING.
T  INDICATES TRACE AMOUNT.




$$
