093
CDUS43 KLBF 230834
CLIVTN


CLIMATE REPORT
NATIONAL WEATHER SERVICE NORTH PLATTE
332 AM CDT FRI JUN 23 2017


...................................

...THE VALENTINE NE CLIMATE SUMMARY FOR JUNE 22 2017...

CLIMATE NORMAL PERIOD 1981 TO 2010
CLIMATE RECORD PERIOD 1885 TO 2017


WEATHER ITEM   OBSERVED TIME   RECORD YEAR NORMAL DEPARTURE LAST
                VALUE   (LST)  VALUE       VALUE  FROM      YEAR
                                                  NORMAL
..................................................................
TEMPERATURE (F)
 YESTERDAY
  MAXIMUM         81    446 PM 107    1937  84     -3       84
  MINIMUM         55   1054 PM  42    1986  56     -1       61
  AVERAGE         68                        70     -2       73

PRECIPITATION (IN)
  YESTERDAY        T             1.81 1995   0.12  -0.12     0.00
  MONTH TO DATE    0.24                      2.66  -2.42     3.56
  SINCE JUN 1      0.24                      2.66  -2.42     3.56
  SINCE JAN 1      9.84                      9.82   0.02    16.88

SNOWFALL (IN)
  YESTERDAY        0.0           0.0    MM   0.0    0.0      0.0
  MONTH TO DATE    0.0                       0.0    0.0      0.0
  SINCE JUN 1      0.0                       0.0    0.0      0.0
  SINCE JUL 1     44.5                      33.3   11.2     38.2
  SNOW DEPTH       0

DEGREE DAYS
 HEATING
  YESTERDAY        0                         1     -1        0
  MONTH TO DATE    4                        53    -49       11
  SINCE JUN 1      4                        53    -49       11
  SINCE JUL 1   6238                      6995   -757     6161

 COOLING
  YESTERDAY        3                         6     -3        8
  MONTH TO DATE  169                        80     89      174
  SINCE JUN 1    169                        80     89      174
  SINCE JAN 1    192                       114     78      192
..................................................................


WIND (MPH)
  HIGHEST WIND SPEED    30   HIGHEST WIND DIRECTION    NE (40)
  HIGHEST GUST SPEED    35   HIGHEST GUST DIRECTION    NE (40)
  AVERAGE WIND SPEED    12.6


SKY COVER
  POSSIBLE SUNSHINE  MM
  AVERAGE SKY COVER 0.4


WEATHER CONDITIONS
 THE FOLLOWING WEATHER WAS RECORDED YESTERDAY.
  HAZE


RELATIVE HUMIDITY (PERCENT)
 HIGHEST    73           300 AM
 LOWEST     28           600 PM
 AVERAGE    51

..........................................................


THE VALENTINE NE CLIMATE NORMALS FOR TODAY
                         NORMAL    RECORD    YEAR
 MAXIMUM TEMPERATURE (F)   84       107      1937
 MINIMUM TEMPERATURE (F)   56        42      1899


SUNRISE AND SUNSET
JUNE 23 2017..........SUNRISE   604 AM CDT   SUNSET   925 PM CDT
JUNE 24 2017..........SUNRISE   605 AM CDT   SUNSET   925 PM CDT


-  INDICATES NEGATIVE NUMBERS.
R  INDICATES RECORD WAS SET OR TIED.
MM INDICATES DATA IS MISSING.
T  INDICATES TRACE AMOUNT.




$$
