000
CDUS43 KLBF 161045
CLIVTN


CLIMATE REPORT
NATIONAL WEATHER SERVICE NORTH PLATTE
443 AM CST SAT DEC 16 2017


...................................

...THE VALENTINE NE CLIMATE SUMMARY FOR DECEMBER 15 2017...

CLIMATE NORMAL PERIOD 1981 TO 2010
CLIMATE RECORD PERIOD 1885 TO 2017


WEATHER ITEM   OBSERVED TIME   RECORD YEAR NORMAL DEPARTURE LAST
                VALUE   (LST)  VALUE       VALUE  FROM      YEAR
                                                  NORMAL
..................................................................
TEMPERATURE (F)
 YESTERDAY
  MAXIMUM         54    313 PM  65    2002  36     18       26
  MINIMUM         22    513 AM -31    1901  11     11        0
  AVERAGE         38                        23     15       13

PRECIPITATION (IN)
  YESTERDAY        0.00          0.39 2015   0.01  -0.01     0.01
  MONTH TO DATE    0.14                      0.19  -0.05     0.20
  SINCE DEC 1      0.14                      0.19  -0.05     0.20
  SINCE JAN 1     17.80                     19.84  -2.04    25.84

SNOWFALL (IN)
  YESTERDAY        0.0           4.8  2015   0.2   -0.2      0.2
  MONTH TO DATE    1.8                       2.5   -0.7      1.7
  SINCE DEC 1      1.8                       2.5   -0.7      1.7
  SINCE JUL 1      3.1                      10.1   -7.0      8.0
  SNOW DEPTH       0

DEGREE DAYS
 HEATING
  YESTERDAY       27                        42    -15       52
  MONTH TO DATE  442                       603   -161      713
  SINCE DEC 1    442                       603   -161      713
  SINCE JUL 1   1741                      2221   -480     1819

 COOLING
  YESTERDAY        0                         0      0        0
  MONTH TO DATE    0                         0      0        0
  SINCE DEC 1      0                         0      0        0
  SINCE JAN 1   1060                       821    239      880
..................................................................


WIND (MPH)
  HIGHEST WIND SPEED    18   HIGHEST WIND DIRECTION     W (270)
  HIGHEST GUST SPEED    22   HIGHEST GUST DIRECTION     W (270)
  AVERAGE WIND SPEED     9.0


SKY COVER
  POSSIBLE SUNSHINE  MM
  AVERAGE SKY COVER 0.0


WEATHER CONDITIONS
 THE FOLLOWING WEATHER WAS RECORDED YESTERDAY.
  HAZE


RELATIVE HUMIDITY (PERCENT)
 HIGHEST    88          1200 AM
 LOWEST     38           200 PM
 AVERAGE    63

..........................................................


THE VALENTINE NE CLIMATE NORMALS FOR TODAY
                         NORMAL    RECORD    YEAR
 MAXIMUM TEMPERATURE (F)   36        65      1962
                                             1939
 MINIMUM TEMPERATURE (F)   10       -23      1914


SUNRISE AND SUNSET
DECEMBER 16 2017......SUNRISE   807 AM CST   SUNSET   509 PM CST
DECEMBER 17 2017......SUNRISE   808 AM CST   SUNSET   509 PM CST


-  INDICATES NEGATIVE NUMBERS.
R  INDICATES RECORD WAS SET OR TIED.
MM INDICATES DATA IS MISSING.
T  INDICATES TRACE AMOUNT.




$$
