000
CDUS43 KLBF 300936
CLIVTN

CLIMATE REPORT
NATIONAL WEATHER SERVICE NORTH PLATTE
434 AM CDT TUE JUN 30 2015


...................................

...THE VALENTINE NE CLIMATE SUMMARY FOR JUNE 29 2015...

CLIMATE NORMAL PERIOD 1981 TO 2010
CLIMATE RECORD PERIOD 1885 TO 2015


WEATHER ITEM   OBSERVED TIME   RECORD YEAR NORMAL DEPARTURE LAST
                VALUE   (LST)  VALUE       VALUE  FROM      YEAR
                                                  NORMAL
..................................................................
TEMPERATURE (F)
 YESTERDAY
  MAXIMUM         90    436 PM 105    2002  86      4       87
  MINIMUM         54    533 AM  44    1925  58     -4       56
                                      1918
                                      1908
  AVERAGE         72                        72      0       72

PRECIPITATION (IN)
  YESTERDAY        0.00          1.30 1968   0.10  -0.10     0.00
  MONTH TO DATE    3.42                      3.45  -0.03     8.63
  SINCE JUN 1      3.42                      3.45  -0.03     8.63
  SINCE JAN 1     12.81                     10.61   2.20    15.84

SNOWFALL (IN)
  YESTERDAY        0.0           0.0    MM   0.0    0.0      0.0
  MONTH TO DATE    0.0                       0.0    0.0      0.0
  SINCE JUN 1      0.0                       0.0    0.0      0.0
  SINCE JUL 1     22.5                      33.3  -10.8     35.8
  SNOW DEPTH       0

DEGREE DAYS
 HEATING
  YESTERDAY        0                         1     -1        0
  MONTH TO DATE    8                        60    -52       54
  SINCE JUN 1      8                        60    -52       54
  SINCE JUL 1   6578                      7002   -424     7298

 COOLING
  YESTERDAY        7                         8     -1        7
  MONTH TO DATE  131                       128      3      104
  SINCE JUN 1    131                       128      3      104
  SINCE JAN 1    137                       162    -25      165
..................................................................


WIND (MPH)
  HIGHEST WIND SPEED    13   HIGHEST WIND DIRECTION     N (20)
  HIGHEST GUST SPEED    17   HIGHEST GUST DIRECTION     N (360)
  AVERAGE WIND SPEED     5.7


SKY COVER
  POSSIBLE SUNSHINE  MM
  AVERAGE SKY COVER 0.0


WEATHER CONDITIONS
 THE FOLLOWING WEATHER WAS RECORDED YESTERDAY.
  NO SIGNIFICANT WEATHER WAS OBSERVED.


RELATIVE HUMIDITY (PERCENT)
 HIGHEST   100           500 AM
 LOWEST     36           600 PM
 AVERAGE    68

..........................................................


THE VALENTINE NE CLIMATE NORMALS FOR TODAY
                         NORMAL    RECORD    YEAR
 MAXIMUM TEMPERATURE (F)   86       102      1980
                                             1900
 MINIMUM TEMPERATURE (F)   58        39      1918


SUNRISE AND SUNSET
JUNE 30 2015..........SUNRISE   607 AM CDT   SUNSET   925 PM CDT
JULY  1 2015..........SUNRISE   607 AM CDT   SUNSET   925 PM CDT


-  INDICATES NEGATIVE NUMBERS.
R  INDICATES RECORD WAS SET OR TIED.
MM INDICATES DATA IS MISSING.
T  INDICATES TRACE AMOUNT.

$$
