000
CDUS43 KLBF 192231
CLIVTN

CLIMATE REPORT
NATIONAL WEATHER SERVICE NORTH PLATTE
530 PM CDT TUE AUG 19 2014

...................................

...THE VALENTINE NE CLIMATE SUMMARY FOR AUGUST 19 2014...
VALID TODAY AS OF 0500 PM LOCAL TIME.

CLIMATE NORMAL PERIOD 1981 TO 2010
CLIMATE RECORD PERIOD 1885 TO 2014


WEATHER ITEM   OBSERVED TIME   RECORD YEAR NORMAL DEPARTURE LAST
                VALUE   (LST)  VALUE       VALUE  FROM      YEAR
                                                  NORMAL
..................................................................
TEMPERATURE (F)
 TODAY
  MAXIMUM         92    303 PM 102    1948  87      5       93
  MINIMUM         56    536 AM  36    2004  59     -3       64
  AVERAGE         74                        73      1       79

PRECIPITATION (IN)
  TODAY            0.00          2.23 1959   0.05  -0.05     0.00
  MONTH TO DATE    1.55                      1.54   0.01     1.91
  SINCE JUN 1     10.76                      8.31   2.45     8.14
  SINCE JAN 1     17.97                     15.47   2.50    17.54

SNOWFALL (IN)
  TODAY            0.0           0.0    MM   0.0    0.0      0.0
  MONTH TO DATE    0.0                       0.0    0.0      0.0
  SINCE JUN 1      0.0                       0.0    0.0      0.0
  SINCE JUL 1      0.0                       0.0    0.0      0.0
  SNOW DEPTH       0

DEGREE DAYS
 HEATING
  TODAY            0                         0      0        0
  MONTH TO DATE    0                         0      0        0
  SINCE JUN 1     73                        69      4       57
  SINCE JUL 1     19                         8     11        3

 COOLING
  TODAY            9                         8      1       14
  MONTH TO DATE  163                       176    -13      132
  SINCE JUN 1    504                       617   -113      570
  SINCE JAN 1    565                       651    -86      609
..................................................................


WIND (MPH)
  HIGHEST WIND SPEED    17   HIGHEST WIND DIRECTION     S (160)
  HIGHEST GUST SPEED    22   HIGHEST GUST DIRECTION     S (170)
  AVERAGE WIND SPEED     6.7


SKY COVER
  POSSIBLE SUNSHINE  MM
  AVERAGE SKY COVER 0.0


WEATHER CONDITIONS
 THE FOLLOWING WEATHER WAS RECORDED TODAY.
  NO SIGNIFICANT WEATHER WAS OBSERVED.


RELATIVE HUMIDITY (PERCENT)
 HIGHEST    93           300 AM
 LOWEST     32           300 PM
 AVERAGE    63

..........................................................


THE VALENTINE NE CLIMATE NORMALS FOR TOMORROW
                         NORMAL    RECORD    YEAR
 MAXIMUM TEMPERATURE (F)   87       101      2003
 MINIMUM TEMPERATURE (F)   58        38      1907


SUNRISE AND SUNSET
AUGUST 19 2014........SUNRISE   653 AM CDT   SUNSET   838 PM CDT
AUGUST 20 2014........SUNRISE   654 AM CDT   SUNSET   836 PM CDT


-  INDICATES NEGATIVE NUMBERS.
R  INDICATES RECORD WAS SET OR TIED.
MM INDICATES DATA IS MISSING.
T  INDICATES TRACE AMOUNT.

$$
