000
CDUS43 KLBF 252238
CLIVTN

CLIMATE REPORT
NATIONAL WEATHER SERVICE NORTH PLATTE
537 PM CDT SAT OCT 25 2014


...................................

...THE VALENTINE NE CLIMATE SUMMARY FOR OCTOBER 25 2014...
VALID TODAY AS OF 0500 PM LOCAL TIME.

CLIMATE NORMAL PERIOD 1981 TO 2010
CLIMATE RECORD PERIOD 1885 TO 2014


WEATHER ITEM   OBSERVED TIME   RECORD YEAR NORMAL DEPARTURE LAST
                VALUE   (LST)  VALUE       VALUE  FROM      YEAR
                                                  NORMAL
..................................................................
TEMPERATURE (F)
 TODAY
  MAXIMUM         71    352 PM  86    1940  59     12       68
                                      1927
  MINIMUM         34    644 AM  13    1962  31      3       30
  AVERAGE         53                        45      8       49

PRECIPITATION (IN)
  TODAY            0.00          1.42 1897   0.04  -0.04     0.00
  MONTH TO DATE    0.42                      1.07  -0.65     3.19
  SINCE SEP 1      1.16                      2.71  -1.55     4.74
  SINCE JAN 1     20.20                     18.82   1.38    22.38

SNOWFALL (IN)
  TODAY            0.0           3.0  1997   0.1   -0.1      0.0
                                      1918
  MONTH TO DATE    0.0                       1.0   -1.0      1.0
  SINCE SEP 1      0.0                       1.7   -1.7      1.0
  SINCE JUL 1      0.0                       1.7   -1.7      1.0
  SNOW DEPTH       0

DEGREE DAYS
 HEATING
  TODAY           12                        20     -8       16
  MONTH TO DATE  279                       388   -109      436
  SINCE SEP 1    412                       548   -136      499
  SINCE JUL 1    433                       573   -140      502

 COOLING
  TODAY            0                         0      0        0
  MONTH TO DATE    0                         1     -1        0
  SINCE SEP 1     89                        82      7      171
  SINCE JAN 1    724                       818    -94      964
..................................................................


WIND (MPH)
  HIGHEST WIND SPEED    16   HIGHEST WIND DIRECTION    SE (130)
  HIGHEST GUST SPEED    21   HIGHEST GUST DIRECTION    SE (130)
  AVERAGE WIND SPEED     7.6


SKY COVER
  POSSIBLE SUNSHINE  MM
  AVERAGE SKY COVER 0.0


WEATHER CONDITIONS
 THE FOLLOWING WEATHER WAS RECORDED TODAY.
  NO SIGNIFICANT WEATHER WAS OBSERVED.


RELATIVE HUMIDITY (PERCENT)
 HIGHEST    82           700 AM
 LOWEST     22           400 PM
 AVERAGE    52

..........................................................


THE VALENTINE NE CLIMATE NORMALS FOR TOMORROW
                         NORMAL    RECORD    YEAR
 MAXIMUM TEMPERATURE (F)   59        87      1927
 MINIMUM TEMPERATURE (F)   30         9      1936


SUNRISE AND SUNSET
OCTOBER 25 2014.......SUNRISE   808 AM CDT   SUNSET   644 PM CDT
OCTOBER 26 2014.......SUNRISE   809 AM CDT   SUNSET   643 PM CDT


-  INDICATES NEGATIVE NUMBERS.
R  INDICATES RECORD WAS SET OR TIED.
MM INDICATES DATA IS MISSING.
T  INDICATES TRACE AMOUNT.

$$
