000
CDUS46 KPQR 261141
CLIVUO


CLIMATE REPORT
NATIONAL WEATHER SERVICE PORTLAND OREGON
440 AM PDT TUE SEP 26 2017


...................................

...THE VANCOUVER WA CLIMATE SUMMARY FOR SEPTEMBER 25 2017...

CLIMATE NORMAL PERIOD 1981 TO 2010
CLIMATE RECORD PERIOD 1891 TO 2017


WEATHER ITEM   OBSERVED TIME   RECORD YEAR NORMAL DEPARTURE LAST
                VALUE   (LST)  VALUE       VALUE  FROM      YEAR
                                                  NORMAL
..................................................................
TEMPERATURE (F)
 YESTERDAY
  MAXIMUM         68    234 PM  92    1991  72     -4       84
  MINIMUM         55   1259 AM  31    1908  49      6       49
  AVERAGE         62                        61      1       67

PRECIPITATION (IN)
  YESTERDAY        T                         0.08  -0.08     0.00
  MONTH TO DATE    2.34                      1.13   1.21     1.15
  SINCE OCT 1     51.32                     38.71  12.61    46.58
  SINCE JAN 1     31.46                     22.96   8.50    22.73

DEGREE DAYS
 HEATING
  YESTERDAY        3                                         0
  MONTH TO DATE   61                                        86
  SINCE JUL 1     64                                       108

 COOLING
  YESTERDAY        0                                         2
  MONTH TO DATE  110                                        11
  SINCE JAN 1    629                                       400
..................................................................


WIND (MPH)
  HIGHEST WIND SPEED     8   HIGHEST WIND DIRECTION     W (280)
  HIGHEST GUST SPEED     9   HIGHEST GUST DIRECTION    NW (300)
  AVERAGE WIND SPEED     0.9


SKY COVER
  POSSIBLE SUNSHINE  MM
  AVERAGE SKY COVER 0.8


WEATHER CONDITIONS
 THE FOLLOWING WEATHER WAS RECORDED YESTERDAY.
  NO SIGNIFICANT WEATHER WAS OBSERVED.


RELATIVE HUMIDITY (PERCENT)
 HIGHEST    93           100 AM
 LOWEST     59          1200 PM
 AVERAGE    76

..........................................................




SUNRISE AND SUNSET
SEPTEMBER 26 2017.....SUNRISE   703 AM PDT   SUNSET   700 PM PDT
SEPTEMBER 27 2017.....SUNRISE   704 AM PDT   SUNSET   658 PM PDT


-  INDICATES NEGATIVE NUMBERS.
R  INDICATES RECORD WAS SET OR TIED.
MM INDICATES DATA IS MISSING.
T  INDICATES TRACE AMOUNT.




$$
