000
CDUS46 KPQR 181157
CLIVUO


CLIMATE REPORT
NATIONAL WEATHER SERVICE PORTLAND OREGON
356 AM PST WED JAN 18 2017


...................................

...THE VANCOUVER WA CLIMATE SUMMARY FOR JANUARY 17 2017...

CLIMATE NORMAL PERIOD 1981 TO 2010
CLIMATE RECORD PERIOD 1891 TO 2017


WEATHER ITEM   OBSERVED TIME   RECORD YEAR NORMAL DEPARTURE LAST
                VALUE   (LST)  VALUE       VALUE  FROM      YEAR
                                                  NORMAL
..................................................................
TEMPERATURE (F)
 YESTERDAY
  MAXIMUM         34   1159 PM  61    1900  48    -14       45
  MINIMUM         25   1208 AM   7    1907  36    -11       41
  AVERAGE         30                        42    -12       43

PRECIPITATION (IN)
  YESTERDAY        0.74                      0.17   0.57     0.81
  MONTH TO DATE    2.45                      3.23  -0.78     4.01
  SINCE OCT 1     22.31                     18.98   3.33    27.86
  SINCE JAN 1      2.45                      3.23  -0.78     4.01

DEGREE DAYS
 HEATING
  YESTERDAY       35                                        22
  MONTH TO DATE  624                                       463
  SINCE JUL 1   2279                                      2072

 COOLING
  YESTERDAY        0                                         0
  MONTH TO DATE    0                                         0
  SINCE JAN 1      0                                         0
..................................................................


WIND (MPH)
  HIGHEST WIND SPEED    21   HIGHEST WIND DIRECTION    SE (120)
  HIGHEST GUST SPEED    27   HIGHEST GUST DIRECTION    SE (120)
  AVERAGE WIND SPEED     9.3


SKY COVER
  POSSIBLE SUNSHINE  MM
  AVERAGE SKY COVER 0.9


WEATHER CONDITIONS
 THE FOLLOWING WEATHER WAS RECORDED YESTERDAY.
  LIGHT RAIN
  FREEZING RAIN
  LT FREEZING RAIN
  FOG


RELATIVE HUMIDITY (PERCENT)
 HIGHEST    92           800 PM
 LOWEST     63           100 AM
 AVERAGE    78

..........................................................




SUNRISE AND SUNSET
JANUARY 18 2017.......SUNRISE   745 AM PST   SUNSET   458 PM PST
JANUARY 19 2017.......SUNRISE   744 AM PST   SUNSET   459 PM PST


-  INDICATES NEGATIVE NUMBERS.
R  INDICATES RECORD WAS SET OR TIED.
MM INDICATES DATA IS MISSING.
T  INDICATES TRACE AMOUNT.




$$
