000
CDUS46 KPQR 030220
CLIVUO


CLIMATE REPORT
NATIONAL WEATHER SERVICE PORTLAND OREGON
720 PM PDT THU JUL 2 2015


...................................

...THE VANCOUVER WA CLIMATE SUMMARY FOR JULY 2 2015...
VALID TODAY AS OF 0700 PM LOCAL TIME.

CLIMATE NORMAL PERIOD 1981 TO 2010
CLIMATE RECORD PERIOD 1891 TO 2015


WEATHER ITEM   OBSERVED TIME   RECORD YEAR NORMAL DEPARTURE LAST
                VALUE   (LST)  VALUE       VALUE  FROM      YEAR
                                                  NORMAL
..................................................................
TEMPERATURE (F)
 TODAY
  MAXIMUM         97    334 PM 102    1942  77     20       82
  MINIMUM         61    436 AM  38    1976  55      6       61
  AVERAGE         79                        66     13       72

PRECIPITATION (IN)
  TODAY            0.00                      0.04  -0.04     0.00
  MONTH TO DATE    0.00                      0.09  -0.09     0.00
  SINCE OCT 1     29.95                     36.21  -6.26    26.90
  SINCE JAN 1     15.06                     20.46  -5.40    21.43

DEGREE DAYS
 HEATING
  TODAY            0                                         0
  MONTH TO DATE    0                                         0
  SINCE JUN 1     24                                        78
  SINCE JUL 1      0                                         0

 COOLING
  TODAY           14                                         7
  MONTH TO DATE   27                                        19
  SINCE JUN 1    189                                        35
  SINCE JAN 1    205                                        50
..................................................................


WIND (MPH)
  HIGHEST WIND SPEED    16   HIGHEST WIND DIRECTION    NW (310)
  HIGHEST GUST SPEED    22   HIGHEST GUST DIRECTION    NW (300)
  AVERAGE WIND SPEED     6.1


SKY COVER
  POSSIBLE SUNSHINE  MM
  AVERAGE SKY COVER 0.0


WEATHER CONDITIONS
 THE FOLLOWING WEATHER WAS RECORDED TODAY.
  NO SIGNIFICANT WEATHER WAS OBSERVED.


RELATIVE HUMIDITY (PERCENT)
 HIGHEST    72           400 AM
 LOWEST     24           300 PM
 AVERAGE    48

..........................................................


THE VANCOUVER WA CLIMATE NORMALS FOR TOMORROW
                         NORMAL    RECORD    YEAR
 MAXIMUM TEMPERATURE (F)   77       101      1906
 MINIMUM TEMPERATURE (F)   55        40      1979
                                             1919


SUNRISE AND SUNSET
JULY  2 2015..........SUNRISE   526 AM PDT   SUNSET   903 PM PDT
JULY  3 2015..........SUNRISE   526 AM PDT   SUNSET   903 PM PDT


-  INDICATES NEGATIVE NUMBERS.
R  INDICATES RECORD WAS SET OR TIED.
MM INDICATES DATA IS MISSING.
T  INDICATES TRACE AMOUNT.




$$
