000
CDUS46 KPQR 091143
CLIVUO


CLIMATE REPORT
NATIONAL WEATHER SERVICE PORTLAND OREGON
342 AM PST FRI DEC 9 2016


...................................

...THE VANCOUVER WA CLIMATE SUMMARY FOR DECEMBER 8 2016...

CLIMATE NORMAL PERIOD 1981 TO 2010
CLIMATE RECORD PERIOD 1891 TO 2016


WEATHER ITEM   OBSERVED TIME   RECORD YEAR NORMAL DEPARTURE LAST
                VALUE   (LST)  VALUE       VALUE  FROM      YEAR
                                                  NORMAL
..................................................................
TEMPERATURE (F)
 YESTERDAY
  MAXIMUM         34   1054 AM  62    2015  47    -13       62
                                      1938
  MINIMUM         29   1239 PM   2    1972  35     -6       57
  AVERAGE         32                        41     -9       60

PRECIPITATION (IN)
  YESTERDAY        0.01                      0.22  -0.21     2.24
  MONTH TO DATE    1.11                      1.61  -0.50     7.55
  SINCE OCT 1     16.21                     10.59   5.62    15.37
  SINCE JAN 1     38.94                     33.98   4.96    32.48

DEGREE DAYS
 HEATING
  YESTERDAY       33                                         5
  MONTH TO DATE  207                                       143
  SINCE JUL 1    995                                      1075

 COOLING
  YESTERDAY        0                                         0
  MONTH TO DATE    0                                         0
  SINCE JAN 1    407                                       660
..................................................................


WIND (MPH)
  HIGHEST WIND SPEED    26   HIGHEST WIND DIRECTION     E (90)
  HIGHEST GUST SPEED    39   HIGHEST GUST DIRECTION     E (100)
  AVERAGE WIND SPEED    13.2


SKY COVER
  POSSIBLE SUNSHINE  MM
  AVERAGE SKY COVER 0.6


WEATHER CONDITIONS
 THE FOLLOWING WEATHER WAS RECORDED YESTERDAY.
  LIGHT RAIN
  FREEZING RAIN
  LT FREEZING RAIN
  HEAVY SNOW
  SNOW
  LIGHT SNOW
  FOG
  FOG W/VISIBILITY <= 1/4 MILE
  HAZE


RELATIVE HUMIDITY (PERCENT)
 HIGHEST    85          1100 PM
 LOWEST     47          1200 AM
 AVERAGE    66

..........................................................




SUNRISE AND SUNSET
DECEMBER  9 2016......SUNRISE   740 AM PST   SUNSET   427 PM PST
DECEMBER 10 2016......SUNRISE   741 AM PST   SUNSET   427 PM PST


-  INDICATES NEGATIVE NUMBERS.
R  INDICATES RECORD WAS SET OR TIED.
MM INDICATES DATA IS MISSING.
T  INDICATES TRACE AMOUNT.




$$
