000
CDUS46 KPQR 180221
CLIVUO


CLIMATE REPORT
NATIONAL WEATHER SERVICE PORTLAND OREGON
621 PM PST WED DEC 17 2014


...................................

...THE VANCOUVER WA CLIMATE SUMMARY FOR DECEMBER 17 2014...
VALID TODAY AS OF 0600 PM LOCAL TIME.

CLIMATE NORMAL PERIOD 1981 TO 2010
CLIMATE RECORD PERIOD 1891 TO 2014


WEATHER ITEM   OBSERVED TIME   RECORD YEAR NORMAL DEPARTURE LAST
                VALUE   (LST)  VALUE       VALUE  FROM      YEAR
                                                  NORMAL
..................................................................
TEMPERATURE (F)
 TODAY
  MAXIMUM         47    127 PM  58    1917  46      1       40
  MINIMUM         34    539 AM   6    1924  34      0       36
  AVERAGE         41                        40      1       38

PRECIPITATION (IN)
  TODAY            0.07                      0.23  -0.16     0.00
  MONTH TO DATE    3.14                      3.56  -0.42     1.02
  SINCE OCT 1     12.09                     12.54  -0.45     4.97
  SINCE JAN 1     35.53                     35.93  -0.40    26.04

DEGREE DAYS
 HEATING
  TODAY           24                                        27
  MONTH TO DATE  367                                       539
  SINCE DEC 1    367                                       539
  SINCE JUL 1   1175                                      1640

 COOLING
  TODAY            0                                         0
  MONTH TO DATE    0                                         0
  SINCE DEC 1      0                                         0
  SINCE JAN 1    531                                       450
..................................................................


WIND (MPH)
  HIGHEST WIND SPEED    13   HIGHEST WIND DIRECTION    SE (120)
  HIGHEST GUST SPEED    17   HIGHEST GUST DIRECTION    SE (120)
  AVERAGE WIND SPEED     1.8


SKY COVER
  POSSIBLE SUNSHINE  MM
  AVERAGE SKY COVER 0.9


WEATHER CONDITIONS
 THE FOLLOWING WEATHER WAS RECORDED TODAY.
  LIGHT RAIN
  FOG
  HAZE


RELATIVE HUMIDITY (PERCENT)
 HIGHEST    92           400 AM
 LOWEST     71           100 PM
 AVERAGE    82

..........................................................


THE VANCOUVER WA CLIMATE NORMALS FOR TOMORROW
                         NORMAL    RECORD    YEAR
 MAXIMUM TEMPERATURE (F)   46        60      1931
 MINIMUM TEMPERATURE (F)   34         0      1924


SUNRISE AND SUNSET
DECEMBER 17 2014......SUNRISE   746 AM PST   SUNSET   428 PM PST
DECEMBER 18 2014......SUNRISE   746 AM PST   SUNSET   428 PM PST


-  INDICATES NEGATIVE NUMBERS.
R  INDICATES RECORD WAS SET OR TIED.
MM INDICATES DATA IS MISSING.
T  INDICATES TRACE AMOUNT.




$$
