000
CDUS46 KPQR 231141
CLIVUO


CLIMATE REPORT
NATIONAL WEATHER SERVICE PORTLAND OREGON
440 AM PDT SAT JUL 23 2016


...................................

...THE VANCOUVER WA CLIMATE SUMMARY FOR JULY 22 2016...

CLIMATE NORMAL PERIOD 1981 TO 2010
CLIMATE RECORD PERIOD 1891 TO 2016


WEATHER ITEM   OBSERVED TIME   RECORD YEAR NORMAL DEPARTURE LAST
                VALUE   (LST)  VALUE       VALUE  FROM      YEAR
                                                  NORMAL
..................................................................
TEMPERATURE (F)
 YESTERDAY
  MAXIMUM         70    613 PM  98    1928  81    -11       71
  MINIMUM         57   1111 PM  45    1968  58     -1       56
  AVERAGE         64                        70     -6       64

PRECIPITATION (IN)
  YESTERDAY        0.14                      0.02   0.12     0.00
  MONTH TO DATE    0.43                      0.58  -0.15     0.04
  SINCE OCT 1     45.23                     36.70   8.53    29.99
  SINCE JAN 1     21.38                     20.95   0.43    15.10

DEGREE DAYS
 HEATING
  YESTERDAY        1                                         1
  MONTH TO DATE   11                                         1
  SINCE JUL 1     11                                         1

 COOLING
  YESTERDAY        0                                         0
  MONTH TO DATE   44                                       193
  SINCE JAN 1    149                                       371
..................................................................


WIND (MPH)
  HIGHEST WIND SPEED     9   HIGHEST WIND DIRECTION    NW (310)
  HIGHEST GUST SPEED    13   HIGHEST GUST DIRECTION    NW (300)
  AVERAGE WIND SPEED     3.1


SKY COVER
  POSSIBLE SUNSHINE  MM
  AVERAGE SKY COVER 0.8


WEATHER CONDITIONS
 THE FOLLOWING WEATHER WAS RECORDED YESTERDAY.
  LIGHT RAIN
  FOG


RELATIVE HUMIDITY (PERCENT)
 HIGHEST    97           800 AM
 LOWEST     59           700 PM
 AVERAGE    78

..........................................................




SUNRISE AND SUNSET
JULY 23 2016..........SUNRISE   545 AM PDT   SUNSET   849 PM PDT
JULY 24 2016..........SUNRISE   546 AM PDT   SUNSET   848 PM PDT


-  INDICATES NEGATIVE NUMBERS.
R  INDICATES RECORD WAS SET OR TIED.
MM INDICATES DATA IS MISSING.
T  INDICATES TRACE AMOUNT.




$$
