000
CDUS46 KPQR 161141
CLIVUO


CLIMATE REPORT
NATIONAL WEATHER SERVICE PORTLAND OREGON
440 AM PDT WED APR 16 2014


...................................

...THE VANCOUVER WA CLIMATE SUMMARY FOR APRIL 15 2014...

CLIMATE NORMAL PERIOD 1981 TO 2010
CLIMATE RECORD PERIOD 1891 TO 2014


WEATHER ITEM   OBSERVED TIME   RECORD YEAR NORMAL DEPARTURE LAST
                VALUE   (LST)  VALUE       VALUE  FROM      YEAR
                                                  NORMAL
..................................................................
TEMPERATURE (F)
 YESTERDAY
  MAXIMUM         60    416 PM  84    1947  61     -1       57
  MINIMUM         45    235 AM  29    1901  42      3       36
  AVERAGE         53                        52      1       47

PRECIPITATION (IN)
  YESTERDAY        0.00                      0.10  -0.10     0.12
  MONTH TO DATE    0.79                      1.53  -0.74     1.60
  SINCE OCT 1     19.67                     30.38 -10.71    27.00
  SINCE JAN 1     14.20                     14.63  -0.43     7.74

DEGREE DAYS
 HEATING
  YESTERDAY       12                                        18
  MONTH TO DATE  172                                       216
  SINCE JUL 1   4154                                      3779

 COOLING
  YESTERDAY        0                                         0
  MONTH TO DATE    0                                         0
  SINCE JAN 1      0                                         0
..................................................................


WIND (MPH)
  HIGHEST WIND SPEED     9   HIGHEST WIND DIRECTION    NW (330)
  HIGHEST GUST SPEED    13   HIGHEST GUST DIRECTION    NW (300)
  AVERAGE WIND SPEED     3.5


SKY COVER
  POSSIBLE SUNSHINE  MM
  AVERAGE SKY COVER 0.8


WEATHER CONDITIONS
 THE FOLLOWING WEATHER WAS RECORDED YESTERDAY.
  NO SIGNIFICANT WEATHER WAS OBSERVED.


RELATIVE HUMIDITY (PERCENT)
 HIGHEST    71          1200 AM
 LOWEST     44           300 PM
 AVERAGE    58

..........................................................




SUNRISE AND SUNSET
APRIL 16 2014.........SUNRISE   623 AM PDT   SUNSET   758 PM PDT
APRIL 17 2014.........SUNRISE   621 AM PDT   SUNSET   800 PM PDT


-  INDICATES NEGATIVE NUMBERS.
R  INDICATES RECORD WAS SET OR TIED.
MM INDICATES DATA IS MISSING.
T  INDICATES TRACE AMOUNT.




$$
