491
CDUS46 KPQR 201146
CLIVUO


CLIMATE REPORT
NATIONAL WEATHER SERVICE PORTLAND OREGON
346 AM PST MON NOV 20 2017


...................................

...THE VANCOUVER WA CLIMATE SUMMARY FOR NOVEMBER 19 2017...

CLIMATE NORMAL PERIOD 1981 TO 2010
CLIMATE RECORD PERIOD 1891 TO 2017


WEATHER ITEM   OBSERVED TIME   RECORD YEAR NORMAL DEPARTURE LAST
                VALUE   (LST)  VALUE       VALUE  FROM      YEAR
                                                  NORMAL
..................................................................
TEMPERATURE (F)
 YESTERDAY
  MAXIMUM         51    656 PM  61    1965  52     -1       54
  MINIMUM         36    922 AM  22    2000  39     -3       45
  AVERAGE         44                        46     -2       50

PRECIPITATION (IN)
  YESTERDAY        0.21                      0.20   0.01     0.12
  MONTH TO DATE    3.36                      3.52  -0.16     2.58
  SINCE OCT 1      7.91                      6.59   1.32    10.80
  SINCE JAN 1     39.59                     29.98   9.61    33.53

DEGREE DAYS
 HEATING
  YESTERDAY       21                                        15
  MONTH TO DATE  340                                       212
  SINCE JUL 1    775                                       609

 COOLING
  YESTERDAY        0                                         0
  MONTH TO DATE    0                                         0
  SINCE JAN 1    639                                       407
..................................................................


WIND (MPH)
  HIGHEST WIND SPEED    13   HIGHEST WIND DIRECTION    SE (150)
  HIGHEST GUST SPEED    18   HIGHEST GUST DIRECTION    SE (130)
  AVERAGE WIND SPEED     5.6


SKY COVER
  POSSIBLE SUNSHINE  MM
  AVERAGE SKY COVER 0.8


WEATHER CONDITIONS
 THE FOLLOWING WEATHER WAS RECORDED YESTERDAY.
  LIGHT RAIN
  FOG
  FOG W/VISIBILITY <= 1/4 MILE


RELATIVE HUMIDITY (PERCENT)
 HIGHEST   100          1200 AM
 LOWEST     50           600 PM
 AVERAGE    75

..........................................................




SUNRISE AND SUNSET
NOVEMBER 20 2017......SUNRISE   717 AM PST   SUNSET   435 PM PST
NOVEMBER 21 2017......SUNRISE   719 AM PST   SUNSET   434 PM PST


-  INDICATES NEGATIVE NUMBERS.
R  INDICATES RECORD WAS SET OR TIED.
MM INDICATES DATA IS MISSING.
T  INDICATES TRACE AMOUNT.




$$
