000
CDUS46 KPQR 261143
CLIVUO


CLIMATE REPORT
NATIONAL WEATHER SERVICE PORTLAND OREGON
442 AM PDT FRI MAY 26 2017


...................................

...THE VANCOUVER WA CLIMATE SUMMARY FOR MAY 25 2017...

CLIMATE NORMAL PERIOD 1981 TO 2010
CLIMATE RECORD PERIOD 1891 TO 2017


WEATHER ITEM   OBSERVED TIME   RECORD YEAR NORMAL DEPARTURE LAST
                VALUE   (LST)  VALUE       VALUE  FROM      YEAR
                                                  NORMAL
..................................................................
TEMPERATURE (F)
 YESTERDAY
  MAXIMUM         75    547 PM  89    1947  70      5       68
  MINIMUM         46    222 AM  32    1975  50     -4       54
  AVERAGE         61                        60      1       61

PRECIPITATION (IN)
  YESTERDAY        0.00                      0.07  -0.07     0.00
  MONTH TO DATE    1.78                      2.08  -0.30     1.57
  SINCE OCT 1     47.63                     33.94  13.69    43.29
  SINCE JAN 1     27.77                     18.19   9.58    19.44

DEGREE DAYS
 HEATING
  YESTERDAY        4                                         4
  MONTH TO DATE  188                                       114
  SINCE JUL 1   4420                                      3705

 COOLING
  YESTERDAY        0                                         0
  MONTH TO DATE   26                                        15
  SINCE JAN 1     26                                        21
..................................................................


WIND (MPH)
  HIGHEST WIND SPEED    14   HIGHEST WIND DIRECTION    NW (300)
  HIGHEST GUST SPEED    19   HIGHEST GUST DIRECTION     W (280)
  AVERAGE WIND SPEED     5.6


SKY COVER
  POSSIBLE SUNSHINE  MM
  AVERAGE SKY COVER 0.4


WEATHER CONDITIONS
 THE FOLLOWING WEATHER WAS RECORDED YESTERDAY.
  NO SIGNIFICANT WEATHER WAS OBSERVED.


RELATIVE HUMIDITY (PERCENT)
 HIGHEST    86          1200 AM
 LOWEST     35           500 PM
 AVERAGE    61

..........................................................




SUNRISE AND SUNSET
MAY 26 2017...........SUNRISE   529 AM PDT   SUNSET   847 PM PDT
MAY 27 2017...........SUNRISE   528 AM PDT   SUNSET   848 PM PDT


-  INDICATES NEGATIVE NUMBERS.
R  INDICATES RECORD WAS SET OR TIED.
MM INDICATES DATA IS MISSING.
T  INDICATES TRACE AMOUNT.




$$
