974
CDUS41 KAKQ 200645
CLIWAL


CLIMATE REPORT
NATIONAL WEATHER SERVICE WAKEFIELD, VA
145 AM EST TUE FEB 20 2018


...................................

...THE WALLOPS ISLAND VA CLIMATE SUMMARY FOR FEBRUARY 19 2018...

CLIMATE NORMAL PERIOD 1981 TO 2010
CLIMATE RECORD PERIOD 1963 TO 2018


WEATHER ITEM   OBSERVED TIME   RECORD YEAR NORMAL DEPARTURE
                VALUE   (LST)  VALUE       VALUE  FROM
                                                  NORMAL
...............................................................
TEMPERATURE (F)
 YESTERDAY
  MAXIMUM         55    430 PM  69    2014  48      7
  MINIMUM         34   1218 AM  10    2015  31      3
  AVERAGE         45                        39      6

PRECIPITATION (IN)
  YESTERDAY        T             1.12        0.10  -0.10
  MONTH TO DATE    1.84                      1.81   0.03
  SINCE DEC 1      7.40                      8.28  -0.88
  SINCE JAN 1      5.51                      4.85   0.66

SNOWFALL (IN)
  YESTERDAY       MM             6.5  1979   0.1   MM
  MONTH TO DATE    0.0                       2.4   -2.4
  SINCE NOV 1     11.8                       6.4    5.4
  SINCE JUL 1     11.8                       6.4    5.4

DEGREE DAYS
 HEATING
  YESTERDAY       20                               -6
  MONTH TO DATE  413                             -101
  SINCE DEC 1   2126                              -28
  SINCE JUL 1   2729                             -129

 COOLING
  YESTERDAY        0                                0
  MONTH TO DATE    0                                0
  SINCE DEC 1      0                                0
  SINCE JAN 1      0                                0
...............................................................


WIND (MPH)
  HIGHEST WIND SPEED    14   HIGHEST WIND DIRECTION     S (180)
  HIGHEST GUST SPEED    17   HIGHEST GUST DIRECTION     S (180)
  AVERAGE WIND SPEED     7.4




RELATIVE HUMIDITY (PERCENT)
 HIGHEST    96
 LOWEST     83
 AVERAGE    90

..........................................................


THE WALLOPS ISLAND VA CLIMATE NORMALS FOR TODAY
                         NORMAL    RECORD    YEAR
 MAXIMUM TEMPERATURE (F)   48        69      1991
 MINIMUM TEMPERATURE (F)   31        -1      2015


SUNRISE AND SUNSET
FEBRUARY 20 2018......SUNRISE   646 AM EST   SUNSET   546 PM EST
FEBRUARY 21 2018......SUNRISE   644 AM EST   SUNSET   547 PM EST


-  INDICATES NEGATIVE NUMBERS.
R  INDICATES RECORD WAS SET OR TIED.
MM INDICATES DATA IS MISSING.
T  INDICATES TRACE AMOUNT.




$$
