000
CDUS41 KAKQ 220645
CLIWAL


CLIMATE REPORT
NATIONAL WEATHER SERVICE WAKEFIELD, VA
145 AM EST WED NOV 22 2017


...................................

...THE WALLOPS ISLAND VA CLIMATE SUMMARY FOR NOVEMBER 21 2017...

CLIMATE NORMAL PERIOD 1981 TO 2010
CLIMATE RECORD PERIOD 1963 TO 2017


WEATHER ITEM   OBSERVED TIME   RECORD YEAR NORMAL DEPARTURE
                VALUE   (LST)  VALUE       VALUE  FROM
                                                  NORMAL
...............................................................
TEMPERATURE (F)
 YESTERDAY
  MAXIMUM         62   1233 PM  75    1991  57      5
  MINIMUM         38    531 AM  21    2014  39     -1
  AVERAGE         50                        48      2

PRECIPITATION (IN)
  YESTERDAY        0.00          1.48        0.09  -0.09
  MONTH TO DATE    1.16                      1.98  -0.82
  SINCE SEP 1     11.04                      9.13   1.91
  SINCE JAN 1     46.56                     36.52  10.04

SNOWFALL (IN)
  YESTERDAY        0.0           T    1988   0.0    0.0
                                      1996
  MONTH TO DATE    0.0                       0.0    0.0
  SINCE NOV 1      0.0                       0.0    0.0
  SINCE JUL 1      0.0                       0.0    0.0

DEGREE DAYS
 HEATING
  YESTERDAY       15                               -2
  MONTH TO DATE  289                               -4
  SINCE SEP 1    428                             -107
  SINCE JUL 1    428                             -108

 COOLING
  YESTERDAY        0                                0
  MONTH TO DATE    6                                6
  SINCE SEP 1    278                               83
  SINCE JAN 1   1429                              234
...............................................................


WIND (MPH)
  HIGHEST WIND SPEED    21   HIGHEST WIND DIRECTION     S (190)
  HIGHEST GUST SPEED    26   HIGHEST GUST DIRECTION    SW (210)
  AVERAGE WIND SPEED    11.7




RELATIVE HUMIDITY (PERCENT)
 HIGHEST    93
 LOWEST     31
 AVERAGE    62

..........................................................


THE WALLOPS ISLAND VA CLIMATE NORMALS FOR TODAY
                         NORMAL    RECORD    YEAR
 MAXIMUM TEMPERATURE (F)   56        74      2007
 MINIMUM TEMPERATURE (F)   39        19      2014


SUNRISE AND SUNSET
NOVEMBER 22 2017......SUNRISE   650 AM EST   SUNSET   446 PM EST
NOVEMBER 23 2017......SUNRISE   651 AM EST   SUNSET   445 PM EST


-  INDICATES NEGATIVE NUMBERS.
R  INDICATES RECORD WAS SET OR TIED.
MM INDICATES DATA IS MISSING.
T  INDICATES TRACE AMOUNT.




$$
