000
CDUS41 KAKQ 130638
CLIWAL


CLIMATE REPORT
NATIONAL WEATHER SERVICE WAKEFIELD, VA
127 AM EST SAT FEB 13 2016


...................................

...THE WALLOPS ISLAND VA CLIMATE SUMMARY FOR FEBRUARY 12 2016...

CLIMATE NORMAL PERIOD 1981 TO 2010
CLIMATE RECORD PERIOD 1963 TO 2016


WEATHER ITEM   OBSERVED TIME   RECORD YEAR NORMAL DEPARTURE
                VALUE   (LST)  VALUE       VALUE  FROM
                                                  NORMAL
...............................................................
TEMPERATURE (F)
 YESTERDAY
  MAXIMUM         29   1217 PM  66    2009  46    -17
  MINIMUM         15    702 AM  11    1979  30    -15
  AVERAGE         22                        38    -16

PRECIPITATION (IN)
  YESTERDAY        0.02          1.38        0.09  -0.07
  MONTH TO DATE    2.48                      1.12   1.36
  SINCE DEC 1      9.38                      7.59   1.79
  SINCE JAN 1      5.10                      4.16   0.94

SNOWFALL (IN)
  YESTERDAY        T             1.7  1979   0.2   -0.2
  MONTH TO DATE    1.6                       1.5    0.1
  SINCE NOV 1      8.9                       5.5    3.4
  SINCE JUL 1      8.9                       5.5    3.4

DEGREE DAYS
 HEATING
  YESTERDAY       43                               16
  MONTH TO DATE  301                              -29
  SINCE DEC 1   1503                             -467
  SINCE JUL 1   2025                             -649

 COOLING
  YESTERDAY        0                                0
  MONTH TO DATE    0                                0
  SINCE DEC 1      7                                7
  SINCE JAN 1      0                                0
...............................................................


WIND (MPH)
  HIGHEST WIND SPEED    12   HIGHEST WIND DIRECTION     S (200)
  HIGHEST GUST SPEED    16   HIGHEST GUST DIRECTION     S (160)
  AVERAGE WIND SPEED     3.9




RELATIVE HUMIDITY (PERCENT)
 HIGHEST    88
 LOWEST     39
 AVERAGE    64

..........................................................


THE WALLOPS ISLAND VA CLIMATE NORMALS FOR TODAY
                         NORMAL    RECORD    YEAR
 MAXIMUM TEMPERATURE (F)   47        64      2008
 MINIMUM TEMPERATURE (F)   30        10      1979


SUNRISE AND SUNSET
FEBRUARY 13 2016......SUNRISE   655 AM EST   SUNSET   538 PM EST
FEBRUARY 14 2016......SUNRISE   653 AM EST   SUNSET   539 PM EST


-  INDICATES NEGATIVE NUMBERS.
R  INDICATES RECORD WAS SET OR TIED.
MM INDICATES DATA IS MISSING.
T  INDICATES TRACE AMOUNT.




$$
