000
CDUS41 KAKQ 210845
CLIWAL


CLIMATE REPORT
NATIONAL WEATHER SERVICE WAKEFIELD, VA
345 AM EST FRI NOV 21 2014


...................................

...THE WALLOPS ISLAND VA CLIMATE SUMMARY FOR NOVEMBER 20 2014...

CLIMATE NORMAL PERIOD 1981 TO 2010
CLIMATE RECORD PERIOD 1963 TO 2014


WEATHER ITEM   OBSERVED TIME   RECORD YEAR NORMAL DEPARTURE
                VALUE   (LST)  VALUE       VALUE  FROM
                                                  NORMAL
...............................................................
TEMPERATURE (F)
 YESTERDAY
  MAXIMUM         53    335 PM  77    1985  57     -4
  MINIMUM         34   1251 AM  27    1984  40     -6
  AVERAGE         44                        48     -4

PRECIPITATION (IN)
  YESTERDAY        0.00          0.85        0.10  -0.10
  MONTH TO DATE    0.95                      1.89  -0.94
  SINCE SEP 1      6.99                      9.04  -2.05
  SINCE JAN 1     32.58                     36.43  -3.85

SNOWFALL (IN)
  YESTERDAY        0.0           T    2001   0.0    0.0
  MONTH TO DATE    0.0                       0.0    0.0
  SINCE NOV 1      0.0                       0.0    0.0
  SINCE JUL 1      0.0                       0.0    0.0

DEGREE DAYS
 HEATING
  YESTERDAY       21                                4
  MONTH TO DATE  362                               86
  SINCE SEP 1    481                              -37
  SINCE JUL 1    481                              -38

 COOLING
  YESTERDAY        0                                0
  MONTH TO DATE    0                                0
  SINCE SEP 1    255                               60
  SINCE JAN 1   1352                              157
...............................................................


WIND (MPH)
  HIGHEST WIND SPEED    22   HIGHEST WIND DIRECTION     W (260)
  HIGHEST GUST SPEED    30   HIGHEST GUST DIRECTION     W (270)
  AVERAGE WIND SPEED    10.3




RELATIVE HUMIDITY (PERCENT)
 HIGHEST    65
 LOWEST     32
 AVERAGE    49

..........................................................


THE WALLOPS ISLAND VA CLIMATE NORMALS FOR TODAY
                         NORMAL    RECORD    YEAR
 MAXIMUM TEMPERATURE (F)   57        75      1991
 MINIMUM TEMPERATURE (F)   39        22      1984


SUNRISE AND SUNSET
NOVEMBER 21 2014......SUNRISE   649 AM EST   SUNSET   446 PM EST
NOVEMBER 22 2014......SUNRISE   650 AM EST   SUNSET   446 PM EST


-  INDICATES NEGATIVE NUMBERS.
R  INDICATES RECORD WAS SET OR TIED.
MM INDICATES DATA IS MISSING.
T  INDICATES TRACE AMOUNT.




$$
