000
CDUS41 KAKQ 250545
CLIWAL


CLIMATE REPORT
NATIONAL WEATHER SERVICE WAKEFIELD, VA
145 AM EDT TUE APR 25 2017


...................................

...THE WALLOPS ISLAND VA CLIMATE SUMMARY FOR APRIL 24 2017...

CLIMATE NORMAL PERIOD 1981 TO 2010
CLIMATE RECORD PERIOD 1963 TO 2017


WEATHER ITEM   OBSERVED TIME   RECORD YEAR NORMAL DEPARTURE
                VALUE   (LST)  VALUE       VALUE  FROM
                                                  NORMAL
...............................................................
TEMPERATURE (F)
 YESTERDAY
  MAXIMUM         55   1159 PM  85    2011  65    -10
  MINIMUM         51    357 AM  36    2003  47      4
  AVERAGE         53                        56     -3

PRECIPITATION (IN)
  YESTERDAY        0.83          1.44        0.09   0.74
  MONTH TO DATE    1.78                      2.54  -0.76
  SINCE MAR 1      5.16                      6.54  -1.38
  SINCE JAN 1     11.36                     12.34  -0.98

SNOWFALL (IN)
  YESTERDAY        0.0           0.0    MM   0.0    0.0
  MONTH TO DATE    0.0                       0.1   -0.1
  SINCE NOV 1     10.1                       7.9    2.2
  SINCE JUL 1     10.1                       7.9    2.2

DEGREE DAYS
 HEATING
  YESTERDAY       12                                3
  MONTH TO DATE  169                             -125
  SINCE MAR 1    783                             -130
  SINCE JUL 1   3359                             -634

 COOLING
  YESTERDAY        0                               -1
  MONTH TO DATE   22                               20
  SINCE MAR 1     24                               21
  SINCE JAN 1     24                               21
...............................................................


WIND (MPH)
  HIGHEST WIND SPEED    30   HIGHEST WIND DIRECTION    NE (50)
  HIGHEST GUST SPEED    37   HIGHEST GUST DIRECTION    NE (50)
  AVERAGE WIND SPEED    21.1




RELATIVE HUMIDITY (PERCENT)
 HIGHEST   100
 LOWEST     77
 AVERAGE    89

..........................................................


THE WALLOPS ISLAND VA CLIMATE NORMALS FOR TODAY
                         NORMAL    RECORD    YEAR
 MAXIMUM TEMPERATURE (F)   66        85      2009
 MINIMUM TEMPERATURE (F)   48        37      1999


SUNRISE AND SUNSET
APRIL 25 2017.........SUNRISE   613 AM EDT   SUNSET   747 PM EDT
APRIL 26 2017.........SUNRISE   612 AM EDT   SUNSET   748 PM EDT


-  INDICATES NEGATIVE NUMBERS.
R  INDICATES RECORD WAS SET OR TIED.
MM INDICATES DATA IS MISSING.
T  INDICATES TRACE AMOUNT.




$$
