000
CDUS46 KLOX 180926
CLIWJF


CLIMATE REPORT
NATIONAL WEATHER SERVICE LOS ANGELES/OXNARD CA
126 AM PST SAT NOV 18 2017


...................................

...THE LANCASTER FOX FIELD CA CLIMATE SUMMARY FOR NOVEMBER 17 2017...

CLIMATE NORMAL PERIOD 1981 TO 2010
CLIMATE RECORD PERIOD 1948 TO 2017


WEATHER ITEM   OBSERVED TIME   RECORD YEAR NORMAL DEPARTURE
                VALUE   (LST)  VALUE       VALUE  FROM
                                                  NORMAL
...............................................................
TEMPERATURE (F)
 YESTERDAY
  MAXIMUM         68   1126 AM  81    2008  66      2
                                      2006
  MINIMUM         43   1159 PM  12    1958  35      8
  AVERAGE         56                        51      5

PRECIPITATION (IN)
  YESTERDAY        T             0.82 1965   0.02  -0.02
  MONTH TO DATE    0.02                      0.28  -0.26
  SINCE OCT 1      0.02                      0.72  -0.70
  SINCE JAN 1      4.64                      5.97  -1.33

SNOWFALL (IN)
  YESTERDAY       MM             0.0    MM
  MONTH TO DATE    0.0
  SINCE SEP 1      0.0
  SINCE JUL 1      0.0
  SNOW DEPTH       0

DEGREE DAYS
 HEATING
  YESTERDAY        9                               -5
  MONTH TO DATE  105                              -85
  SINCE SEP 1    213                             -113
  SINCE JUL 1    213                             -113

 COOLING
  YESTERDAY        0                                0
  MONTH TO DATE    0                                0
  SINCE SEP 1    310                              -12
  SINCE JAN 1   2214                              333
...............................................................


WIND (MPH)
  HIGHEST WIND SPEED    33   HIGHEST WIND DIRECTION     W (260)
  HIGHEST GUST SPEED    39   HIGHEST GUST DIRECTION     W (270)
  AVERAGE WIND SPEED    16.4




RELATIVE HUMIDITY (PERCENT)
 HIGHEST    77
 LOWEST     39
 AVERAGE    58

..........................................................


THE LANCASTER FOX FIELD CA CLIMATE NORMALS FOR TODAY
                         NORMAL    RECORD    YEAR
 MAXIMUM TEMPERATURE (F)   66        82      1995
 MINIMUM TEMPERATURE (F)   35        15      1958


SUNRISE AND SUNSET
NOVEMBER 18 2017......SUNRISE   630 AM PST   SUNSET   446 PM PST
NOVEMBER 19 2017......SUNRISE   631 AM PST   SUNSET   445 PM PST


-  INDICATES NEGATIVE NUMBERS.
R  INDICATES RECORD WAS SET OR TIED.
MM INDICATES DATA IS MISSING.
T  INDICATES TRACE AMOUNT.




$$
