000
CDUS46 KLOX 210907
CLIWJF


CLIMATE REPORT
NATIONAL WEATHER SERVICE LOS ANGELES/OXNARD CA
207 AM PDT SUN SEP 21 2014


...................................

...THE LANCASTER FOX FIELD CA CLIMATE SUMMARY FOR SEPTEMBER 20 2014...

CLIMATE NORMAL PERIOD 1981 TO 2010
CLIMATE RECORD PERIOD 1948 TO 2014


WEATHER ITEM   OBSERVED TIME   RECORD YEAR NORMAL DEPARTURE
                VALUE   (LST)  VALUE       VALUE  FROM
                                                  NORMAL
...............................................................
TEMPERATURE (F)
 YESTERDAY
  MAXIMUM         90    200 PM 100    2000  89      1
                                      1949
  MINIMUM         56    556 AM  38    1978  55      1
  AVERAGE         73                        72      1

PRECIPITATION (IN)
  YESTERDAY        0.00          0.80 2005   0.01  -0.01
  MONTH TO DATE    T                         0.09  -0.09
  SINCE JUL 1      0.03                      0.28  -0.25
  SINCE JAN 1      2.35                      5.19  -2.84

SNOWFALL (IN)
  YESTERDAY        0.0           0.0    MM
  MONTH TO DATE    0.0
  SINCE SEP 1      0.0
  SINCE JUL 1      0.0
  SNOW DEPTH       0

DEGREE DAYS
 HEATING
  YESTERDAY        0                                0
  MONTH TO DATE    0                                0
  SINCE SEP 1      0                                0
  SINCE JUL 1      0                                0

 COOLING
  YESTERDAY        8                                0
  MONTH TO DATE  277                               66
  SINCE SEP 1    277                               66
  SINCE JAN 1   1928                              158
...............................................................


WIND (MPH)
  HIGHEST WIND SPEED    25   HIGHEST WIND DIRECTION     W (260)
  HIGHEST GUST SPEED    30   HIGHEST GUST DIRECTION     W (260)
  AVERAGE WIND SPEED     8.8




RELATIVE HUMIDITY (PERCENT)
 HIGHEST    72
 LOWEST     24
 AVERAGE    48

..........................................................


THE LANCASTER FOX FIELD CA CLIMATE NORMALS FOR TODAY
                         NORMAL    RECORD    YEAR
 MAXIMUM TEMPERATURE (F)   89       104      1949
 MINIMUM TEMPERATURE (F)   55        38      1978


SUNRISE AND SUNSET
SEPTEMBER 21 2014.....SUNRISE   640 AM PDT   SUNSET   651 PM PDT
SEPTEMBER 22 2014.....SUNRISE   641 AM PDT   SUNSET   650 PM PDT


-  INDICATES NEGATIVE NUMBERS.
R  INDICATES RECORD WAS SET OR TIED.
MM INDICATES DATA IS MISSING.
T  INDICATES TRACE AMOUNT.




$$
