000
CDUS46 KLOX 060858
CLIWJF


CLIMATE REPORT
NATIONAL WEATHER SERVICE LOS ANGELES/OXNARD CA
1258 AM PST FRI MAR 6 2015


...................................

...THE LANCASTER FOX FIELD CA CLIMATE SUMMARY FOR MARCH 5 2015...

CLIMATE NORMAL PERIOD 1981 TO 2010
CLIMATE RECORD PERIOD 1948 TO 2015


WEATHER ITEM   OBSERVED TIME   RECORD YEAR NORMAL DEPARTURE
                VALUE   (LST)  VALUE       VALUE  FROM
                                                  NORMAL
...............................................................
TEMPERATURE (F)
 YESTERDAY
  MAXIMUM         66    447 PM  84    1986  65      1
  MINIMUM         23R   640 AM  23    1997  38    -15
  AVERAGE         45                        52     -7

PRECIPITATION (IN)
  YESTERDAY        0.00          2.04 1981   0.05  -0.05
  MONTH TO DATE    0.04                      0.25  -0.21
  SINCE OCT 1      4.32                      5.66  -1.34
  SINCE JAN 1      1.40                      3.53  -2.13

SNOWFALL (IN)
  YESTERDAY        0.0           0.0    MM
  MONTH TO DATE    0.0
  SINCE MAR 1      0.0
  SINCE JUL 1      0.0
  SNOW DEPTH       0

DEGREE DAYS
 HEATING
  YESTERDAY       20                                7
  MONTH TO DATE   98                               29
  SINCE MAR 1     98                               29
  SINCE JUL 1   1967                             -395

 COOLING
  YESTERDAY        0                                0
  MONTH TO DATE    0                                0
  SINCE MAR 1      0                                0
  SINCE JAN 1      0                                0
...............................................................


WIND (MPH)
  HIGHEST WIND SPEED    17   HIGHEST WIND DIRECTION    NE (60)
  HIGHEST GUST SPEED    24   HIGHEST GUST DIRECTION     E (90)
  AVERAGE WIND SPEED     6.1




RELATIVE HUMIDITY (PERCENT)
 HIGHEST    75
 LOWEST     15
 AVERAGE    45

..........................................................


THE LANCASTER FOX FIELD CA CLIMATE NORMALS FOR TODAY
                         NORMAL    RECORD    YEAR
 MAXIMUM TEMPERATURE (F)   65        87      1972
 MINIMUM TEMPERATURE (F)   38        23      2008


SUNRISE AND SUNSET
MARCH  6 2015.........SUNRISE   616 AM PST   SUNSET   553 PM PST
MARCH  7 2015.........SUNRISE   615 AM PST   SUNSET   554 PM PST


-  INDICATES NEGATIVE NUMBERS.
R  INDICATES RECORD WAS SET OR TIED.
MM INDICATES DATA IS MISSING.
T  INDICATES TRACE AMOUNT.




$$
