000
CDUS46 KLOX 241000
CLIWJF


CLIMATE REPORT
NATIONAL WEATHER SERVICE LOS ANGELES/OXNARD CA
200 AM PST MON NOV 24 2014


...................................

...THE LANCASTER FOX FIELD CA CLIMATE SUMMARY FOR NOVEMBER 23 2014...

CLIMATE NORMAL PERIOD 1981 TO 2010
CLIMATE RECORD PERIOD 1948 TO 2014


WEATHER ITEM   OBSERVED TIME   RECORD YEAR NORMAL DEPARTURE
                VALUE   (LST)  VALUE       VALUE  FROM
                                                  NORMAL
...............................................................
TEMPERATURE (F)
 YESTERDAY
  MAXIMUM         64    226 PM  81    1949  64      0
  MINIMUM         38   1133 PM  13    1958  33      5
  AVERAGE         51                        48      3

PRECIPITATION (IN)
  YESTERDAY        0.00          0.50 1965   0.02  -0.02
  MONTH TO DATE    0.16                      0.39  -0.23
  SINCE JUL 1      0.33                      1.17  -0.84
  SINCE JAN 1      2.65                      6.08  -3.43

SNOWFALL (IN)
  YESTERDAY        0.0           0.0    MM
  MONTH TO DATE    0.0
  SINCE SEP 1      0.0
  SINCE JUL 1      0.0
  SNOW DEPTH       0

DEGREE DAYS
 HEATING
  YESTERDAY       14                               -3
  MONTH TO DATE  244                              -40
  SINCE SEP 1    293                             -127
  SINCE JUL 1    293                             -127

 COOLING
  YESTERDAY        0                                0
  MONTH TO DATE    2                                2
  SINCE SEP 1    404                               82
  SINCE JAN 1   2055                              174
...............................................................


WIND (MPH)
  HIGHEST WIND SPEED    35   HIGHEST WIND DIRECTION     W (280)
  HIGHEST GUST SPEED    40   HIGHEST GUST DIRECTION     W (250)
  AVERAGE WIND SPEED    10.0




RELATIVE HUMIDITY (PERCENT)
 HIGHEST    79
 LOWEST     14
 AVERAGE    47

..........................................................


THE LANCASTER FOX FIELD CA CLIMATE NORMALS FOR TODAY
                         NORMAL    RECORD    YEAR
 MAXIMUM TEMPERATURE (F)   63        81      1949
 MINIMUM TEMPERATURE (F)   33        20      2003


SUNRISE AND SUNSET
NOVEMBER 24 2014......SUNRISE   635 AM PST   SUNSET   443 PM PST
NOVEMBER 25 2014......SUNRISE   636 AM PST   SUNSET   443 PM PST


-  INDICATES NEGATIVE NUMBERS.
R  INDICATES RECORD WAS SET OR TIED.
MM INDICATES DATA IS MISSING.
T  INDICATES TRACE AMOUNT.




$$
