000
CDUS46 KLOX 230910
CLIWJF


CLIMATE REPORT
NATIONAL WEATHER SERVICE LOS ANGELES/OXNARD CA
109 AM PST TUE JAN 23 2018


...................................

...THE LANCASTER FOX FIELD CA CLIMATE SUMMARY FOR JANUARY 22 2018...

CLIMATE NORMAL PERIOD 1981 TO 2010
CLIMATE RECORD PERIOD 1948 TO 2018


WEATHER ITEM   OBSERVED TIME   RECORD YEAR NORMAL DEPARTURE
                VALUE   (LST)  VALUE       VALUE  FROM
                                                  NORMAL
...............................................................
TEMPERATURE (F)
 YESTERDAY
  MAXIMUM         57    426 PM  72    1970  59     -2
  MINIMUM         24    700 AM  16    2013  32     -8
  AVERAGE         41                        45     -4

PRECIPITATION (IN)
  YESTERDAY        0.00          0.79 1967   0.04  -0.04
  MONTH TO DATE    0.95                      1.06  -0.11
  SINCE OCT 1      0.97                      3.19  -2.22
  SINCE JAN 1      0.95                      1.06  -0.11

SNOWFALL (IN)
  YESTERDAY        0.0           0.0    MM
  MONTH TO DATE    0.0
  SINCE DEC 1      0.0
  SINCE JUL 1      0.0
  SNOW DEPTH       0

DEGREE DAYS
 HEATING
  YESTERDAY       24                                4
  MONTH TO DATE  322                             -129
  SINCE DEC 1    963                             -145
  SINCE JUL 1   1325                             -328

 COOLING
  YESTERDAY        0                                0
  MONTH TO DATE    0                                0
  SINCE DEC 1      0                                0
  SINCE JAN 1      0                                0
...............................................................


WIND (MPH)
  HIGHEST WIND SPEED    12   HIGHEST WIND DIRECTION     W (280)
  HIGHEST GUST SPEED    MM   HIGHEST GUST DIRECTION    MM
  AVERAGE WIND SPEED     2.6




RELATIVE HUMIDITY (PERCENT)
 HIGHEST    88
 LOWEST     23
 AVERAGE    56

..........................................................


THE LANCASTER FOX FIELD CA CLIMATE NORMALS FOR TODAY
                         NORMAL    RECORD    YEAR
 MAXIMUM TEMPERATURE (F)   59        74      1970
 MINIMUM TEMPERATURE (F)   32        18      1958


SUNRISE AND SUNSET
JANUARY 23 2018.......SUNRISE   657 AM PST   SUNSET   513 PM PST
JANUARY 24 2018.......SUNRISE   656 AM PST   SUNSET   514 PM PST


-  INDICATES NEGATIVE NUMBERS.
R  INDICATES RECORD WAS SET OR TIED.
MM INDICATES DATA IS MISSING.
T  INDICATES TRACE AMOUNT.




$$
