000
CDUS46 KLOX 260905
CLIWJF


CLIMATE REPORT
NATIONAL WEATHER SERVICE LOS ANGELES/OXNARD CA
104 AM PST MON JAN 26 2015


...................................

...THE LANCASTER FOX FIELD CA CLIMATE SUMMARY FOR JANUARY 25 2015...

CLIMATE NORMAL PERIOD 1981 TO 2010
CLIMATE RECORD PERIOD 1948 TO 2015


WEATHER ITEM   OBSERVED TIME   RECORD YEAR NORMAL DEPARTURE
                VALUE   (LST)  VALUE       VALUE  FROM
                                                  NORMAL
...............................................................
TEMPERATURE (F)
 YESTERDAY
  MAXIMUM         70    252 PM  76    1975  59     11
  MINIMUM         29    542 AM  18    2002  32     -3
  AVERAGE         50                        46      4

PRECIPITATION (IN)
  YESTERDAY        0.00          0.87 1969   0.04  -0.04
  MONTH TO DATE    0.85                      1.19  -0.34
  SINCE OCT 1      3.77                      3.32   0.45
  SINCE JAN 1      0.85                      1.19  -0.34

SNOWFALL (IN)
  YESTERDAY        0.0           2.0  1949
  MONTH TO DATE    0.0
  SINCE DEC 1      0.0
  SINCE JUL 1      0.0
  SNOW DEPTH       0

DEGREE DAYS
 HEATING
  YESTERDAY       15                               -4
  MONTH TO DATE  500                               -9
  SINCE DEC 1   1066                             -100
  SINCE JUL 1   1463                             -248

 COOLING
  YESTERDAY        0                                0
  MONTH TO DATE    0                                0
  SINCE DEC 1      0                                0
  SINCE JAN 1      0                                0
...............................................................


WIND (MPH)
  HIGHEST WIND SPEED    16   HIGHEST WIND DIRECTION    NE (50)
  HIGHEST GUST SPEED    19   HIGHEST GUST DIRECTION     E (70)
  AVERAGE WIND SPEED     6.7




RELATIVE HUMIDITY (PERCENT)
 HIGHEST    78
 LOWEST     23
 AVERAGE    51

..........................................................


THE LANCASTER FOX FIELD CA CLIMATE NORMALS FOR TODAY
                         NORMAL    RECORD    YEAR
 MAXIMUM TEMPERATURE (F)   59        78      1951
 MINIMUM TEMPERATURE (F)   32        10      1949


SUNRISE AND SUNSET
JANUARY 26 2015.......SUNRISE   655 AM PST   SUNSET   516 PM PST
JANUARY 27 2015.......SUNRISE   655 AM PST   SUNSET   517 PM PST


-  INDICATES NEGATIVE NUMBERS.
R  INDICATES RECORD WAS SET OR TIED.
MM INDICATES DATA IS MISSING.
T  INDICATES TRACE AMOUNT.




$$
