000
CDUS46 KLOX 240909
CLIWJF


CLIMATE REPORT
NATIONAL WEATHER SERVICE LOS ANGELES/OXNARD CA
209 AM PDT SUN MAY 24 2015


...................................

...THE LANCASTER FOX FIELD CA CLIMATE SUMMARY FOR MAY 23 2015...

CLIMATE NORMAL PERIOD 1981 TO 2010
CLIMATE RECORD PERIOD 1948 TO 2015


WEATHER ITEM   OBSERVED TIME   RECORD YEAR NORMAL DEPARTURE
                VALUE   (LST)  VALUE       VALUE  FROM
                                                  NORMAL
...............................................................
TEMPERATURE (F)
 YESTERDAY
  MAXIMUM         73    159 PM 102    2001  84    -11
  MINIMUM         52    524 AM  41    2010  56     -4
                                      1980
  AVERAGE         63                        70     -7

PRECIPITATION (IN)
  YESTERDAY        0.00          0.06 2008   0.00   0.00
  MONTH TO DATE    0.28                      0.07   0.21
  SINCE OCT 1      4.61                      6.97  -2.36
  SINCE JAN 1      1.69                      4.84  -3.15

SNOWFALL (IN)
  YESTERDAY        0.0           0.0    MM
  MONTH TO DATE    0.0
  SINCE MAR 1      0.0
  SINCE JUL 1      0.0
  SNOW DEPTH       0

DEGREE DAYS
 HEATING
  YESTERDAY        2                                1
  MONTH TO DATE  105                               53
  SINCE MAR 1    507                             -120
  SINCE JUL 1   2376                             -544

 COOLING
  YESTERDAY        0                               -6
  MONTH TO DATE   13                              -88
  SINCE MAR 1     41                              -90
  SINCE JAN 1     41                              -90
...............................................................


WIND (MPH)
  HIGHEST WIND SPEED    32   HIGHEST WIND DIRECTION    SW (220)
  HIGHEST GUST SPEED    39   HIGHEST GUST DIRECTION     W (260)
  AVERAGE WIND SPEED    20.0




RELATIVE HUMIDITY (PERCENT)
 HIGHEST    83
 LOWEST     35
 AVERAGE    59

..........................................................


THE LANCASTER FOX FIELD CA CLIMATE NORMALS FOR TODAY
                         NORMAL    RECORD    YEAR
 MAXIMUM TEMPERATURE (F)   85        99      2001
 MINIMUM TEMPERATURE (F)   56        39      2008


SUNRISE AND SUNSET
MAY 24 2015...........SUNRISE   544 AM PDT   SUNSET   756 PM PDT
MAY 25 2015...........SUNRISE   544 AM PDT   SUNSET   756 PM PDT


-  INDICATES NEGATIVE NUMBERS.
R  INDICATES RECORD WAS SET OR TIED.
MM INDICATES DATA IS MISSING.
T  INDICATES TRACE AMOUNT.




$$
