000
CDUS46 KLOX 160910
CLIWJF


CLIMATE REPORT
NATIONAL WEATHER SERVICE LOS ANGELES/OXNARD CA
210 AM PDT WED APR 16 2014


...................................

...THE LANCASTER FOX FIELD CA CLIMATE SUMMARY FOR APRIL 15 2014...

CLIMATE NORMAL PERIOD 1981 TO 2010
CLIMATE RECORD PERIOD 1948 TO 2014


WEATHER ITEM   OBSERVED TIME   RECORD YEAR NORMAL DEPARTURE
                VALUE   (LST)  VALUE       VALUE  FROM
                                                  NORMAL
...............................................................
TEMPERATURE (F)
 YESTERDAY
  MAXIMUM         83    228 PM  92    1954  73     10
  MINIMUM         46    558 AM  30    1970  45      1
  AVERAGE         65                        59      6

PRECIPITATION (IN)
  YESTERDAY        0.00          0.27 1976   0.01  -0.01
  MONTH TO DATE    0.09                      0.22  -0.13
  SINCE JUL 1      3.79                      7.11  -3.32
  SINCE JAN 1      2.18                      4.64  -2.46

SNOWFALL (IN)
  YESTERDAY        0.0           0.0    MM
  MONTH TO DATE    0.0
  SINCE MAR 1      0.0
  SINCE JUL 1      0.0
  SNOW DEPTH      MM

DEGREE DAYS
 HEATING
  YESTERDAY        0                               -7
  MONTH TO DATE   99                              -29
  SINCE MAR 1    386                             -110
  SINCE JUL 1   2623                             -166

 COOLING
  YESTERDAY        0                               -1
  MONTH TO DATE    6                                0
  SINCE MAR 1      6                               -2
  SINCE JAN 1     12                                4
...............................................................


WIND (MPH)
  HIGHEST WIND SPEED    28   HIGHEST WIND DIRECTION     W (270)
  HIGHEST GUST SPEED    32   HIGHEST GUST DIRECTION     W (270)
  AVERAGE WIND SPEED    11.9




RELATIVE HUMIDITY (PERCENT)
 HIGHEST    49
 LOWEST     14
 AVERAGE    32

..........................................................


THE LANCASTER FOX FIELD CA CLIMATE NORMALS FOR TODAY
                         NORMAL    RECORD    YEAR
 MAXIMUM TEMPERATURE (F)   73        94      1954
 MINIMUM TEMPERATURE (F)   45        32      1983


SUNRISE AND SUNSET
APRIL 16 2014.........SUNRISE   620 AM PDT   SUNSET   726 PM PDT
APRIL 17 2014.........SUNRISE   619 AM PDT   SUNSET   727 PM PDT


-  INDICATES NEGATIVE NUMBERS.
R  INDICATES RECORD WAS SET OR TIED.
MM INDICATES DATA IS MISSING.
T  INDICATES TRACE AMOUNT.




$$
