000
CDUS46 KLOX 290112
CLIWJF


CLIMATE REPORT
NATIONAL WEATHER SERVICE LOS ANGELES/OXNARD CA
611 PM PDT THU APR 28 2016


...................................

...THE LANCASTER CLIMATE SUMMARY FOR APRIL 28 2016...
VALID TODAY AS OF 0600 PM LOCAL TIME.

CLIMATE NORMAL PERIOD 1981 TO 2010
CLIMATE RECORD PERIOD 1948 TO 2016


WEATHER ITEM   OBSERVED TIME   RECORD YEAR NORMAL DEPARTURE LAST
                VALUE   (LST)  VALUE       VALUE  FROM      YEAR
                                                  NORMAL
..................................................................
TEMPERATURE (F)
 TODAY
  MAXIMUM         66    357 PM  96    2013  77    -11       87
                                      2007
  MINIMUM         45    316 AM  31    1955  49     -4       39
  AVERAGE         56                        63     -7       63

PRECIPITATION (IN)
  TODAY            0.00          0.48 2005   0.01  -0.01     0.00
  MONTH TO DATE    0.15                      0.34  -0.19     0.01
  SINCE OCT 1      3.82                      6.89  -3.07     4.33
  SINCE JAN 1      2.53                      4.76  -2.23     1.41

SNOWFALL (IN)
  TODAY            0.0           0.0    MM   0.0             0.0
  MONTH TO DATE    0.0                       0.0             0.0
  SINCE MAR 1      0.0                       0.0             0.0
  SINCE JUL 1      0.0                       2.3             0.0
  SNOW DEPTH       0

DEGREE DAYS
 HEATING
  TODAY            9                         4      5        2
  MONTH TO DATE  109                       199    -90      184
  SINCE MAR 1    366                       567   -201      402
  SINCE JUL 1   2617                      2860   -243     2271

 COOLING
  TODAY            0                         2     -2        0
  MONTH TO DATE   18                        23     -5        8
  SINCE MAR 1     21                        25     -4       14
  SINCE JAN 1     24                        25     -1       14
..................................................................


WIND (MPH)
  HIGHEST WIND SPEED    36   HIGHEST WIND DIRECTION     W (270)
  HIGHEST GUST SPEED    42   HIGHEST GUST DIRECTION     W (280)
  AVERAGE WIND SPEED    23.5


SKY COVER
  POSSIBLE SUNSHINE  MM
  AVERAGE SKY COVER 0.2


WEATHER CONDITIONS
 THE FOLLOWING WEATHER WAS RECORDED TODAY.
  NO SIGNIFICANT WEATHER WAS OBSERVED.


RELATIVE HUMIDITY (PERCENT)
 HIGHEST    71           500 AM
 LOWEST     29           400 PM
 AVERAGE    50

..........................................................


THE LANCASTER CLIMATE NORMALS FOR TOMORROW
                         NORMAL    RECORD    YEAR
 MAXIMUM TEMPERATURE (F)   77        94      2013
                                             1959
 MINIMUM TEMPERATURE (F)   49        34      1967


SUNRISE AND SUNSET
APRIL 28 2016.........SUNRISE   605 AM PDT   SUNSET   736 PM PDT
APRIL 29 2016.........SUNRISE   604 AM PDT   SUNSET   737 PM PDT


-  INDICATES NEGATIVE NUMBERS.
R  INDICATES RECORD WAS SET OR TIED.
MM INDICATES DATA IS MISSING.
T  INDICATES TRACE AMOUNT.




$$
