000
CDUS45 KLKN 040930
CLIWMC


CLIMATE REPORT
NATIONAL WEATHER SERVICE ELKO NV
227 AM PDT FRI SEP 4 2015


...................................

...THE WINNEMUCCA AIRPORT NV CLIMATE SUMMARY FOR SEPTEMBER 3 2015...

CLIMATE NORMAL PERIOD 1981 TO 2010
CLIMATE RECORD PERIOD 1877 TO 2015


WEATHER ITEM   OBSERVED TIME   RECORD YEAR NORMAL DEPARTURE LAST
                VALUE   (LST)  VALUE       VALUE  FROM      YEAR
                                                  NORMAL
..................................................................
TEMPERATURE (F)
 YESTERDAY
  MAXIMUM         81    107 PM 100    1955  86     -5       81
                                      1950
  MINIMUM         47    622 AM  29    1971  44      3       48
                                      1961
  AVERAGE         64                        65     -1       65

PRECIPITATION (IN)
  YESTERDAY        T             0.68 1936   0.01  -0.01     0.00
  MONTH TO DATE    T                         0.03  -0.03     0.00
  SINCE OCT 1      9.13                      7.87   1.26     7.24
  SINCE JAN 1      6.56                      5.39   1.17     4.58

SNOWFALL (IN)
  YESTERDAY        0.0           0.0  1877   0.0    0.0      0.0
  MONTH TO DATE    0.0                       0.0    0.0      0.0
  SINCE SEP 1      0.0                       0.0    0.0      0.0
  SINCE JUL 1      0.0                       0.0    0.0      0.0
  SNOW DEPTH       0

DEGREE DAYS
 HEATING
  YESTERDAY        1                         2     -1        0
  MONTH TO DATE    2                         6     -4        2
  SINCE SEP 1      2                         6     -4        2
  SINCE JUL 1     12                        36    -24       21

 COOLING
  YESTERDAY        0                         2     -2        0
  MONTH TO DATE    3                         7     -4        3
  SINCE SEP 1      3                         7     -4        3
  SINCE JAN 1    590                       517     73      628
..................................................................


WIND (MPH)
  HIGHEST WIND SPEED    21   HIGHEST WIND DIRECTION     N (350)
  HIGHEST GUST SPEED    28   HIGHEST GUST DIRECTION     N (340)
  AVERAGE WIND SPEED     8.0



WEATHER CONDITIONS
 THE FOLLOWING WEATHER WAS RECORDED YESTERDAY.
  LIGHT RAIN


RELATIVE HUMIDITY (PERCENT)
 HIGHEST    56           500 AM
 LOWEST     17          1200 PM
 AVERAGE    37

..........................................................


THE WINNEMUCCA AIRPORT NV CLIMATE NORMALS FOR TODAY
                         NORMAL    RECORD    YEAR
 MAXIMUM TEMPERATURE (F)   86       101      1976
                                             1955
 MINIMUM TEMPERATURE (F)   44        28      1999


SUNRISE AND SUNSET
SEPTEMBER  4 2015.....SUNRISE   621 AM PDT   SUNSET   719 PM PDT
SEPTEMBER  5 2015.....SUNRISE   622 AM PDT   SUNSET   717 PM PDT


-  INDICATES NEGATIVE NUMBERS.
R  INDICATES RECORD WAS SET OR TIED.
MM INDICATES DATA IS MISSING.
T  INDICATES TRACE AMOUNT.




$$
