000
CDUS45 KLKN 290932
CLIWMC


CLIMATE REPORT
NATIONAL WEATHER SERVICE ELKO NV
128 AM PST MON DEC 29 2014


...................................

...THE WINNEMUCCA AIRPORT NV CLIMATE SUMMARY FOR DECEMBER 28 2014...

CLIMATE NORMAL PERIOD 1981 TO 2010
CLIMATE RECORD PERIOD 1877 TO 2014


WEATHER ITEM   OBSERVED TIME   RECORD YEAR NORMAL DEPARTURE LAST
                VALUE   (LST)  VALUE       VALUE  FROM      YEAR
                                                  NORMAL
..................................................................
TEMPERATURE (F)
 YESTERDAY
  MAXIMUM         45    156 PM  62    2011  40      5       43
  MINIMUM         26   1159 PM -14    1988  17      9       11
  AVERAGE         36                        29      7       27

PRECIPITATION (IN)
  YESTERDAY        T             0.50 1951   0.04  -0.04     0.00
  MONTH TO DATE    1.16                      0.84   0.32     0.61
  SINCE OCT 1      2.57                      2.39   0.18     2.66
  SINCE JAN 1      8.55                      8.19   0.36     5.72

SNOWFALL (IN)
  YESTERDAY        T             1.5  1884   0.2   -0.2      0.0
  MONTH TO DATE    T                         4.8   -4.8      9.9
  SINCE DEC 1      T                         4.8   -4.8      9.9
  SINCE JUL 1      2.3                       8.3   -6.0     16.5
  SNOW DEPTH       0

DEGREE DAYS
 HEATING
  YESTERDAY       29                        36     -7       38
  MONTH TO DATE  755                       991   -236     1328
  SINCE DEC 1    755                       991   -236     1328
  SINCE JUL 1   2049                      2559   -510     2873

 COOLING
  YESTERDAY        0                         0      0        0
  MONTH TO DATE    0                         0      0        0
  SINCE DEC 1      0                         0      0        0
  SINCE JAN 1    674                       541    133      762
..................................................................


WIND (MPH)
  HIGHEST WIND SPEED    21   HIGHEST WIND DIRECTION     W (270)
  HIGHEST GUST SPEED    26   HIGHEST GUST DIRECTION    SW (230)
  AVERAGE WIND SPEED    10.9



WEATHER CONDITIONS
 THE FOLLOWING WEATHER WAS RECORDED YESTERDAY.
  LIGHT SNOW


RELATIVE HUMIDITY (PERCENT)
 HIGHEST    92          1100 PM
 LOWEST     45           200 PM
 AVERAGE    69

..........................................................


THE WINNEMUCCA AIRPORT NV CLIMATE NORMALS FOR TODAY
                         NORMAL    RECORD    YEAR
 MAXIMUM TEMPERATURE (F)   40        60      1917
 MINIMUM TEMPERATURE (F)   17       -16      1990
                                             1988


SUNRISE AND SUNSET
DECEMBER 29 2014......SUNRISE   715 AM PST   SUNSET   431 PM PST
DECEMBER 30 2014......SUNRISE   715 AM PST   SUNSET   432 PM PST


-  INDICATES NEGATIVE NUMBERS.
R  INDICATES RECORD WAS SET OR TIED.
MM INDICATES DATA IS MISSING.
T  INDICATES TRACE AMOUNT.




$$
