000
CDUS45 KLKN 230931
CLIWMC


CLIMATE REPORT
NATIONAL WEATHER SERVICE ELKO NV
126 AM PST THU NOV 23 2017


...................................

...THE WINNEMUCCA AIRPORT NV CLIMATE SUMMARY FOR NOVEMBER 22 2017...

CLIMATE NORMAL PERIOD 1981 TO 2010
CLIMATE RECORD PERIOD 1877 TO 2017


WEATHER ITEM   OBSERVED TIME   RECORD YEAR NORMAL DEPARTURE LAST
                VALUE   (LST)  VALUE       VALUE  FROM      YEAR
                                                  NORMAL
..................................................................
TEMPERATURE (F)
 YESTERDAY
  MAXIMUM         68R   228 PM  65    1954  48     20       49
                                      1917
                                      1915
  MINIMUM         32    628 AM  -8    1947  21     11       22
  AVERAGE         50                        34     16       36

PRECIPITATION (IN)
  YESTERDAY        0.00          0.31 1996   0.04  -0.04     0.00
  MONTH TO DATE    0.58                      0.64  -0.06     0.30
  SINCE OCT 1      0.66                      1.31  -0.65     2.24
  SINCE JAN 1      7.74                      7.11   0.63     7.06

SNOWFALL (IN)
  YESTERDAY        0.0           2.2  1906   0.2   -0.2      0.0
  MONTH TO DATE    T                         1.9   -1.9       T
  SINCE SEP 1      T                         2.4   -2.4       T
  SINCE JUL 1      T                         2.4   -2.4       T
  SNOW DEPTH       0

DEGREE DAYS
 HEATING
  YESTERDAY       15                        31    -16       29
  MONTH TO DATE  467                       588   -121      447
  SINCE SEP 1   1276                      1283     -7     1078
  SINCE JUL 1   1276                      1313    -37     1098

 COOLING
  YESTERDAY        0                         0      0        0
  MONTH TO DATE    0                         0      0        0
  SINCE SEP 1    120                        31     89       12
  SINCE JAN 1    927                       541    386      577
..................................................................


WIND (MPH)
  HIGHEST WIND SPEED    12   HIGHEST WIND DIRECTION    NE (50)
  HIGHEST GUST SPEED    15   HIGHEST GUST DIRECTION    NE (50)
  AVERAGE WIND SPEED     4.6



WEATHER CONDITIONS
 THE FOLLOWING WEATHER WAS RECORDED YESTERDAY.
  NO SIGNIFICANT WEATHER WAS OBSERVED.


RELATIVE HUMIDITY (PERCENT)
 HIGHEST    92           500 AM
 LOWEST     42           200 PM
 AVERAGE    67

..........................................................


THE WINNEMUCCA AIRPORT NV CLIMATE NORMALS FOR TODAY
                         NORMAL    RECORD    YEAR
 MAXIMUM TEMPERATURE (F)   48        65      1998
                                             1954
 MINIMUM TEMPERATURE (F)   21        -3      1947


SUNRISE AND SUNSET
NOVEMBER 23 2017......SUNRISE   648 AM PST   SUNSET   427 PM PST
NOVEMBER 24 2017......SUNRISE   649 AM PST   SUNSET   426 PM PST


-  INDICATES NEGATIVE NUMBERS.
R  INDICATES RECORD WAS SET OR TIED.
MM INDICATES DATA IS MISSING.
T  INDICATES TRACE AMOUNT.




$$
