000
CDUS45 KLKN 050034
CLIWMC


CLIMATE REPORT
NATIONAL WEATHER SERVICE ELKO NV
530 PM PDT SAT JUL 4 2015


...................................

...THE WINNEMUCCA AIRPORT NV CLIMATE SUMMARY FOR JULY 4 2015...
VALID TODAY AS OF 500 PM LOCAL TIME.

CLIMATE NORMAL PERIOD 1981 TO 2010
CLIMATE RECORD PERIOD 1877 TO 2015


WEATHER ITEM   OBSERVED TIME   RECORD YEAR NORMAL DEPARTURE LAST
                VALUE   (LST)  VALUE       VALUE  FROM      YEAR
                                                  NORMAL
..................................................................
TEMPERATURE (F)
 TODAY
  MAXIMUM         93   1200 PM 105    1981  91      2       98
  MINIMUM         58    400 AM  34    1978  50      8       55
  AVERAGE         76                        70      6       77

PRECIPITATION (IN)
  TODAY            0.00          0.25 2013   0.01  -0.01     0.00
  MONTH TO DATE    T                         0.03  -0.03     0.00
  SINCE OCT 1      8.24                      7.44   0.80     6.65
  SINCE JAN 1      5.67                      4.96   0.71     3.99

SNOWFALL (IN)
  TODAY            0.0           0.0  1877   0.0    0.0      0.0
  MONTH TO DATE    0.0                       0.0    0.0      0.0
  SINCE JUN 1      0.0                       T      0.0      0.0
  SINCE JUL 1      0.0                       0.0    0.0      0.0
  SNOW DEPTH       0

DEGREE DAYS
 HEATING
  TODAY            0                         1     -1        0
  MONTH TO DATE    0                         4     -4        0
  SINCE JUN 1     22                       109    -87       74
  SINCE JUL 1      0                         4     -4        0

 COOLING
  TODAY           11                         6      5       12
  MONTH TO DATE   69                        23     46       52
  SINCE JUN 1    274                       102    172      126
  SINCE JAN 1    278                       113    165      135
..................................................................


WIND (MPH)
  HIGHEST WIND SPEED    20   HIGHEST WIND DIRECTION     S (170)
  HIGHEST GUST SPEED    40   HIGHEST GUST DIRECTION    SW (230)



WEATHER CONDITIONS
 THE FOLLOWING WEATHER WAS RECORDED TODAY.
  NO SIGNIFICANT WEATHER WAS OBSERVED.


RELATIVE HUMIDITY (PERCENT)
 HIGHEST    80           400 AM
 LOWEST     19          1200 PM
 AVERAGE    50

..........................................................


THE WINNEMUCCA AIRPORT NV CLIMATE NORMALS FOR TOMORROW
                         NORMAL    RECORD    YEAR
 MAXIMUM TEMPERATURE (F)   91       106      2007
 MINIMUM TEMPERATURE (F)   51        29      1955


SUNRISE AND SUNSET
JULY  4 2015..........SUNRISE   525 AM PDT   SUNSET   826 PM PDT
JULY  5 2015..........SUNRISE   525 AM PDT   SUNSET   826 PM PDT


-  INDICATES NEGATIVE NUMBERS.
R  INDICATES RECORD WAS SET OR TIED.
MM INDICATES DATA IS MISSING.
T  INDICATES TRACE AMOUNT.




$$
