000
CDUS45 KLKN 030935
CLIWMC


CLIMATE REPORT
NATIONAL WEATHER SERVICE ELKO NV
133 AM PST TUE MAR 3 2015


...................................

...THE WINNEMUCCA AIRPORT NV CLIMATE SUMMARY FOR MARCH 2 2015...

CLIMATE NORMAL PERIOD 1981 TO 2010
CLIMATE RECORD PERIOD 1877 TO 2015


WEATHER ITEM   OBSERVED TIME   RECORD YEAR NORMAL DEPARTURE LAST
                VALUE   (LST)  VALUE       VALUE  FROM      YEAR
                                                  NORMAL
..................................................................
TEMPERATURE (F)
 YESTERDAY
  MAXIMUM         50    328 PM  69    1994  52     -2       53
  MINIMUM         19    334 AM  -3    1971  25     -6       35
  AVERAGE         35                        39     -4       44

PRECIPITATION (IN)
  YESTERDAY        T             0.31 1985   0.02  -0.02      T
  MONTH TO DATE    T                         0.05  -0.05     0.02
  SINCE OCT 1      3.74                      4.06  -0.32     4.29
  SINCE JAN 1      1.17                      1.58  -0.41     1.63

SNOWFALL (IN)
  YESTERDAY       MM             5.4  1962   0.1   MM        0.0
  MONTH TO DATE    0.0                       0.2   -0.2      0.0
  SINCE MAR 1      0.0                       0.2   -0.2      0.0
  SINCE JUL 1      2.9                      16.2  -13.3     21.5
  SNOW DEPTH      MM

DEGREE DAYS
 HEATING
  YESTERDAY       30                        26      4       21
  MONTH TO DATE   58                        53      5       42
  SINCE MAR 1     58                        53      5       42
  SINCE JUL 1   3840                      4642   -802     4701

 COOLING
  YESTERDAY        0                         0      0        0
  MONTH TO DATE    0                         0      0        0
  SINCE MAR 1      0                         0      0        0
  SINCE JAN 1      0                         0      0        0
..................................................................


WIND (MPH)
  HIGHEST WIND SPEED    17   HIGHEST WIND DIRECTION    SW (220)
  HIGHEST GUST SPEED    23   HIGHEST GUST DIRECTION    SW (230)
  AVERAGE WIND SPEED     5.2



WEATHER CONDITIONS
 THE FOLLOWING WEATHER WAS RECORDED YESTERDAY.
  LIGHT RAIN
  FOG


RELATIVE HUMIDITY (PERCENT)
 HIGHEST    92           400 AM
 LOWEST     31           300 PM
 AVERAGE    62

..........................................................


THE WINNEMUCCA AIRPORT NV CLIMATE NORMALS FOR TODAY
                         NORMAL    RECORD    YEAR
 MAXIMUM TEMPERATURE (F)   53        72      1921
 MINIMUM TEMPERATURE (F)   25         2      1964


SUNRISE AND SUNSET
MARCH  3 2015.........SUNRISE   622 AM PST   SUNSET   544 PM PST
MARCH  4 2015.........SUNRISE   621 AM PST   SUNSET   546 PM PST


-  INDICATES NEGATIVE NUMBERS.
R  INDICATES RECORD WAS SET OR TIED.
MM INDICATES DATA IS MISSING.
T  INDICATES TRACE AMOUNT.




$$
