000
CDUS45 KLKN 230928
CLIWMC


CLIMATE REPORT
NATIONAL WEATHER SERVICE ELKO NV
128 AM PST SUN NOV 23 2014


...................................

...THE WINNEMUCCA AIRPORT NV CLIMATE SUMMARY FOR NOVEMBER 22 2014...

CLIMATE NORMAL PERIOD 1981 TO 2010
CLIMATE RECORD PERIOD 1877 TO 2014


WEATHER ITEM   OBSERVED TIME   RECORD YEAR NORMAL DEPARTURE LAST
                VALUE   (LST)  VALUE       VALUE  FROM      YEAR
                                                  NORMAL
..................................................................
TEMPERATURE (F)
 YESTERDAY
  MAXIMUM         58   1213 PM  65    1954  48     10       45
                                      1917
                                      1915
  MINIMUM         33   1159 PM  -8    1947  21     12       24
  AVERAGE         46                        34     12       35

PRECIPITATION (IN)
  YESTERDAY        0.19          0.31 1996   0.04   0.15     0.00
  MONTH TO DATE    0.98                      0.64   0.34     0.57
  SINCE OCT 1      1.07                      1.31  -0.24     2.05
  SINCE JAN 1      7.05                      7.11  -0.06     5.11

SNOWFALL (IN)
  YESTERDAY        T             2.2  1906   0.2   -0.2      0.0
  MONTH TO DATE    0.5                       1.9   -1.4       T
  SINCE SEP 1      0.5                       2.4   -1.9      6.6
  SINCE JUL 1      0.5                       2.4   -1.9      6.6
  SNOW DEPTH       0

DEGREE DAYS
 HEATING
  YESTERDAY       19                        31    -12       30
  MONTH TO DATE  587                       588     -1      518
  SINCE SEP 1   1092                      1283   -191     1300
  SINCE JUL 1   1111                      1313   -202     1300

 COOLING
  YESTERDAY        0                         0      0        0
  MONTH TO DATE    0                         0      0        0
  SINCE SEP 1     49                        31     18       81
  SINCE JAN 1    674                       541    133      762
..................................................................


WIND (MPH)
  HIGHEST WIND SPEED    37   HIGHEST WIND DIRECTION     W (270)
  HIGHEST GUST SPEED    49   HIGHEST GUST DIRECTION     W (270)
  AVERAGE WIND SPEED    13.9



WEATHER CONDITIONS
 THE FOLLOWING WEATHER WAS RECORDED YESTERDAY.
  THUNDERSTORM
  HEAVY RAIN
  RAIN
  LIGHT RAIN
  FOG
  HAZE


RELATIVE HUMIDITY (PERCENT)
 HIGHEST    82           300 PM
 LOWEST     47          1200 PM
 AVERAGE    65

..........................................................


THE WINNEMUCCA AIRPORT NV CLIMATE NORMALS FOR TODAY
                         NORMAL    RECORD    YEAR
 MAXIMUM TEMPERATURE (F)   48        65      1998
                                             1954
 MINIMUM TEMPERATURE (F)   21        -3      1947


SUNRISE AND SUNSET
NOVEMBER 23 2014......SUNRISE   648 AM PST   SUNSET   427 PM PST
NOVEMBER 24 2014......SUNRISE   649 AM PST   SUNSET   427 PM PST


-  INDICATES NEGATIVE NUMBERS.
R  INDICATES RECORD WAS SET OR TIED.
MM INDICATES DATA IS MISSING.
T  INDICATES TRACE AMOUNT.




$$
