000
CDUS45 KLKN 230933
CLIWMC


CLIMATE REPORT
NATIONAL WEATHER SERVICE ELKO NV
230 AM PDT SUN APR 23 2017


...................................

...THE WINNEMUCCA AIRPORT NV CLIMATE SUMMARY FOR APRIL 22 2017...

CLIMATE NORMAL PERIOD 1981 TO 2010
CLIMATE RECORD PERIOD 1877 TO 2017


WEATHER ITEM   OBSERVED TIME   RECORD YEAR NORMAL DEPARTURE LAST
                VALUE   (LST)  VALUE       VALUE  FROM      YEAR
                                                  NORMAL
..................................................................
TEMPERATURE (F)
 YESTERDAY
  MAXIMUM         72    128 PM  90    2012  64      8       65
  MINIMUM         38    518 AM   8    1968  32      6       38
  AVERAGE         55                        48      7       52

PRECIPITATION (IN)
  YESTERDAY        0.00          1.03 2010   0.03  -0.03      T
  MONTH TO DATE    0.66                      0.63   0.03     0.43
  SINCE OCT 1      9.07                      5.47   3.60     7.56
  SINCE JAN 1      4.53                      2.99   1.54     3.28

SNOWFALL (IN)
  YESTERDAY        0.0           4.8  1964   0.0    0.0      0.0
  MONTH TO DATE    T                         1.3   -1.3       T
  SINCE MAR 1      2.2                       4.5   -2.3      1.7
  SINCE JUL 1     18.3                      20.5   -2.2     21.1
  SNOW DEPTH       0

DEGREE DAYS
 HEATING
  YESTERDAY       10                        17     -7       13
  MONTH TO DATE  416                       426    -10      309
  SINCE MAR 1   1042                      1165   -123      968
  SINCE JUL 1   5481                      5754   -273     5145

 COOLING
  YESTERDAY        0                         0      0        0
  MONTH TO DATE    0                         0      0        0
  SINCE MAR 1      0                         0      0        0
  SINCE JAN 1      0                         0      0        0
..................................................................


WIND (MPH)
  HIGHEST WIND SPEED    14   HIGHEST WIND DIRECTION    NE (60)
  HIGHEST GUST SPEED    19   HIGHEST GUST DIRECTION     S (170)
  AVERAGE WIND SPEED     7.5



WEATHER CONDITIONS
 THE FOLLOWING WEATHER WAS RECORDED YESTERDAY.
  NO SIGNIFICANT WEATHER WAS OBSERVED.


RELATIVE HUMIDITY (PERCENT)
 HIGHEST    76           200 AM
 LOWEST     24           400 PM
 AVERAGE    50

..........................................................


THE WINNEMUCCA AIRPORT NV CLIMATE NORMALS FOR TODAY
                         NORMAL    RECORD    YEAR
 MAXIMUM TEMPERATURE (F)   65        90      2012
 MINIMUM TEMPERATURE (F)   32        14      1970


SUNRISE AND SUNSET
APRIL 23 2017.........SUNRISE   600 AM PDT   SUNSET   740 PM PDT
APRIL 24 2017.........SUNRISE   558 AM PDT   SUNSET   741 PM PDT


-  INDICATES NEGATIVE NUMBERS.
R  INDICATES RECORD WAS SET OR TIED.
MM INDICATES DATA IS MISSING.
T  INDICATES TRACE AMOUNT.




$$
