000
CDUS45 KLKN 230930
CLIWMC


CLIMATE REPORT
NATIONAL WEATHER SERVICE ELKO NV
228 AM PDT SAT AUG 23 2014


...................................

...THE WINNEMUCCA AIRPORT NV CLIMATE SUMMARY FOR AUGUST 22 2014...

CLIMATE NORMAL PERIOD 1981 TO 2010
CLIMATE RECORD PERIOD 1877 TO 2014


WEATHER ITEM   OBSERVED TIME   RECORD YEAR NORMAL DEPARTURE LAST
                VALUE   (LST)  VALUE       VALUE  FROM      YEAR
                                                  NORMAL
..................................................................
TEMPERATURE (F)
 YESTERDAY
  MAXIMUM         84    258 PM 102    1969  90     -6       92
  MINIMUM         52   1143 PM  30    1899  48      4       58
  AVERAGE         68                        69     -1       75

PRECIPITATION (IN)
  YESTERDAY        T             0.15 1976   0.00   0.00      T
  MONTH TO DATE    0.49                      0.12   0.37     0.13
  SINCE OCT 1      7.24                      7.78  -0.54     4.80
  SINCE JAN 1      4.58                      5.30  -0.72     2.39

SNOWFALL (IN)
  YESTERDAY        0.0           0.0  1877   0.0    0.0      0.0
  MONTH TO DATE    0.0                       0.0    0.0      0.0
  SINCE JUN 1      0.0                       T      0.0       T
  SINCE JUL 1      0.0                       0.0    0.0       T
  SNOW DEPTH       0

DEGREE DAYS
 HEATING
  YESTERDAY        0                         1     -1        0
  MONTH TO DATE    4                         6     -2        0
  SINCE JUN 1     78                       121    -43       70
  SINCE JUL 1      4                        16    -12        0

 COOLING
  YESTERDAY        3                         4     -1       10
  MONTH TO DATE  132                       145    -13      146
  SINCE JUN 1    600                       467    133      647
  SINCE JAN 1    609                       478    131      648
..................................................................


WIND (MPH)
  HIGHEST WIND SPEED    23   HIGHEST WIND DIRECTION     W (270)
  HIGHEST GUST SPEED    31   HIGHEST GUST DIRECTION     W (270)
  AVERAGE WIND SPEED     9.1



WEATHER CONDITIONS
 THE FOLLOWING WEATHER WAS RECORDED YESTERDAY.
  LIGHT RAIN


RELATIVE HUMIDITY (PERCENT)
 HIGHEST    42           900 PM
 LOWEST     11           300 PM
 AVERAGE    27

..........................................................


THE WINNEMUCCA AIRPORT NV CLIMATE NORMALS FOR TODAY
                         NORMAL    RECORD    YEAR
 MAXIMUM TEMPERATURE (F)   90       102      1969
 MINIMUM TEMPERATURE (F)   47        28      1960


SUNRISE AND SUNSET
AUGUST 23 2014........SUNRISE   609 AM PDT   SUNSET   738 PM PDT
AUGUST 24 2014........SUNRISE   610 AM PDT   SUNSET   736 PM PDT


-  INDICATES NEGATIVE NUMBERS.
R  INDICATES RECORD WAS SET OR TIED.
MM INDICATES DATA IS MISSING.
T  INDICATES TRACE AMOUNT.




$$
