000
CDUS45 KRIW 280730
CLIWRL


CLIMATE REPORT
NATIONAL WEATHER SERVICE RIVERTON WY
130 AM MDT THU AUG 28 2014


...................................

...THE WORLAND WY CLIMATE SUMMARY FOR AUGUST 27 2014...

CLIMATE NORMAL PERIOD 1981 TO 2010
CLIMATE RECORD PERIOD 1947 TO 2014


WEATHER ITEM   OBSERVED TIME   RECORD YEAR NORMAL DEPARTURE LAST
                VALUE   (LST)  VALUE       VALUE  FROM      YEAR
                                                  NORMAL
..................................................................
TEMPERATURE (F)
 YESTERDAY
  MAXIMUM         75    359 PM  99    1997  84     -9       89
  MINIMUM         51    518 AM  37    1992  50      1       61
  AVERAGE         63                        67     -4       75

PRECIPITATION (IN)
  YESTERDAY        0.00          0.19 2002   0.01  -0.01     0.00
  MONTH TO DATE    1.49                      0.37   1.12     0.13
  SINCE JUN 1      3.36                      2.23   1.13     0.52
  SINCE JAN 1      5.57                      5.39   0.18     3.21

DEGREE DAYS
 HEATING
  YESTERDAY        2                         2      0        0
  MONTH TO DATE   29                        12     17        0
  SINCE JUN 1    120                       118      2       45
  SINCE JUL 1     30                        25      5        0

 COOLING
  YESTERDAY        0                         4     -4       10
  MONTH TO DATE  162                       168     -6      237
  SINCE JUN 1    470                       481    -11      703
  SINCE JAN 1    500                       493      7      720
..................................................................


WIND (MPH)
  HIGHEST WIND SPEED    10   HIGHEST WIND DIRECTION     S (180)
  HIGHEST GUST SPEED    12   HIGHEST GUST DIRECTION     S (170)
  AVERAGE WIND SPEED     3.6


SKY COVER
  POSSIBLE SUNSHINE  MM
  AVERAGE SKY COVER 0.1


WEATHER CONDITIONS
 THE FOLLOWING WEATHER WAS RECORDED YESTERDAY.
  NO SIGNIFICANT WEATHER WAS OBSERVED.


RELATIVE HUMIDITY (PERCENT)
 HIGHEST    86           700 AM
 LOWEST     41           200 PM
 AVERAGE    64

..........................................................


THE WORLAND WY CLIMATE NORMALS FOR TODAY
                         NORMAL    RECORD    YEAR
 MAXIMUM TEMPERATURE (F)   84        99      1997
 MINIMUM TEMPERATURE (F)   50        36      1962


SUNRISE AND SUNSET
AUGUST 28 2014........SUNRISE   631 AM MDT   SUNSET   755 PM MDT
AUGUST 29 2014........SUNRISE   632 AM MDT   SUNSET   753 PM MDT


-  INDICATES NEGATIVE NUMBERS.
R  INDICATES RECORD WAS SET OR TIED.
MM INDICATES DATA IS MISSING.
T  INDICATES TRACE AMOUNT.




$$
