000
CDUS45 KRIW 300032
CLIWRL


CLIMATE REPORT
NATIONAL WEATHER SERVICE RIVERTON WY
630 PM MDT FRI APR 29 2016


...................................

...THE WORLAND WY CLIMATE SUMMARY FOR APRIL 29 2016...
VALID TODAY AS OF 0500 PM LOCAL TIME.

CLIMATE NORMAL PERIOD 1981 TO 2010
CLIMATE RECORD PERIOD 1947 TO 2016


WEATHER ITEM   OBSERVED TIME   RECORD YEAR NORMAL DEPARTURE LAST
                VALUE   (LST)  VALUE       VALUE  FROM      YEAR
                                                  NORMAL
..................................................................
TEMPERATURE (F)
 TODAY
  MAXIMUM         49        MM  88    1992  64    -15       80
  MINIMUM         38        MM  24    1990  35      3       36
  AVERAGE         44                        50     -6       58

PRECIPITATION (IN)
  TODAY            0.00          0.82 1967   0.05  -0.05     0.00
  MONTH TO DATE    1.31                      0.82   0.49     0.26
  SINCE MAR 1      2.28                      1.28   1.00     0.26
  SINCE JAN 1      2.31                      1.70   0.61     1.03

DEGREE DAYS
 HEATING
  TODAY           21                        15      6        7
  MONTH TO DATE  480                       566    -86      529
  SINCE MAR 1   1273                      1451   -178     1250
  SINCE JUL 1   6658                      7452   -794     7159

 COOLING
  TODAY            0                         0      0        0
  MONTH TO DATE    0                         0      0        0
  SINCE MAR 1      0                         0      0        0
  SINCE JAN 1      0                         0      0        0
..................................................................


WIND (MPH)
  HIGHEST WIND SPEED    10   HIGHEST WIND DIRECTION    SE (130)
  HIGHEST GUST SPEED    MM   HIGHEST GUST DIRECTION    MM
  AVERAGE WIND SPEED     5.0


SKY COVER
  POSSIBLE SUNSHINE  MM
  AVERAGE SKY COVER 1.0


WEATHER CONDITIONS
 THE FOLLOWING WEATHER WAS RECORDED TODAY.
  NO SIGNIFICANT WEATHER WAS OBSERVED.


RELATIVE HUMIDITY (PERCENT)
 HIGHEST    76           500 AM
 LOWEST     46           200 PM
 AVERAGE    61

..........................................................


THE WORLAND WY CLIMATE NORMALS FOR TOMORROW
                         NORMAL    RECORD    YEAR
 MAXIMUM TEMPERATURE (F)   65        88      1992
 MINIMUM TEMPERATURE (F)   36        20      1967


SUNRISE AND SUNSET
APRIL 29 2016.........SUNRISE   606 AM MDT   SUNSET   813 PM MDT
APRIL 30 2016.........SUNRISE   604 AM MDT   SUNSET   815 PM MDT


-  INDICATES NEGATIVE NUMBERS.
R  INDICATES RECORD WAS SET OR TIED.
MM INDICATES DATA IS MISSING.
T  INDICATES TRACE AMOUNT.




$$
