000
CDUS45 KRIW 270739
CLIWRL


CLIMATE REPORT
NATIONAL WEATHER SERVICE RIVERTON WY
138 AM MDT FRI MAY 27 2016


...................................

...THE WORLAND WY CLIMATE SUMMARY FOR MAY 26 2016...

CLIMATE NORMAL PERIOD 1981 TO 2010
CLIMATE RECORD PERIOD 1947 TO 2016


WEATHER ITEM   OBSERVED TIME   RECORD YEAR NORMAL DEPARTURE LAST
                VALUE   (LST)  VALUE       VALUE  FROM      YEAR
                                                  NORMAL
..................................................................
TEMPERATURE (F)
 YESTERDAY
  MAXIMUM         66    135 PM  93    1969  73     -7       70
  MINIMUM         41    440 AM  32    1975  44     -3       43
  AVERAGE         54                        58     -4       57

PRECIPITATION (IN)
  YESTERDAY        0.03          0.73 1962   0.05  -0.02     0.05
  MONTH TO DATE    1.39                      1.18   0.21     2.87
  SINCE MAR 1      3.70                      2.50   1.20     3.22
  SINCE JAN 1      3.73                      2.92   0.81     3.99

DEGREE DAYS
 HEATING
  YESTERDAY       11                         7      4        8
  MONTH TO DATE  284                       276      8      323
  SINCE MAR 1   1577                      1742   -165     1588
  SINCE JUL 1   6962                      7743   -781     7497

 COOLING
  YESTERDAY        0                         0      0        0
  MONTH TO DATE    2                         0      2        0
  SINCE MAR 1      2                         1      1        0
  SINCE JAN 1      2                         1      1        0
..................................................................


WIND (MPH)
  HIGHEST WIND SPEED    20   HIGHEST WIND DIRECTION     N (10)
  HIGHEST GUST SPEED    27   HIGHEST GUST DIRECTION     N (10)
  AVERAGE WIND SPEED     5.5


SKY COVER
  POSSIBLE SUNSHINE  MM
  AVERAGE SKY COVER 0.2


WEATHER CONDITIONS
 THE FOLLOWING WEATHER WAS RECORDED YESTERDAY.
  NO SIGNIFICANT WEATHER WAS OBSERVED.


RELATIVE HUMIDITY (PERCENT)
 HIGHEST    96           400 AM
 LOWEST     39           100 PM
 AVERAGE    68

..........................................................


THE WORLAND WY CLIMATE NORMALS FOR TODAY
                         NORMAL    RECORD    YEAR
 MAXIMUM TEMPERATURE (F)   73        98      1969
 MINIMUM TEMPERATURE (F)   44        34      1965


SUNRISE AND SUNSET
MAY 27 2016...........SUNRISE   535 AM MDT   SUNSET   844 PM MDT
MAY 28 2016...........SUNRISE   534 AM MDT   SUNSET   845 PM MDT


-  INDICATES NEGATIVE NUMBERS.
R  INDICATES RECORD WAS SET OR TIED.
MM INDICATES DATA IS MISSING.
T  INDICATES TRACE AMOUNT.




$$
