000
CDUS45 KRIW 060748
CLIWRL


CLIMATE REPORT
NATIONAL WEATHER SERVICE RIVERTON WY
1246 AM MST SAT FEB 6 2016


...................................

...THE WORLAND WY CLIMATE SUMMARY FOR FEBRUARY 5 2016...

CLIMATE NORMAL PERIOD 1981 TO 2010
CLIMATE RECORD PERIOD 1947 TO 2016


WEATHER ITEM   OBSERVED TIME   RECORD YEAR NORMAL DEPARTURE LAST
                VALUE   (LST)  VALUE       VALUE  FROM      YEAR
                                                  NORMAL
..................................................................
TEMPERATURE (F)
 YESTERDAY
  MAXIMUM         38    257 PM  57    1963  34      4       43
  MINIMUM          8    743 AM -33    1982   7      1        7
  AVERAGE         23                        20      3       25

PRECIPITATION (IN)
  YESTERDAY        0.00          0.31 1987   0.00   0.00     0.00
  MONTH TO DATE    T                         0.03  -0.03     0.08
  SINCE DEC 1      0.31                      0.49  -0.18     1.01
  SINCE JAN 1      0.03                      0.26  -0.23     0.31

DEGREE DAYS
 HEATING
  YESTERDAY       42                        45     -3       40
  MONTH TO DATE  224                       227     -3      211
  SINCE DEC 1   3119                      3183    -64     3210
  SINCE JUL 1   4703                      5075   -372     5126

 COOLING
  YESTERDAY        0                         0      0        0
  MONTH TO DATE    0                         0      0        0
  SINCE DEC 1      0                         0      0        0
  SINCE JAN 1      0                         0      0        0
..................................................................


WIND (MPH)
  HIGHEST WIND SPEED    16   HIGHEST WIND DIRECTION     S (160)
  HIGHEST GUST SPEED    18   HIGHEST GUST DIRECTION     S (160)
  AVERAGE WIND SPEED     5.3


SKY COVER
  POSSIBLE SUNSHINE  MM
  AVERAGE SKY COVER 0.2


WEATHER CONDITIONS
 THE FOLLOWING WEATHER WAS RECORDED YESTERDAY.
  NO SIGNIFICANT WEATHER WAS OBSERVED.


RELATIVE HUMIDITY (PERCENT)
 HIGHEST    88           100 AM
 LOWEST     35           300 PM
 AVERAGE    62

..........................................................


THE WORLAND WY CLIMATE NORMALS FOR TODAY
                         NORMAL    RECORD    YEAR
 MAXIMUM TEMPERATURE (F)   34        55      1963
 MINIMUM TEMPERATURE (F)    7       -34      2014


SUNRISE AND SUNSET
FEBRUARY  6 2016......SUNRISE   724 AM MST   SUNSET   529 PM MST
FEBRUARY  7 2016......SUNRISE   722 AM MST   SUNSET   530 PM MST


-  INDICATES NEGATIVE NUMBERS.
R  INDICATES RECORD WAS SET OR TIED.
MM INDICATES DATA IS MISSING.
T  INDICATES TRACE AMOUNT.




$$
