000
CDUS45 KRIW 240734
CLIWRL


CLIMATE REPORT
NATIONAL WEATHER SERVICE RIVERTON WY
134 AM MDT SUN MAY 24 2015


...................................

...THE WORLAND WY CLIMATE SUMMARY FOR MAY 23 2015...

CLIMATE NORMAL PERIOD 1981 TO 2010
CLIMATE RECORD PERIOD 1947 TO 2015


WEATHER ITEM   OBSERVED TIME   RECORD YEAR NORMAL DEPARTURE LAST
                VALUE   (LST)  VALUE       VALUE  FROM      YEAR
                                                  NORMAL
..................................................................
TEMPERATURE (F)
 YESTERDAY
  MAXIMUM         62    400 PM  91    1967  72    -10       83
  MINIMUM         49   1159 PM  30    1966  43      6       53
  AVERAGE         56                        58     -2       68

PRECIPITATION (IN)
  YESTERDAY        0.25          0.90 1996   0.04   0.21     0.01
  MONTH TO DATE    2.55                      1.03   1.52     0.67
  SINCE MAR 1      2.90                      2.35   0.55     1.36
  SINCE JAN 1      3.67                      2.77   0.90     1.74

DEGREE DAYS
 HEATING
  YESTERDAY        9                         8      1        0
  MONTH TO DATE  295                       255     40      281
  SINCE MAR 1   1560                      1721   -161     1803
  SINCE JUL 1   7469                      7722   -253     8183

 COOLING
  YESTERDAY        0                         0      0        3
  MONTH TO DATE    0                         0      0        3
  SINCE MAR 1      0                         1     -1        3
  SINCE JAN 1      0                         1     -1        3
..................................................................


WIND (MPH)
  HIGHEST WIND SPEED    18   HIGHEST WIND DIRECTION    SE (140)
  HIGHEST GUST SPEED    23   HIGHEST GUST DIRECTION    NW (330)
  AVERAGE WIND SPEED     5.9


SKY COVER
  POSSIBLE SUNSHINE  MM
  AVERAGE SKY COVER 0.8


WEATHER CONDITIONS
 THE FOLLOWING WEATHER WAS RECORDED YESTERDAY.
  THUNDERSTORM
  RAIN
  LIGHT RAIN
  FOG


RELATIVE HUMIDITY (PERCENT)
 HIGHEST    96           300 AM
 LOWEST     60           300 PM
 AVERAGE    78

..........................................................


THE WORLAND WY CLIMATE NORMALS FOR TODAY
                         NORMAL    RECORD    YEAR
 MAXIMUM TEMPERATURE (F)   72        91      1969
 MINIMUM TEMPERATURE (F)   43        30      2002


SUNRISE AND SUNSET
MAY 24 2015...........SUNRISE   538 AM MDT   SUNSET   840 PM MDT
MAY 25 2015...........SUNRISE   537 AM MDT   SUNSET   841 PM MDT


-  INDICATES NEGATIVE NUMBERS.
R  INDICATES RECORD WAS SET OR TIED.
MM INDICATES DATA IS MISSING.
T  INDICATES TRACE AMOUNT.




$$
