000
CDUS45 KRIW 310736
CLIWRL


CLIMATE REPORT
NATIONAL WEATHER SERVICE RIVERTON WY
127 AM MDT SUN JUL 31 2016


...................................

...THE WORLAND WY CLIMATE SUMMARY FOR JULY 30 2016...

CLIMATE NORMAL PERIOD 1981 TO 2010
CLIMATE RECORD PERIOD 1947 TO 2016


WEATHER ITEM   OBSERVED TIME   RECORD YEAR NORMAL DEPARTURE LAST
                VALUE   (LST)  VALUE       VALUE  FROM      YEAR
                                                  NORMAL
..................................................................
TEMPERATURE (F)
 YESTERDAY
  MAXIMUM         98    339 PM 102    1988  90      8       90
  MINIMUM         58    316 AM  41    2009  56      2       48
  AVERAGE         78                        73      5       69

PRECIPITATION (IN)
  YESTERDAY        0.00          0.13 1985   0.03  -0.03     0.00
  MONTH TO DATE    0.15                      0.69  -0.54     0.41
  SINCE JUN 1      0.44                      1.84  -1.40     1.47
  SINCE JAN 1      4.20                      5.00  -0.80     5.65

DEGREE DAYS
 HEATING
  YESTERDAY        0                         0      0        0
  MONTH TO DATE    4                        10     -6        7
  SINCE JUN 1     10                       103    -93       11
  SINCE JUL 1      4                        10     -6        7

 COOLING
  YESTERDAY       13                         8      5        4
  MONTH TO DATE  253                       220     33      190
  SINCE JUN 1    448                       304    144      369
  SINCE JAN 1    450                       316    134      371
..................................................................


WIND (MPH)
  HIGHEST WIND SPEED    16   HIGHEST WIND DIRECTION     N (340)
  HIGHEST GUST SPEED    22   HIGHEST GUST DIRECTION     N (340)
  AVERAGE WIND SPEED     5.6


SKY COVER
  POSSIBLE SUNSHINE  MM
  AVERAGE SKY COVER 0.0


WEATHER CONDITIONS
 THE FOLLOWING WEATHER WAS RECORDED YESTERDAY.
  NO SIGNIFICANT WEATHER WAS OBSERVED.


RELATIVE HUMIDITY (PERCENT)
 HIGHEST    55           200 AM
 LOWEST     12           100 PM
 AVERAGE    34

..........................................................


THE WORLAND WY CLIMATE NORMALS FOR TODAY
                         NORMAL    RECORD    YEAR
 MAXIMUM TEMPERATURE (F)   90       103      1989
 MINIMUM TEMPERATURE (F)   56        45      1968


SUNRISE AND SUNSET
JULY 31 2016..........SUNRISE   600 AM MDT   SUNSET   836 PM MDT
AUGUST  1 2016........SUNRISE   601 AM MDT   SUNSET   835 PM MDT


-  INDICATES NEGATIVE NUMBERS.
R  INDICATES RECORD WAS SET OR TIED.
MM INDICATES DATA IS MISSING.
T  INDICATES TRACE AMOUNT.




$$
