000
CDUS45 KRIW 210749
CLIWRL


CLIMATE REPORT
NATIONAL WEATHER SERVICE RIVERTON WY
1249 AM MST FRI NOV 21 2014


...................................

...THE WORLAND WY CLIMATE SUMMARY FOR NOVEMBER 20 2014...

CLIMATE NORMAL PERIOD 1981 TO 2010
CLIMATE RECORD PERIOD 1947 TO 2014


WEATHER ITEM   OBSERVED TIME   RECORD YEAR NORMAL DEPARTURE LAST
                VALUE   (LST)  VALUE       VALUE  FROM      YEAR
                                                  NORMAL
..................................................................
TEMPERATURE (F)
 YESTERDAY
  MAXIMUM         28    254 PM  66    1962  41    -13       43
  MINIMUM          0    730 AM -17    1977  15    -15       13
  AVERAGE         14                        28    -14       28

PRECIPITATION (IN)
  YESTERDAY        0.00          0.06 2013   0.01  -0.01     0.06
  MONTH TO DATE    0.37                      0.25   0.12     0.06
  SINCE SEP 1      1.77                      1.79  -0.02     4.47
  SINCE JAN 1      7.36                      7.24   0.12     7.68

DEGREE DAYS
 HEATING
  YESTERDAY       51                        37     14       37
  MONTH TO DATE  866                       628    238      567
  SINCE SEP 1   1478                      1454     24     1400
  SINCE JUL 1   1512                      1490     22     1400

 COOLING
  YESTERDAY        0                         0      0        0
  MONTH TO DATE    0                         0      0        0
  SINCE SEP 1     34                        29      5       91
  SINCE JAN 1    543                       535      8      852
..................................................................


WIND (MPH)
  HIGHEST WIND SPEED    12   HIGHEST WIND DIRECTION     S (180)
  HIGHEST GUST SPEED    12   HIGHEST GUST DIRECTION     S (180)
  AVERAGE WIND SPEED     2.4


SKY COVER
  POSSIBLE SUNSHINE  MM
  AVERAGE SKY COVER 0.1


WEATHER CONDITIONS
 THE FOLLOWING WEATHER WAS RECORDED YESTERDAY.
  NO SIGNIFICANT WEATHER WAS OBSERVED.


RELATIVE HUMIDITY (PERCENT)
 HIGHEST    95           300 AM
 LOWEST     63           100 PM
 AVERAGE    79

..........................................................


THE WORLAND WY CLIMATE NORMALS FOR TODAY
                         NORMAL    RECORD    YEAR
 MAXIMUM TEMPERATURE (F)   41        66      2006
 MINIMUM TEMPERATURE (F)   14       -17      1977


SUNRISE AND SUNSET
NOVEMBER 21 2014......SUNRISE   715 AM MST   SUNSET   441 PM MST
NOVEMBER 22 2014......SUNRISE   716 AM MST   SUNSET   440 PM MST


-  INDICATES NEGATIVE NUMBERS.
R  INDICATES RECORD WAS SET OR TIED.
MM INDICATES DATA IS MISSING.
T  INDICATES TRACE AMOUNT.




$$
