000
CDUS45 KRIW 060732
CLIWRL


CLIMATE REPORT
NATIONAL WEATHER SERVICE RIVERTON WY
1230 AM MST TUE DEC 6 2016


...................................

...THE WORLAND WY CLIMATE SUMMARY FOR DECEMBER 5 2016...

CLIMATE NORMAL PERIOD 1981 TO 2010
CLIMATE RECORD PERIOD 1947 TO 2016


WEATHER ITEM   OBSERVED TIME   RECORD YEAR NORMAL DEPARTURE LAST
                VALUE   (LST)  VALUE       VALUE  FROM      YEAR
                                                  NORMAL
..................................................................
TEMPERATURE (F)
 YESTERDAY
  MAXIMUM         30    144 AM  62    1987  33     -3       41
  MINIMUM          4   1120 PM -35    1972   7     -3        5
  AVERAGE         17                        20     -3       23

PRECIPITATION (IN)
  YESTERDAY        0.02          0.07 2000   0.01   0.01     0.00
  MONTH TO DATE    0.02                      0.04  -0.02      T
  SINCE DEC 1      0.02                      0.04  -0.02      T
  SINCE JAN 1      9.77                      7.38   2.39     7.26

DEGREE DAYS
 HEATING
  YESTERDAY       48                        45      3       42
  MONTH TO DATE  191                       221    -30      247
  SINCE DEC 1    191                       221    -30      247
  SINCE JUL 1   1730                      2113   -383     1831

 COOLING
  YESTERDAY        0                         0      0        0
  MONTH TO DATE    0                         0      0        0
  SINCE DEC 1      0                         0      0        0
  SINCE JAN 1    690                       535    155      631
..................................................................


WIND (MPH)
  HIGHEST WIND SPEED    31   HIGHEST WIND DIRECTION     N (340)
  HIGHEST GUST SPEED    40   HIGHEST GUST DIRECTION     N (350)
  AVERAGE WIND SPEED    13.0


SKY COVER
  POSSIBLE SUNSHINE  MM
  AVERAGE SKY COVER 0.6


WEATHER CONDITIONS
 THE FOLLOWING WEATHER WAS RECORDED YESTERDAY.
  SNOW
  LIGHT SNOW
  FOG


RELATIVE HUMIDITY (PERCENT)
 HIGHEST    92           200 AM
 LOWEST     55           200 PM
 AVERAGE    74

..........................................................


THE WORLAND WY CLIMATE NORMALS FOR TODAY
                         NORMAL    RECORD    YEAR
 MAXIMUM TEMPERATURE (F)   32        55      2003
                                             1987
 MINIMUM TEMPERATURE (F)    7       -32      1972


SUNRISE AND SUNSET
DECEMBER  6 2016......SUNRISE   732 AM MST   SUNSET   434 PM MST
DECEMBER  7 2016......SUNRISE   733 AM MST   SUNSET   434 PM MST


-  INDICATES NEGATIVE NUMBERS.
R  INDICATES RECORD WAS SET OR TIED.
MM INDICATES DATA IS MISSING.
T  INDICATES TRACE AMOUNT.




$$
