000
CDAK47 PAJK 181349
CLIYAK
CLIMATE REPORT
NATIONAL WEATHER SERVICE JUNEAU, AK
448 AM AKST SAT NOV 18 2017


...................................

...THE YAKUTAT CLIMATE SUMMARY FOR NOVEMBER 17 2017...

CLIMATE NORMAL PERIOD 1981 TO 2010
CLIMATE RECORD PERIOD 1917 TO 2017


WEATHER ITEM   OBSERVED RECORD YEAR NORMAL DEPARTURE LAST
                VALUE   VALUE       VALUE  FROM      YEAR
                                           NORMAL
...........................................................
TEMPERATURE (F)
 YESTERDAY
  MAXIMUM         37     49    1936  38     -1       40
  MINIMUM         19      2    1977  26     -7       19
                               1966
  AVERAGE         28                 32     -4       30

PRECIPITATION (IN)
  YESTERDAY        0.23   2.45 2005   0.47  -0.24     0.00
  MONTH TO DATE    0.47               8.25  -7.78     9.19
  SINCE JAN 1    109.48             132.64 -23.16   107.44

SNOWFALL (IN)
  YESTERDAY       12.0   13.2  1951   0.6   11.4      0.0
  MONTH TO DATE   14.5                8.4    6.1       T
  SINCE JUL 1     14.6               10.9    3.7       T
  SNOW DEPTH       5

DEGREE DAYS
 HEATING
  YESTERDAY       37                 33      4       35
  MONTH TO DATE  559                536     23      408
...........................................................


WIND (MPH)
  HIGHEST WIND SPEED    22   HIGHEST WIND DIRECTION     E (80)
  HIGHEST GUST SPEED    30   HIGHEST GUST DIRECTION     E (80)
  AVERAGE WIND SPEED     9.8


SKY COVER
  AVERAGE SKY COVER 0.8


WEATHER CONDITIONS
 THE FOLLOWING WEATHER WAS RECORDED YESTERDAY.
  SNOW
  LIGHT SNOW
  FOG


..........................................................


THE YAKUTAT CLIMATE NORMALS FOR TODAY
                         NORMAL    RECORD    YEAR
 MAXIMUM TEMPERATURE (F)   38        49      1936
 MINIMUM TEMPERATURE (F)   26         2      1966


SUNRISE AND SUNSET
NOVEMBER 18 2017......SUNRISE   822 AM AKST  SUNSET   345 PM AKST
NOVEMBER 19 2017......SUNRISE   824 AM AKST  SUNSET   343 PM AKST


-  INDICATES NEGATIVE NUMBERS.
R  INDICATES RECORD WAS SET OR TIED.
MM INDICATES DATA IS MISSING.
T  INDICATES TRACE AMOUNT.




$$
--------------------------------------------------------------

AMOUNT OF DAYLIGHT TODAY (HOUR:MIN)......... 7 HOURS 23 MINUTES
GAIN/LOSS SINCE YESTERDAY (HOUR:MIN:SEC).... -0:04:20

$$
