000
CDAK47 PAYA 290009
CLIYAK

CLIMATE REPORT
NATIONAL WEATHER SERVICE YAKUTAT, AK
409 PM AKDT SUN AUG 28 2016

...................................
...THE YAKUTAT AP CLIMATE SUMMARY FOR AUGUST 28 2016...
VALID TODAY AS OF 2:00 PM LOCAL TIME

CLIMATE NORMAL PERIOD  1981 TO  2010
CLIMATE RECORD PERIOD  1948 TO  2016

WEATHER ITEM   OBSERVED TIME    RECORD YEAR NORMAL DEPARTURE LAST
               VALUE    (LST)   VALUE       VALUE  FROM      YEAR
                                                   NORMAL
...................................................................
TEMPERATURE
TODAY
 MAXIMUM            77R 0121 PM    73  1930     59      18     67
 MINIMUM            46  0508 AM    33  1971     45       1     49
 AVERAGE            62                          52      10     58

PRECIPITATION
(INCHES)
 TODAY            0.00           4.01  1996   0.53   -0.53   0.01
 MONTH TO DATE   13.31                       12.46    0.85  12.49
 SINCE JUN 1     27.40                       26.73    0.67  32.95
 SINCE JAN 1     78.96                       79.69   -0.73  83.53

SNOWFALL
(INCHES)
 TODAY             0.0            0.0  2016    0.0     0.0    0.0
 MONTH TO DATE     0.0                         0.0     0.0    0.0
 SINCE JUN 1       0.0                         0.0     0.0    0.0
 SINCE JUL 1       0.0                         0.0     0.0    0.0
 SNOW DEPTH (IN)     0                                          0

DEGREE DAYS
 HEATING
  TODAY              3                          13     -10      7
  MONTH TO DATE    197                         306    -109    260
  SINCE JUN 1      754                        1064    -310    862
  SINCE JUL 1      427                         638    -211    528

 COOLING
  TODAY              0                           0       0      0
  MONTH TO DATE      0                           0       0      0
  SINCE JUN 1        0                           0       0      0
  SINCE JAN 1        0                           0       0      0
...................................................................

WIND (MPH)
 HIGHEST WIND SPEED    14     HIGHEST WIND DIRECTION     70
 HIGHEST GUST SPEED    19     HIGHEST GUST DIRECTION     70
 AVERAGE WIND SPEED   0.0

SKY COVER
  POSSIBLE SUNSHINE  MM            AVERAGE SKY COVER MM

WEATHER CONDITIONS
 THE FOLLOWING WEATHER WAS RECORDED TODAY.
NO SIGNIFICANT WEATHER WAS OBSERVED.

RELATIVE HUMIDITY
 HIGHEST RH     MM PERCENT       MM
 LOWEST  RH     MM PERCENT       MM
 AVERAGE RH     MM PERCENT       MM
...................................................................

THE YAKUTAT CLIMATE NORMALS FOR TOMORROW
                        NORMAL    RECORD   YEAR
 MAXIMUM TEMPERATURE      59        75     1930
 MINIMUM TEMPERATURE      44        33     1992

SUNRISE AND SUNSET
 AUG 28 2016..........SUNRISE  6:08 AM      SUNSET  8:31 PM
 AUG 29 2016..........SUNRISE  6:10 AM      SUNSET  8:28 PM

-  INDICATES NEGATIVE NUMBERS.
R  INDICATES RECORD HAS BEEN SET OR TIED.
MM INDICATES DATA IS MISSING.
T  INDICATES TRACE OF PRECIPITATION.

&&
-------------------------------------------------------------------

AMOUNT OF DAYLIGHT TODAY  (HOUR:MIN)........14 HOURS 23 MINUTES
GAIN/LOSS SINCE YESTERDAY (HOUR:MIN:SEC)....-0:05:13

$$
TR AUG 16
