000
CDAK47 PAYA 190916
CLIYAK

CLIMATE REPORT
NATIONAL WEATHER SERVICE YAKUTAT, AK
116 AM AKDT FRI SEP 19 2014

...................................
...THE YAKUTAT AP CLIMATE SUMMARY FOR SEPTEMBER 18 2014...

CLIMATE NORMAL PERIOD  1981 TO  2010
CLIMATE RECORD PERIOD  1948 TO  2014

WEATHER ITEM   OBSERVED TIME    RECORD YEAR NORMAL DEPARTURE LAST
               VALUE    (LST)   VALUE       VALUE  FROM      YEAR
                                                   NORMAL
...................................................................
TEMPERATURE
YESTERDAY
 MAXIMUM            55  0617 PM    72  2010     55       0     55
 MINIMUM            49  0557 AM    26  1983     41       8     45
 AVERAGE            52                          48       4     50

PRECIPITATION
(INCHES)
 YESTERDAY        0.48           4.80  1987   0.75   -0.27   0.67
 MONTH TO DATE   12.60                       11.71    0.89  14.05
 SINCE SEP 1     12.60                       11.71    0.89  14.05
 SINCE JAN 1     91.40                       93.01   -1.61  91.68

SNOWFALL
(INCHES)
 YESTERDAY         0.0              T  1996    0.0     0.0    0.0
 MONTH TO DATE     0.0                         0.0     0.0    0.0
 SINCE SEP 1       0.0                         0.0     0.0    0.0
 SINCE JUL 1       0.0                         0.0     0.0    0.0
 SNOW DEPTH (IN)     0                                          0

DEGREE DAYS
 HEATING
  YESTERDAY         13                          17      -4     15
  MONTH TO DATE    202                         279     -77    212
  SINCE SEP 1      202                         279     -77    212
  SINCE JUL 1      829                         957    -128    776

 COOLING
  YESTERDAY          0                           0       0      0
  MONTH TO DATE      0                           0       0      0
  SINCE SEP 1        0                           0       0      0
  SINCE JAN 1        0                           0       0      0
...................................................................

WIND (MPH)
 HIGHEST WIND SPEED    18     HIGHEST WIND DIRECTION    110
 HIGHEST GUST SPEED    30     HIGHEST GUST DIRECTION    130
 AVERAGE WIND SPEED   6.2

SKY COVER
  POSSIBLE SUNSHINE    MM          AVERAGE SKY COVER     MM

WEATHER CONDITIONS
 THE FOLLOWING WEATHER WAS RECORDED YESTERDAY.
  FOG
RAIN


RELATIVE HUMIDITY
 HIGHEST RH     MM PERCENT       MM
 LOWEST  RH     MM PERCENT       MM
 AVERAGE RH     MM PERCENT       MM
...................................................................

THE YAKUTAT CLIMATE NORMALS FOR TODAY
                           NORMAL    RECORD   YEAR
 MAXIMUM TEMPERATURE (F)     55        71     2010
 MINIMUM TEMPERATURE (F)     41        29     2004

SUNRISE AND SUNSET
 SEP 19 2014..........SUNRISE  6:57 AM      SUNSET  7:27 PM
 SEP 20 2014..........SUNRISE  6:59 AM      SUNSET  7:24 PM

-  INDICATES NEGATIVE NUMBERS.
R  INDICATES RECORD HAS BEEN SET OR TIED.
MM INDICATES DATA IS MISSING.
T  INDICATES TRACE OF PRECIPITATION.

&&
-------------------------------------------------------------------

AMOUNT OF DAYLIGHT TODAY  (HOUR:MIN)........12 HOURS 30 MINUTES
GAIN/LOSS SINCE YESTERDAY (HOUR:MIN:SEC)....-0:05:17

$$
*** SEP 14
