000
CDAK47 PAYA 270902
CLIYAK

CLIMATE REPORT
NATIONAL WEATHER SERVICE YAKUTAT, AK
103 AM AKDT WED AUG 27 2014

...................................
...THE YAKUTAT AP CLIMATE SUMMARY FOR AUGUST 26 2014...

CLIMATE NORMAL PERIOD  1981 TO  2010
CLIMATE RECORD PERIOD  1948 TO  2014

WEATHER ITEM   OBSERVED TIME    RECORD YEAR NORMAL DEPARTURE LAST
               VALUE    (LST)   VALUE       VALUE  FROM      YEAR
                                                   NORMAL
...................................................................
TEMPERATURE
YESTERDAY
 MAXIMUM            59  0338 PM    72  1959     60      -1     66
 MINIMUM            47  0801 AM    34  2002     45       2     52
 AVERAGE            53                          52       1     59

PRECIPITATION
(INCHES)
 YESTERDAY        1.12           3.23  1972   0.52    0.60   0.04
 MONTH TO DATE   20.77                       11.40    9.37   8.20
 SINCE JUN 1     37.29                       25.67   11.62  18.09
 SINCE JAN 1     76.40                       78.63   -2.23  76.28

SNOWFALL
(INCHES)
 YESTERDAY         0.0            0.0  2014    0.0     0.0    0.0
 MONTH TO DATE     0.0                         0.0     0.0    0.0
 SINCE JUN 1       0.0                         0.0     0.0    0.0
 SINCE JUL 1       0.0                         0.0     0.0    0.0
 SNOW DEPTH (IN)     0                                          0

DEGREE DAYS
 HEATING
  YESTERDAY         12                          13      -1      6
  MONTH TO DATE    248                         280     -32    231
  SINCE JUN 1     1007                        1038     -31    870
  SINCE JUL 1      561                         612     -51    528

 COOLING
  YESTERDAY          0                           0       0      0
  MONTH TO DATE      0                           0       0      0
  SINCE JUN 1        0                           0       0      0
  SINCE JAN 1        0                           0       0      0
...................................................................

WIND (MPH)
 HIGHEST WIND SPEED    12     HIGHEST WIND DIRECTION    100
 HIGHEST GUST SPEED    18     HIGHEST GUST DIRECTION    100
 AVERAGE WIND SPEED   4.8

SKY COVER
  POSSIBLE SUNSHINE    MM          AVERAGE SKY COVER     MM

WEATHER CONDITIONS
 THE FOLLOWING WEATHER WAS RECORDED YESTERDAY.
  FOG
RAIN


RELATIVE HUMIDITY
 HIGHEST RH     MM PERCENT       MM
 LOWEST  RH     MM PERCENT       MM
 AVERAGE RH     MM PERCENT       MM
...................................................................

THE YAKUTAT CLIMATE NORMALS FOR TODAY
                           NORMAL    RECORD   YEAR
 MAXIMUM TEMPERATURE (F)     60        73     1985
 MINIMUM TEMPERATURE (F)     45        31     1969

SUNRISE AND SUNSET
 AUG 27 2014..........SUNRISE  6:04 AM      SUNSET  8:35 PM
 AUG 28 2014..........SUNRISE  6:07 AM      SUNSET  8:32 PM

-  INDICATES NEGATIVE NUMBERS.
R  INDICATES RECORD HAS BEEN SET OR TIED.
MM INDICATES DATA IS MISSING.
T  INDICATES TRACE OF PRECIPITATION.

&&
-------------------------------------------------------------------

AMOUNT OF DAYLIGHT TODAY  (HOUR:MIN)........14 HOURS 31 MINUTES
GAIN/LOSS SINCE YESTERDAY (HOUR:MIN:SEC)....-0:05:13

$$
DC AUG 14
