000
CDAK47 PAYA 311000
CLIYAK

CLIMATE REPORT
NATIONAL WEATHER SERVICE YAKUTAT, AK
200 AM AKDT THU JUL 31 2014

...................................
...THE YAKUTAT AP CLIMATE SUMMARY FOR JULY 30 2014...

CLIMATE NORMAL PERIOD  1981 TO  2010
CLIMATE RECORD PERIOD  1948 TO  2014

WEATHER ITEM   OBSERVED TIME    RECORD YEAR NORMAL DEPARTURE LAST
               VALUE    (LST)   VALUE       VALUE  FROM      YEAR
                                                   NORMAL
...................................................................
TEMPERATURE
YESTERDAY
 MAXIMUM            61  0147 PM    71  1978     61       0     62
 MINIMUM            46  1153 PM    39  1998     50      -4     52
 AVERAGE            54                          55      -1     57

PRECIPITATION
(INCHES)
 YESTERDAY        0.01           3.61  1989   0.34   -0.33      T
 MONTH TO DATE    6.42                        7.52   -1.10   6.51
 SINCE JUN 1     16.52                       13.91    2.61   9.89
 SINCE JAN 1     55.63                       66.87  -11.24  68.08

SNOWFALL
(INCHES)
 YESTERDAY         0.0            0.0  2014    0.0     0.0    0.0
 MONTH TO DATE     0.0                         0.0     0.0    0.0
 SINCE JUN 1       0.0                         0.0     0.0    0.0
 SINCE JUL 1       0.0                         0.0     0.0    0.0
 SNOW DEPTH (IN)     0                                          0

DEGREE DAYS
 HEATING
  YESTERDAY         11                          10       1      8
  MONTH TO DATE    301                         322     -21    289
  SINCE JUN 1      747                         748      -1    631
  SINCE JUL 1      301                         322     -21    289

 COOLING
  YESTERDAY          0                           0       0      0
  MONTH TO DATE      0                           0       0      0
  SINCE JUN 1        0                           0       0      0
  SINCE JAN 1        0                           0       0      0
...................................................................

WIND (MPH)
 HIGHEST WIND SPEED    13     HIGHEST WIND DIRECTION    180
 HIGHEST GUST SPEED    20     HIGHEST GUST DIRECTION     90
 AVERAGE WIND SPEED   4.3

SKY COVER
  POSSIBLE SUNSHINE    MM          AVERAGE SKY COVER     MM

WEATHER CONDITIONS
 THE FOLLOWING WEATHER WAS RECORDED YESTERDAY.
  FOG
RAIN


RELATIVE HUMIDITY
 HIGHEST RH     MM PERCENT       MM
 LOWEST  RH     MM PERCENT       MM
 AVERAGE RH     MM PERCENT       MM
...................................................................

THE YAKUTAT CLIMATE NORMALS FOR TODAY
                           NORMAL    RECORD   YEAR
 MAXIMUM TEMPERATURE (F)     61        77     1976
 MINIMUM TEMPERATURE (F)     50        40     1988

SUNRISE AND SUNSET
 JUL 31 2014..........SUNRISE  5:01 AM      SUNSET  9:48 PM
 AUG 1 2014..........SUNRISE  5:04 AM      SUNSET  9:46 PM

-  INDICATES NEGATIVE NUMBERS.
R  INDICATES RECORD HAS BEEN SET OR TIED.
MM INDICATES DATA IS MISSING.
T  INDICATES TRACE OF PRECIPITATION.

&&
-------------------------------------------------------------------

AMOUNT OF DAYLIGHT TODAY  (HOUR:MIN)........16 HOURS 47 MINUTES
GAIN/LOSS SINCE YESTERDAY (HOUR:MIN:SEC)....-0:04:38

$$
*** JUL 14
