000
CDAK47 PAYA 180004
CLIYAK

CLIMATE REPORT
NATIONAL WEATHER SERVICE YAKUTAT, AK
404 PM AKDT THU APR 17 2014

...................................
...THE YAKUTAT AP CLIMATE SUMMARY FOR APRIL 17 2014...
VALID TODAY AS OF 2:00 PM LOCAL TIME

CLIMATE NORMAL PERIOD  1981 TO  2010
CLIMATE RECORD PERIOD  1948 TO  2014

WEATHER ITEM   OBSERVED TIME    RECORD YEAR NORMAL DEPARTURE LAST
               VALUE    (LST)   VALUE       VALUE  FROM      YEAR
                                                   NORMAL
...................................................................
TEMPERATURE
TODAY
 MAXIMUM            53  1211 PM    57  1999     46       7     41
 MINIMUM            27  0547 AM    13  1967     30      -3     32
 AVERAGE            40                          38       2     37

PRECIPITATION
(INCHES)
 TODAY            0.00           2.66  1968   0.29   -0.29   0.06
 MONTH TO DATE    2.86                        5.41   -2.55   5.61
 SINCE MAR 1      6.91                       16.45   -9.54  11.54
 SINCE JAN 1     33.97                       40.97   -7.00  38.19

SNOWFALL
(INCHES)
 TODAY             0.0            8.5  1982    0.2    -0.2      T
 MONTH TO DATE     5.8                         7.9    -2.1   18.5
 SINCE MAR 1      13.6                        35.1   -21.5   53.8
 SINCE JUL 1     109.0                       137.3   -28.3  169.7
 SNOW DEPTH (IN)     T                                         29

DEGREE DAYS
 HEATING
  TODAY             25                          27      -2     28
  MONTH TO DATE    501                         488      13    553
  SINCE MAR 1     1580                        1510      70   1664
  SINCE JUL 1     7393                        7639    -246   7909

 COOLING
  TODAY              0                           0       0      0
  MONTH TO DATE      0                           0       0      0
  SINCE MAR 1        0                           0       0      0
  SINCE JAN 1        0                           0       0      0
...................................................................

WIND (MPH)
 HIGHEST WIND SPEED     8     HIGHEST WIND DIRECTION    230
 HIGHEST GUST SPEED    10     HIGHEST GUST DIRECTION    230
 AVERAGE WIND SPEED    MM

SKY COVER
  POSSIBLE SUNSHINE  MM            AVERAGE SKY COVER MM

WEATHER CONDITIONS
 THE FOLLOWING WEATHER WAS RECORDED TODAY.
FOG


RELATIVE HUMIDITY
 HIGHEST RH     MM PERCENT       MM
 LOWEST  RH     MM PERCENT       MM
 AVERAGE RH     MM PERCENT       MM
...................................................................

THE YAKUTAT CLIMATE NORMALS FOR TOMORROW
                        NORMAL    RECORD   YEAR
 MAXIMUM TEMPERATURE      46        58     1993
 MINIMUM TEMPERATURE      30        12     1963

SUNRISE AND SUNSET
 APR 17 2014..........SUNRISE  5:58 AM      SUNSET  8:41 PM
 APR 18 2014..........SUNRISE  5:55 AM      SUNSET  8:44 PM

-  INDICATES NEGATIVE NUMBERS.
R  INDICATES RECORD HAS BEEN SET OR TIED.
MM INDICATES DATA IS MISSING.
T  INDICATES TRACE OF PRECIPITATION.

&&
-------------------------------------------------------------------

AMOUNT OF DAYLIGHT TODAY  (HOUR:MIN)........14 HOURS 43 MINUTES
GAIN/LOSS SINCE YESTERDAY (HOUR:MIN:SEC)....+0:05:17

$$
DC APR 14
