000
CDAK47 PAYA 250907
CLIYAK

CLIMATE REPORT
NATIONAL WEATHER SERVICE YAKUTAT, AK
1207 AM AKST THU DEC 25 2014

...................................
...THE YAKUTAT AP CLIMATE SUMMARY FOR DECEMBER 24 2014...

CLIMATE NORMAL PERIOD  1981 TO  2010
CLIMATE RECORD PERIOD  1948 TO  2014

WEATHER ITEM   OBSERVED TIME    RECORD YEAR NORMAL DEPARTURE LAST
               VALUE    (LST)   VALUE       VALUE  FROM      YEAR
                                                   NORMAL
...................................................................
TEMPERATURE
YESTERDAY
 MAXIMUM            33  0131 PM    46  1989     35      -2     35
 MINIMUM            23  0846 AM   -10  1965     24      -1     28
 AVERAGE            28                          29      -1     32

PRECIPITATION
(INCHES)
 YESTERDAY        0.08           3.48  1987   0.52   -0.44   0.45
 MONTH TO DATE    9.58                       12.68   -3.10   6.84
 SINCE DEC 1      9.58                       12.68   -3.10   6.84
 SINCE JAN 1    132.49                      151.52  -19.03 134.54

SNOWFALL
(INCHES)
 YESTERDAY         0.0            6.1  1957    0.8    -0.8    2.7
 MONTH TO DATE     1.4                        17.5   -16.1   34.4
 SINCE DEC 1       1.4                        17.5   -16.1   34.4
 SINCE JUL 1       6.7                        38.2   -31.5   43.6
 SNOW DEPTH (IN)     0                                         17

DEGREE DAYS
 HEATING
  YESTERDAY         37                          36       1     33
  MONTH TO DATE    727                         844    -117    935
  SINCE DEC 1      727                         844    -117    935
  SINCE JUL 1     3407                        3742    -335   3545

 COOLING
  YESTERDAY          0                           0       0      0
  MONTH TO DATE      0                           0       0      0
  SINCE DEC 1        0                           0       0      0
  SINCE JAN 1        0                           0       0      0
...................................................................

WIND (MPH)
 HIGHEST WIND SPEED     8     HIGHEST WIND DIRECTION     90
 HIGHEST GUST SPEED    10     HIGHEST GUST DIRECTION     80
 AVERAGE WIND SPEED   3.0

SKY COVER
  POSSIBLE SUNSHINE    MM          AVERAGE SKY COVER     MM

WEATHER CONDITIONS
 THE FOLLOWING WEATHER WAS RECORDED YESTERDAY.
  FOG
RAIN


RELATIVE HUMIDITY
 HIGHEST RH     MM PERCENT       MM
 LOWEST  RH     MM PERCENT       MM
 AVERAGE RH     MM PERCENT       MM
...................................................................

THE YAKUTAT CLIMATE NORMALS FOR TODAY
                           NORMAL    RECORD   YEAR
 MAXIMUM TEMPERATURE (F)     35        50     1983
 MINIMUM TEMPERATURE (F)     24       -15     1955

SUNRISE AND SUNSET
 DEC 25 2014..........SUNRISE  9:18 AM      SUNSET  3:21 PM
 DEC 26 2014..........SUNRISE  9:18 AM      SUNSET  3:22 PM

-  INDICATES NEGATIVE NUMBERS.
R  INDICATES RECORD HAS BEEN SET OR TIED.
MM INDICATES DATA IS MISSING.
T  INDICATES TRACE OF PRECIPITATION.

&&
-------------------------------------------------------------------

AMOUNT OF DAYLIGHT TODAY  (HOUR:MIN)........6 HOURS 3 MINUTES
GAIN/LOSS SINCE YESTERDAY (HOUR:MIN:SEC)....+0:00:36

$$
DC DEC 14
