989
CDAK47 PAYA 060007
CLIYAK

CLIMATE REPORT
NATIONAL WEATHER SERVICE YAKUTAT, AK
307 PM AKST FRI FEB 5 2016

...................................
...THE YAKUTAT AP CLIMATE SUMMARY FOR FEBRUARY 5 2016...
VALID TODAY AS OF 2:00 PM LOCAL TIME

CLIMATE NORMAL PERIOD  1981 TO  2010
CLIMATE RECORD PERIOD  1948 TO  2016

WEATHER ITEM   OBSERVED TIME    RECORD YEAR NORMAL DEPARTURE LAST
               VALUE    (LST)   VALUE       VALUE  FROM      YEAR
                                                   NORMAL
...................................................................
TEMPERATURE
TODAY
 MAXIMUM            37  0120 PM    54  1995     35       2     34
 MINIMUM            34  0840 AM   -20  1969     23      11     12
 AVERAGE            36                          29       7     23

PRECIPITATION
(INCHES)
 TODAY            0.60           2.84  1964   0.36    0.24   0.00
 MONTH TO DATE    1.50                        1.89   -0.39   0.00
 SINCE DEC 1     25.87                       31.83   -5.96  26.07
 SINCE JAN 1     15.92                       15.55    0.37  14.02

SNOWFALL
(INCHES)
 TODAY               T           16.7  1999    1.1    -1.1    0.0
 MONTH TO DATE       T                         5.3    -5.3    0.0
 SINCE DEC 1      24.2                        59.6   -35.4    3.5
 SINCE JUL 1      47.0                        80.3   -33.3    8.8
 SNOW DEPTH (IN)     0                                          T

DEGREE DAYS
 HEATING
  TODAY             29                          36      -7     42
  MONTH TO DATE    144                         180     -36    193
  SINCE DEC 1     2058                        2421    -363   2069
  SINCE JUL 1     4679                        5319    -640   4749

 COOLING
  TODAY              0                           0       0      0
  MONTH TO DATE      0                           0       0      0
  SINCE DEC 1        0                           0       0      0
  SINCE JAN 1        0                           0       0      0
...................................................................

WIND (MPH)
 HIGHEST WIND SPEED    10     HIGHEST WIND DIRECTION    120
 HIGHEST GUST SPEED    17     HIGHEST GUST DIRECTION    110
 AVERAGE WIND SPEED   0.0

SKY COVER
  POSSIBLE SUNSHINE  MM            AVERAGE SKY COVER MM

WEATHER CONDITIONS
 THE FOLLOWING WEATHER WAS RECORDED TODAY.
FOG
SLEET
RAIN


RELATIVE HUMIDITY
 HIGHEST RH     MM PERCENT       MM
 LOWEST  RH     MM PERCENT       MM
 AVERAGE RH     MM PERCENT       MM
...................................................................

THE YAKUTAT CLIMATE NORMALS FOR TOMORROW
                        NORMAL    RECORD   YEAR
 MAXIMUM TEMPERATURE      35        49     1930
 MINIMUM TEMPERATURE      23       -10     1951

SUNRISE AND SUNSET
 FEB 5 2016..........SUNRISE  8:22 AM      SUNSET  4:46 PM
 FEB 6 2016..........SUNRISE  8:19 AM      SUNSET  4:48 PM

-  INDICATES NEGATIVE NUMBERS.
R  INDICATES RECORD HAS BEEN SET OR TIED.
MM INDICATES DATA IS MISSING.
T  INDICATES TRACE OF PRECIPITATION.

&&
-------------------------------------------------------------------

AMOUNT OF DAYLIGHT TODAY  (HOUR:MIN)........8 HOURS 24 MINUTES
GAIN/LOSS SINCE YESTERDAY (HOUR:MIN:SEC)....+0:04:58

$$
TR FEB 16
