000
CDAK47 PAJK 181256
CLIYAK
CLIMATE REPORT
NATIONAL WEATHER SERVICE JUNEAU, AK
354 AM AKST THU JAN 18 2018


...................................

...THE YAKUTAT CLIMATE SUMMARY FOR JANUARY 17 2018...

CLIMATE NORMAL PERIOD 1981 TO 2010
CLIMATE RECORD PERIOD 1917 TO 2018


WEATHER ITEM   OBSERVED RECORD YEAR NORMAL DEPARTURE LAST
                VALUE   VALUE       VALUE  FROM      YEAR
                                           NORMAL
...........................................................
TEMPERATURE (F)
 YESTERDAY
  MAXIMUM         29     52    1930  34     -5       34
  MINIMUM         43    -17    1971  22     21       20
  AVERAGE         36                 28      8       27

PRECIPITATION (IN)
  YESTERDAY        0.00   4.21 1992   0.43  -0.43     0.09
  MONTH TO DATE   10.30               7.75   2.55     7.52
  SINCE JAN 1     10.30               7.75   2.55     7.52

SNOWFALL (IN)
  YESTERDAY        0.0   12.0  1956   1.1   -1.1      0.9
  MONTH TO DATE    1.8               16.7  -14.9      5.9
  SINCE JUL 1     39.9               60.6  -20.7     32.5
  SNOW DEPTH       0

DEGREE DAYS
 HEATING
  YESTERDAY       29                 37     -8       38
  MONTH TO DATE  491                628   -137      649
...........................................................


WIND (MPH)
  HIGHEST WIND SPEED    16   HIGHEST WIND DIRECTION     E (110)
  HIGHEST GUST SPEED    29   HIGHEST GUST DIRECTION     E (110)
  AVERAGE WIND SPEED     5.5


SKY COVER
  AVERAGE SKY COVER 0.6


WEATHER CONDITIONS
 THE FOLLOWING WEATHER WAS RECORDED YESTERDAY.
  RAIN
  LIGHT RAIN
  FOG


..........................................................


THE YAKUTAT CLIMATE NORMALS FOR TODAY
                         NORMAL    RECORD    YEAR
 MAXIMUM TEMPERATURE (F)   34        57      1930
 MINIMUM TEMPERATURE (F)   22       -14      1969


SUNRISE AND SUNSET
JANUARY 18 2018.......SUNRISE   857 AM AKST  SUNSET   402 PM AKST
JANUARY 19 2018.......SUNRISE   856 AM AKST  SUNSET   404 PM AKST


-  INDICATES NEGATIVE NUMBERS.
R  INDICATES RECORD WAS SET OR TIED.
MM INDICATES DATA IS MISSING.
T  INDICATES TRACE AMOUNT.




$$
--------------------------------------------------------------

AMOUNT OF DAYLIGHT TODAY (HOUR:MIN)......... 7 HOURS 04 MINUTES
GAIN/LOSS SINCE YESTERDAY (HOUR:MIN:SEC).... +0:03:57

$$
