000
CDUS46 KPDT 110834 RRA
CLIYKM

CLIMATE REPORT
NATIONAL WEATHER SERVICE PENDLETON OR
1234 AM PST SUN DEC 11 2016


...................................

...THE YAKIMA WA CLIMATE SUMMARY FOR DECEMBER 10 2016...

CLIMATE NORMAL PERIOD 1981 TO 2010
CLIMATE RECORD PERIOD 1946 TO 2016


WEATHER ITEM   OBSERVED TIME   RECORD YEAR NORMAL DEPARTURE LAST
                VALUE   (LST)  VALUE       VALUE  FROM      YEAR
                                                  NORMAL
..................................................................
TEMPERATURE (F)
 YESTERDAY
  MAXIMUM         24    556 PM  64    1946  36    -12       50
  MINIMUM          8    700 AM  -5    1972  21    -13       34
  AVERAGE         16                        29    -13       42

PRECIPITATION (IN)
  YESTERDAY        0.02          0.67 1992   0.04  -0.02     0.31
  MONTH TO DATE    0.33                      0.48  -0.15     1.90
  SINCE OCT 1      3.38                      2.07   1.31     3.08
  SINCE JAN 1      9.44                      7.20   2.24     7.39

SNOWFALL (IN)
  YESTERDAY       MM             6.8  1992   0.3   MM        0.0
  MONTH TO DATE    4.5                       2.8    1.7      1.3
  SINCE JAN 1     17.0                      15.0    2.0      5.9
  SINCE JUL 1      4.5                       6.4   -1.9      4.3
  SNOW DEPTH      MM

DEGREE DAYS
 HEATING
  YESTERDAY       49                        36     13       23
  MONTH TO DATE  349                       348      1      276
  SINCE DEC 1    349                       348      1      276
  SINCE JUL 1   1368                      1881   -513     1390

 COOLING
  YESTERDAY        0                         0      0        0
  MONTH TO DATE    0                         0      0        0
  SINCE DEC 1      0                         0      0        0
  SINCE JAN 1    774                       472    302     1094
..................................................................


WIND (MPH)
  HIGHEST WIND SPEED     8   HIGHEST WIND DIRECTION    SW (240)
  HIGHEST GUST SPEED    10   HIGHEST GUST DIRECTION     W (270)
  AVERAGE WIND SPEED     3.3


SKY COVER
  POSSIBLE SUNSHINE  MM
  AVERAGE SKY COVER 0.8


WEATHER CONDITIONS
 THE FOLLOWING WEATHER WAS RECORDED YESTERDAY.
  LIGHT SNOW
  FOG
  FOG W/VISIBILITY <= 1/4 MILE
  HAZE


RELATIVE HUMIDITY (PERCENT)
 HIGHEST   100          1000 AM
 LOWEST     80           700 AM
 AVERAGE    90

..........................................................


THE YAKIMA WA CLIMATE NORMALS FOR TODAY
                         NORMAL    RECORD    YEAR
 MAXIMUM TEMPERATURE (F)   36        59      2004
 MINIMUM TEMPERATURE (F)   21        -3      2009


SUNRISE AND SUNSET
DECEMBER 11 2016......SUNRISE   737 AM PST   SUNSET   415 PM PST
DECEMBER 12 2016......SUNRISE   738 AM PST   SUNSET   415 PM PST


-  INDICATES NEGATIVE NUMBERS.
R  INDICATES RECORD WAS SET OR TIED.
MM INDICATES DATA IS MISSING.
T  INDICATES TRACE AMOUNT.


$$
