000
CDUS46 KPDT 010838 RRA
CLIYKM

CLIMATE REPORT
NATIONAL WEATHER SERVICE PENDLETON OR
138 AM PDT SAT OCT 1 2016


...................................

...THE YAKIMA WA CLIMATE SUMMARY FOR SEPTEMBER 30 2016...

CLIMATE NORMAL PERIOD 1981 TO 2010
CLIMATE RECORD PERIOD 1946 TO 2016


WEATHER ITEM   OBSERVED TIME   RECORD YEAR NORMAL DEPARTURE LAST
                VALUE   (LST)  VALUE       VALUE  FROM      YEAR
                                                  NORMAL
..................................................................
TEMPERATURE (F)
 YESTERDAY
  MAXIMUM         77    313 PM  85    2008  72      5       84
                                      1993
                                      1976
  MINIMUM         54    608 AM  26    1985  39     15       42
  AVERAGE         66                        56     10       63

PRECIPITATION (IN)
  YESTERDAY        0.01          0.26 2005   0.01   0.00     0.00
  MONTH TO DATE    0.17                      0.36  -0.19     0.01
  SINCE OCT 1     10.71                      8.25   2.46     6.41
  SINCE JAN 1      6.06                      5.13   0.93     4.31

SNOWFALL (IN)
  YESTERDAY        0.0           0.0  2002   0.0    0.0      0.0
                                      2001
                                      1999
  MONTH TO DATE    0.0                       0.0    0.0      0.0
  SINCE JAN 1     12.5                       8.6    3.9      1.6
  SINCE JUL 1      0.0                       0.0    0.0      0.0
  SNOW DEPTH       0

DEGREE DAYS
 HEATING
  YESTERDAY        0                        10    -10        2
  MONTH TO DATE   82                       160    -78      126
  SINCE SEP 1     82                       160    -78      126
  SINCE JUL 1     85                       208   -123      127

 COOLING
  YESTERDAY        1                         0      1        0
  MONTH TO DATE   21                        32    -11       37
  SINCE SEP 1     21                        32    -11       37
  SINCE JAN 1    774                       472    302     1094
..................................................................


WIND (MPH)
  HIGHEST WIND SPEED    20   HIGHEST WIND DIRECTION     S (180)
  HIGHEST GUST SPEED    25   HIGHEST GUST DIRECTION     S (190)
  AVERAGE WIND SPEED     6.2


SKY COVER
  POSSIBLE SUNSHINE  MM
  AVERAGE SKY COVER 0.3


WEATHER CONDITIONS
 THE FOLLOWING WEATHER WAS RECORDED YESTERDAY.
  LIGHT RAIN


RELATIVE HUMIDITY (PERCENT)
 HIGHEST    55           600 AM
 LOWEST     15           500 PM
 AVERAGE    35

..........................................................


THE YAKIMA WA CLIMATE NORMALS FOR TODAY
                         NORMAL    RECORD    YEAR
 MAXIMUM TEMPERATURE (F)   72        88      1992
 MINIMUM TEMPERATURE (F)   39        23      1950


SUNRISE AND SUNSET
OCTOBER  1 2016.......SUNRISE   702 AM PDT   SUNSET   641 PM PDT
OCTOBER  2 2016.......SUNRISE   703 AM PDT   SUNSET   639 PM PDT


-  INDICATES NEGATIVE NUMBERS.
R  INDICATES RECORD WAS SET OR TIED.
MM INDICATES DATA IS MISSING.
T  INDICATES TRACE AMOUNT.


$$
