000
CDUS46 KPDT 190828
CLIYKM

CLIMATE REPORT
NATIONAL WEATHER SERVICE PENDLETON OR
1225 AM PST FRI DEC 19 2014


...................................

...THE YAKIMA WA CLIMATE SUMMARY FOR DECEMBER 18 2014...

CLIMATE NORMAL PERIOD 1981 TO 2010
CLIMATE RECORD PERIOD 1946 TO 2014


WEATHER ITEM   OBSERVED TIME   RECORD YEAR NORMAL DEPARTURE LAST
                VALUE   (LST)  VALUE       VALUE  FROM      YEAR
                                                  NORMAL
..................................................................
TEMPERATURE (F)
 YESTERDAY
  MAXIMUM         43    131 PM  55    1974  35      8       46
  MINIMUM         39   1159 PM -10    1984  21     18       19
  AVERAGE         41                        28     13       33

PRECIPITATION (IN)
  YESTERDAY        0.02          0.39 1955   0.05  -0.03     0.00
  MONTH TO DATE    0.60                      0.88  -0.28     0.32
  SINCE OCT 1      1.78                      2.47  -0.69     0.83
  SINCE JAN 1      6.20                      7.60  -1.40     5.49

SNOWFALL (IN)
  YESTERDAY       MM             4.7  1955   0.3   MM        0.0
  MONTH TO DATE    0.0                       5.3   -5.3       T
  SINCE JAN 1     19.9                      17.5    2.4      1.1
  SINCE JUL 1      T                         8.9   -8.9       T
  SNOW DEPTH       0

DEGREE DAYS
 HEATING
  YESTERDAY       24                        37    -13       32
  MONTH TO DATE  517                       643   -126      703
  SINCE DEC 1    517                       643   -126      703
  SINCE JUL 1   1701                      2176   -475     2119

 COOLING
  YESTERDAY        0                         0      0        0
  MONTH TO DATE    0                         0      0        0
  SINCE DEC 1      0                         0      0        0
  SINCE JAN 1    871                       472    399      970
..................................................................


WIND (MPH)
  HIGHEST WIND SPEED     6   HIGHEST WIND DIRECTION     E (80)
  HIGHEST GUST SPEED     6   HIGHEST GUST DIRECTION     E (80)
  AVERAGE WIND SPEED     0.4


SKY COVER
  POSSIBLE SUNSHINE  MM
  AVERAGE SKY COVER 1.0


WEATHER CONDITIONS
THE FOLLOWING WEATHER WAS RECORDED YESTERDAY.
  LIGHT RAIN
  FOG
  HAZE


RELATIVE HUMIDITY (PERCENT)
 HIGHEST    92           800 PM
 LOWEST     70          1100 AM
 AVERAGE    81

..........................................................


THE YAKIMA WA CLIMATE NORMALS FOR TODAY
                         NORMAL    RECORD    YEAR
 MAXIMUM TEMPERATURE (F)   35        51      2004
 MINIMUM TEMPERATURE (F)   21        -9      1984


SUNRISE AND SUNSET
DECEMBER 19 2014......SUNRISE   742 AM PST   SUNSET   416 PM PST
DECEMBER 20 2014......SUNRISE   743 AM PST   SUNSET   417 PM PST


-  INDICATES NEGATIVE NUMBERS.
R  INDICATES RECORD WAS SET OR TIED.
MM INDICATES DATA IS MISSING.
T  INDICATES TRACE AMOUNT.




$$
