000
CDUS46 KPDT 190833
CLIYKM

CLIMATE REPORT
NATIONAL WEATHER SERVICE PENDLETON OR
133 AM PDT SAT APR 19 2014


...................................

...THE YAKIMA WA CLIMATE SUMMARY FOR APRIL 18 2014...

CLIMATE NORMAL PERIOD 1981 TO 2010
CLIMATE RECORD PERIOD 1946 TO 2014


WEATHER ITEM   OBSERVED TIME   RECORD YEAR NORMAL DEPARTURE LAST
                VALUE   (LST)  VALUE       VALUE  FROM      YEAR
                                                  NORMAL
..................................................................
TEMPERATURE (F)
 YESTERDAY
  MAXIMUM         62    424 PM  84    1952  64     -2       69
  MINIMUM         36    958 PM  23    1964  35      1       40
  AVERAGE         49                        49      0       55

PRECIPITATION (IN)
  YESTERDAY        0.00          0.43 1984   0.02  -0.02      T
  MONTH TO DATE    0.01                      0.31  -0.30     0.40
  SINCE OCT 1      3.17                      5.97  -2.80     5.10
  SINCE JAN 1      2.34                      2.85  -0.51     1.30

SNOWFALL (IN)
  YESTERDAY        0.0           0.0  2002   0.0    0.0      0.0
                                      2001
                                      2000
  MONTH TO DATE    0.0                       0.0    0.0      0.0
  SINCE JAN 1     19.9                       8.6   11.3      1.1
  SINCE JUL 1     19.9                      21.6   -1.7     15.3
  SNOW DEPTH       0

DEGREE DAYS
 HEATING
  YESTERDAY       16                        16      0       10
  MONTH TO DATE  218                       308    -90      266
  SINCE MAR 1    852                       985   -133      861
  SINCE JUL 1   5254                      5512   -258     4824

 COOLING
  YESTERDAY        0                         0      0        0
  MONTH TO DATE    0                         0      0        0
  SINCE MAR 1      0                         0      0        0
  SINCE JAN 1      0                         0      0        0
..................................................................


WIND (MPH)
  HIGHEST WIND SPEED    23   HIGHEST WIND DIRECTION     W (270)
  HIGHEST GUST SPEED    29   HIGHEST GUST DIRECTION     W (270)
  AVERAGE WIND SPEED     8.7


SKY COVER
  POSSIBLE SUNSHINE  MM
  AVERAGE SKY COVER 0.0


WEATHER CONDITIONS
 THE FOLLOWING WEATHER WAS RECORDED YESTERDAY.
  NO SIGNIFICANT WEATHER WAS OBSERVED.


RELATIVE HUMIDITY (PERCENT)
 HIGHEST    70          1000 PM
 LOWEST     24          1100 AM
 AVERAGE    47

..........................................................


THE YAKIMA WA CLIMATE NORMALS FOR TODAY
                         NORMAL    RECORD    YEAR
 MAXIMUM TEMPERATURE (F)   64        79      1956
 MINIMUM TEMPERATURE (F)   35        18      2008


SUNRISE AND SUNSET
APRIL 19 2014.........SUNRISE   608 AM PDT   SUNSET   756 PM PDT
APRIL 20 2014.........SUNRISE   606 AM PDT   SUNSET   757 PM PDT


-  INDICATES NEGATIVE NUMBERS.
R  INDICATES RECORD WAS SET OR TIED.
MM INDICATES DATA IS MISSING.
T  INDICATES TRACE AMOUNT.


$$
