000
CDUS46 KPDT 040843
CLIYKM

CLIMATE REPORT
NATIONAL WEATHER SERVICE PENDLETON OR
143 AM PDT TUE AUG 4 2015


...................................

...THE YAKIMA WA CLIMATE SUMMARY FOR AUGUST 3 2015...

CLIMATE NORMAL PERIOD 1981 TO 2010
CLIMATE RECORD PERIOD 1946 TO 2015


WEATHER ITEM   OBSERVED TIME   RECORD YEAR NORMAL DEPARTURE LAST
                VALUE   (LST)  VALUE       VALUE  FROM      YEAR
                                                  NORMAL
..................................................................
TEMPERATURE (F)
 YESTERDAY
  MAXIMUM         90    921 AM 103    1961  90      0       97
  MINIMUM         65    355 AM  43    2002  54     11       62
                                      1996
  AVERAGE         78                        72      6       80

PRECIPITATION (IN)
  YESTERDAY        T             0.15 1962   0.01  -0.01      T
  MONTH TO DATE    T                         0.02  -0.02      T
  SINCE OCT 1      6.39                      7.65  -1.26     3.89
  SINCE JAN 1      4.29                      4.53  -0.24     3.06

SNOWFALL (IN)
  YESTERDAY        0.0           0.0  2002   0.0    0.0      0.0
                                      2001
                                      1999
  MONTH TO DATE    0.0                       0.0    0.0      0.0
  SINCE JAN 1      1.6                       8.6   -7.0     19.9
  SINCE JUL 1      0.0                       0.0    0.0      0.0
  SNOW DEPTH       0

DEGREE DAYS
 HEATING
  YESTERDAY        0                         0      0        0
  MONTH TO DATE    0                         0      0        0
  SINCE JUN 1      3                       119   -116       35
  SINCE JUL 1      0                        21    -21        5

 COOLING
  YESTERDAY       13                         7      6       15
  MONTH TO DATE   45                        21     24       47
  SINCE JUN 1    734                       281    453      557
  SINCE JAN 1    826                       301    525      580
..................................................................


WIND (MPH)
  HIGHEST WIND SPEED    17   HIGHEST WIND DIRECTION    NW (320)
  HIGHEST GUST SPEED    28   HIGHEST GUST DIRECTION    NW (310)
  AVERAGE WIND SPEED     5.2


SKY COVER
  POSSIBLE SUNSHINE  MM
  AVERAGE SKY COVER 0.2


WEATHER CONDITIONS
 THE FOLLOWING WEATHER WAS RECORDED YESTERDAY.
  LIGHT RAIN


RELATIVE HUMIDITY (PERCENT)
 HIGHEST    48           400 AM
 LOWEST     23           400 PM
 AVERAGE    36

..........................................................


THE YAKIMA WA CLIMATE NORMALS FOR TODAY
                         NORMAL    RECORD    YEAR
 MAXIMUM TEMPERATURE (F)   89       108      1961
 MINIMUM TEMPERATURE (F)   54        41      1954


SUNRISE AND SUNSET
AUGUST  4 2015........SUNRISE   546 AM PDT   SUNSET   829 PM PDT
AUGUST  5 2015........SUNRISE   548 AM PDT   SUNSET   828 PM PDT


-  INDICATES NEGATIVE NUMBERS.
R  INDICATES RECORD WAS SET OR TIED.
MM INDICATES DATA IS MISSING.
T  INDICATES TRACE AMOUNT.

$$
