972
CDUS41 KCLE 282118
CLIYNG


CLIMATE REPORT
NATIONAL WEATHER SERVICE CLEVELAND OH
518 PM EDT SAT MAY 28 2016


...................................

...THE YOUNGSTOWN OH CLIMATE SUMMARY FOR MAY 28 2016...
VALID TODAY AS OF 0500 PM LOCAL TIME.

CLIMATE NORMAL PERIOD 1981 TO 2010
CLIMATE RECORD PERIOD 1897 TO 2016


WEATHER ITEM   OBSERVED TIME   RECORD YEAR NORMAL DEPARTURE LAST
                VALUE   (LST)  VALUE       VALUE  FROM      YEAR
                                                  NORMAL
..................................................................
TEMPERATURE (F)
 TODAY
  MAXIMUM         88    325 PM  90    2012  72     16       78
  MINIMUM         63    452 AM  34    1992  50     13       57
  AVERAGE         76                        61     15       68

PRECIPITATION (IN)
  TODAY            T                         0.13  -0.13     0.22
  MONTH TO DATE    2.29                      3.40  -1.11     3.03
  SINCE MAR 1      9.91                      9.70   0.21     8.24
  SINCE JAN 1     15.10                     14.40   0.70    13.47

SNOWFALL (IN)
  TODAY            0.0                       0.0    0.0      0.0
  MONTH TO DATE    0.2                       0.0    0.2      0.0
  SINCE MAR 1     13.3                      13.9   -0.6      9.5
  SINCE JUL 1     44.9                      62.7  -17.8     79.0
  SNOW DEPTH       0

DEGREE DAYS
 HEATING
  TODAY            0                         5     -5        0
  MONTH TO DATE  246                       237      9      133
  SINCE MAR 1   1405                      1616   -211     1564
  SINCE JUL 1   5253                      6264  -1011     6682

 COOLING
  TODAY           11                         2      9        3
  MONTH TO DATE   38                        24     14       98
  SINCE MAR 1     38                        33      5       98
  SINCE JAN 1     38                        33      5       98
..................................................................


WIND (MPH)
  HIGHEST WIND SPEED    14   HIGHEST WIND DIRECTION     E (80)
  HIGHEST GUST SPEED    16   HIGHEST GUST DIRECTION    SW (210)


SKY COVER
  POSSIBLE SUNSHINE  MM
  AVERAGE SKY COVER 0.6


WEATHER CONDITIONS
 THE FOLLOWING WEATHER WAS RECORDED TODAY.
  NO SIGNIFICANT WEATHER WAS OBSERVED.


RELATIVE HUMIDITY (PERCENT)
 HIGHEST    93           400 AM
 LOWEST     48           400 PM
 AVERAGE    71

..........................................................


THE YOUNGSTOWN OH CLIMATE NORMALS FOR TOMORROW
                         NORMAL    RECORD    YEAR
 MAXIMUM TEMPERATURE (F)   72        91      1942
 MINIMUM TEMPERATURE (F)   50        34      2004


SUNRISE AND SUNSET
MAY 28 2016...........SUNRISE   554 AM EDT   SUNSET   847 PM EDT
MAY 29 2016...........SUNRISE   553 AM EDT   SUNSET   847 PM EDT


-  INDICATES NEGATIVE NUMBERS.
R  INDICATES RECORD WAS SET OR TIED.
MM INDICATES DATA IS MISSING.
T  INDICATES TRACE AMOUNT.




$$
