000
CDUS41 KCLE 110533
CLIYNG


CLIMATE REPORT
NATIONAL WEATHER SERVICE CLEVELAND OH
1233 AM EST MON DEC 11 2017


...................................

...THE YOUNGSTOWN OH CLIMATE SUMMARY FOR DECEMBER 10 2017...

CLIMATE NORMAL PERIOD 1981 TO 2010
CLIMATE RECORD PERIOD 1897 TO 2017


WEATHER ITEM   OBSERVED TIME   RECORD YEAR NORMAL DEPARTURE LAST
                VALUE   (LST)  VALUE       VALUE  FROM      YEAR
                                                  NORMAL
..................................................................
TEMPERATURE (F)
 YESTERDAY
  MAXIMUM         31    233 PM  69    1971  38     -7       29
  MINIMUM         26    910 AM  -5    1958  26      0       23
  AVERAGE         29                        32     -3       26

PRECIPITATION (IN)
  YESTERDAY        0.02                      0.11  -0.09      T
  MONTH TO DATE    0.20                      1.02  -0.82     0.59
  SINCE DEC 1      0.20                      1.02  -0.82     0.59
  SINCE JAN 1     42.06                     36.94   5.12    41.36

SNOWFALL (IN)
  YESTERDAY        0.3                       0.5   -0.2       T
  MONTH TO DATE    0.4                       4.3   -3.9      1.9
  SINCE DEC 1      0.4                       4.3   -3.9      1.9
  SINCE JUL 1      1.4                       8.7   -7.3      6.3
  SNOW DEPTH       T

DEGREE DAYS
 HEATING
  YESTERDAY       36                        33      3       39
  MONTH TO DATE  311                       314     -3      322
  SINCE DEC 1    311                       314     -3      322
  SINCE JUL 1   1409                      1643   -234     1294

 COOLING
  YESTERDAY        0                         0      0        0
  MONTH TO DATE    0                         0      0        0
  SINCE DEC 1      0                         0      0        0
  SINCE JAN 1    658                       544    114      879
..................................................................


WIND (MPH)
  HIGHEST WIND SPEED    24   HIGHEST WIND DIRECTION    SW (240)
  HIGHEST GUST SPEED    31   HIGHEST GUST DIRECTION    SW (230)
  AVERAGE WIND SPEED    12.7


SKY COVER
  POSSIBLE SUNSHINE  MM
  AVERAGE SKY COVER 0.9


WEATHER CONDITIONS
 THE FOLLOWING WEATHER WAS RECORDED YESTERDAY.
  LIGHT SNOW
  FOG


RELATIVE HUMIDITY (PERCENT)
 HIGHEST    84           200 AM
 LOWEST     50           300 PM
 AVERAGE    67

..........................................................


THE YOUNGSTOWN OH CLIMATE NORMALS FOR TODAY
                         NORMAL    RECORD    YEAR
 MAXIMUM TEMPERATURE (F)   38        61      1979
 MINIMUM TEMPERATURE (F)   25        -5      1958


SUNRISE AND SUNSET
DECEMBER 11 2017......SUNRISE   738 AM EST   SUNSET   454 PM EST
DECEMBER 12 2017......SUNRISE   739 AM EST   SUNSET   454 PM EST


-  INDICATES NEGATIVE NUMBERS.
R  INDICATES RECORD WAS SET OR TIED.
MM INDICATES DATA IS MISSING.
T  INDICATES TRACE AMOUNT.




$$
