508
CDUS41 KCLE 290545
CLIYNG


CLIMATE REPORT
NATIONAL WEATHER SERVICE CLEVELAND OH
145 AM EDT FRI APR 29 2016


...................................

...THE YOUNGSTOWN OH CLIMATE SUMMARY FOR APRIL 28 2016...

CLIMATE NORMAL PERIOD 1981 TO 2010
CLIMATE RECORD PERIOD 1897 TO 2016


WEATHER ITEM   OBSERVED TIME   RECORD YEAR NORMAL DEPARTURE LAST
                VALUE   (LST)  VALUE       VALUE  FROM      YEAR
                                                  NORMAL
..................................................................
TEMPERATURE (F)
 YESTERDAY
  MAXIMUM         50    851 AM  87    1990  64    -14       58
                                      1986
  MINIMUM         44   1130 PM  24    1946  42      2       33
  AVERAGE         47                        53     -6       46

PRECIPITATION (IN)
  YESTERDAY        0.21                      0.11   0.10     0.00
  MONTH TO DATE    3.42                      3.15   0.27     2.81
  SINCE MAR 1      7.23                      6.09   1.14     5.14
  SINCE JAN 1     12.42                     10.79   1.63    10.37

SNOWFALL (IN)
  YESTERDAY       MM                         0.0   MM        0.0
  MONTH TO DATE    6.4                       3.0    3.4      0.9
  SINCE MAR 1     10.7                      13.9   -3.2      9.5
  SINCE JUL 1     42.3                      62.7  -20.4     79.0
  SNOW DEPTH       0

DEGREE DAYS
 HEATING
  YESTERDAY       18                        13      5       19
  MONTH TO DATE  507                       478     29      409
  SINCE MAR 1   1121                      1354   -233     1397
  SINCE JUL 1   4969                      6002  -1033     6515

 COOLING
  YESTERDAY        0                         0      0        0
  MONTH TO DATE    0                         0      0        0
  SINCE MAR 1      0                         1     -1        0
  SINCE JAN 1      0                         1     -1        0
..................................................................


WIND (MPH)
  HIGHEST WIND SPEED    17   HIGHEST WIND DIRECTION     E (90)
  HIGHEST GUST SPEED    21   HIGHEST GUST DIRECTION     E (100)
  AVERAGE WIND SPEED     8.1


SKY COVER
  POSSIBLE SUNSHINE  MM
  AVERAGE SKY COVER 1.0


WEATHER CONDITIONS
 THE FOLLOWING WEATHER WAS RECORDED YESTERDAY.
  RAIN
  LIGHT RAIN
  FOG


RELATIVE HUMIDITY (PERCENT)
 HIGHEST    93           300 PM
 LOWEST     39          1200 AM
 AVERAGE    66

..........................................................


THE YOUNGSTOWN OH CLIMATE NORMALS FOR TODAY
                         NORMAL    RECORD    YEAR
 MAXIMUM TEMPERATURE (F)   64        85      1942
 MINIMUM TEMPERATURE (F)   42        25      1977


SUNRISE AND SUNSET
APRIL 29 2016.........SUNRISE   622 AM EDT   SUNSET   818 PM EDT
APRIL 30 2016.........SUNRISE   621 AM EDT   SUNSET   819 PM EDT


-  INDICATES NEGATIVE NUMBERS.
R  INDICATES RECORD WAS SET OR TIED.
MM INDICATES DATA IS MISSING.
T  INDICATES TRACE AMOUNT.




$$
