414
CDUS41 KPBZ 212236
CLIZZV


CLIMATE REPORT
NATIONAL WEATHER SERVICE PITTSBURGH PA
535 PM EST SAT JAN 21 2017


...................................

...THE ZANESVILLE OH CLIMATE SUMMARY FOR JANUARY 21 2017...
VALID TODAY AS OF 0500 PM LOCAL TIME.

CLIMATE NORMAL PERIOD 1981 TO 2010
CLIMATE RECORD PERIOD 1946 TO 2017


WEATHER ITEM   OBSERVED TIME   RECORD YEAR NORMAL DEPARTURE LAST
                VALUE   (LST)  VALUE       VALUE  FROM      YEAR
                                                  NORMAL
..................................................................
TEMPERATURE (F)
 TODAY
  MAXIMUM         63    346 PM  65    1959  37     26       28
  MINIMUM         40    801 AM -22    1984  20     20        9
  AVERAGE         52                        29     23       19

PRECIPITATION (IN)
  TODAY            0.00         MM      MM   0.09  -0.09     0.00
  MONTH TO DATE    2.32                      1.86   0.46     0.86
  SINCE JUN 1     20.94                     24.26  -3.32    23.19
  SINCE JAN 1      2.32                      1.86   0.46     0.86

DEGREE DAYS
 HEATING
  TODAY           13                        36    -23       46
  MONTH TO DATE  610                       756   -146      783
  SINCE DEC 1   1586                      1760   -174     1358
  SINCE JUL 1   2443                      2901   -458     2200

 COOLING
  TODAY            0                         0      0        0
  MONTH TO DATE    0                         0      0        0
  SINCE DEC 1      0                         0      0        0
  SINCE JAN 1      0                         0      0        0
..................................................................


WIND (MPH)
  HIGHEST WIND SPEED    12   HIGHEST WIND DIRECTION     S (170)
  HIGHEST GUST SPEED    14   HIGHEST GUST DIRECTION     S (170)
  AVERAGE WIND SPEED     3.1


SKY COVER
  POSSIBLE SUNSHINE  MM
  AVERAGE SKY COVER 0.3


WEATHER CONDITIONS
 THE FOLLOWING WEATHER WAS RECORDED TODAY.
  FOG
  FOG W/VISIBILITY <= 1/4 MILE


RELATIVE HUMIDITY (PERCENT)
 HIGHEST   100           700 AM
 LOWEST     65           400 PM
 AVERAGE    83

..........................................................


THE ZANESVILLE OH CLIMATE NORMALS FOR TOMORROW
                         NORMAL    RECORD    YEAR
 MAXIMUM TEMPERATURE (F)   37        70      1999
 MINIMUM TEMPERATURE (F)   20       -11      2011


SUNRISE AND SUNSET
JANUARY 21 2017.......SUNRISE   744 AM EST   SUNSET   534 PM EST
JANUARY 22 2017.......SUNRISE   744 AM EST   SUNSET   535 PM EST


-  INDICATES NEGATIVE NUMBERS.
R  INDICATES RECORD WAS SET OR TIED.
MM INDICATES DATA IS MISSING.
T  INDICATES TRACE AMOUNT.




$$
