000
CDUS41 KPBZ 050700
CLIZZV


CLIMATE REPORT
NATIONAL WEATHER SERVICE PITTSBURGH PA
300 AM EDT SUN JUL 5 2015


...................................

...THE ZANESVILLE OH CLIMATE SUMMARY FOR JULY 4 2015...

CLIMATE NORMAL PERIOD 1981 TO 2010
CLIMATE RECORD PERIOD 1946 TO 2015


WEATHER ITEM   OBSERVED TIME   RECORD YEAR NORMAL DEPARTURE LAST
                VALUE   (LST)  VALUE       VALUE  FROM      YEAR
                                                  NORMAL
..................................................................
TEMPERATURE (F)
 YESTERDAY
  MAXIMUM         79    518 PM  97    2012  84     -5       76
  MINIMUM         59    531 AM  44    1968  62     -3       53
  AVERAGE         69                        73     -4       65

PRECIPITATION (IN)
  YESTERDAY        0.00         MM      MM   0.13  -0.13     0.00
  MONTH TO DATE    0.12                      0.53  -0.41     0.45
  SINCE JUN 1      7.46                      4.57   2.89     7.19
  SINCE JAN 1     23.36                     20.03   3.33    21.52

DEGREE DAYS
 HEATING
  YESTERDAY        0                         0      0        0
  MONTH TO DATE    0                         0      0        0
  SINCE JUN 1     24                        32     -8       10
  SINCE JUL 1      0                         0      0        0

 COOLING
  YESTERDAY        4                         8     -4        0
  MONTH TO DATE   12                        32    -20       23
  SINCE JUN 1    199                       190      9      219
  SINCE JAN 1    316                       244     72      301
..................................................................


WIND (MPH)
  HIGHEST WIND SPEED     9   HIGHEST WIND DIRECTION     W (260)
  HIGHEST GUST SPEED    17   HIGHEST GUST DIRECTION     W (260)
  AVERAGE WIND SPEED     2.9


SKY COVER
  POSSIBLE SUNSHINE  MM
  AVERAGE SKY COVER 0.2


WEATHER CONDITIONS
 THE FOLLOWING WEATHER WAS RECORDED YESTERDAY.
  FOG
  FOG W/VISIBILITY <= 1/4 MILE
  HAZE


RELATIVE HUMIDITY (PERCENT)
 HIGHEST    97           400 AM
 LOWEST     48           200 PM
 AVERAGE    73

..........................................................


THE ZANESVILLE OH CLIMATE NORMALS FOR TODAY
                         NORMAL    RECORD    YEAR
 MAXIMUM TEMPERATURE (F)   84        96      1949
 MINIMUM TEMPERATURE (F)   62        45      1979


SUNRISE AND SUNSET
JULY  5 2015..........SUNRISE   605 AM EDT   SUNSET   859 PM EDT
JULY  6 2015..........SUNRISE   605 AM EDT   SUNSET   859 PM EDT


-  INDICATES NEGATIVE NUMBERS.
R  INDICATES RECORD WAS SET OR TIED.
MM INDICATES DATA IS MISSING.
T  INDICATES TRACE AMOUNT.




$$
