000
CDUS41 KPBZ 250724
CLIZZV


CLIMATE REPORT
NATIONAL WEATHER SERVICE PITTSBURGH PA
324 AM EDT THU MAY 25 2017


...................................

...THE ZANESVILLE OH CLIMATE SUMMARY FOR MAY 24 2017...

CLIMATE NORMAL PERIOD 1981 TO 2010
CLIMATE RECORD PERIOD 1946 TO 2017


WEATHER ITEM   OBSERVED TIME   RECORD YEAR NORMAL DEPARTURE LAST
                VALUE   (LST)  VALUE       VALUE  FROM      YEAR
                                                  NORMAL
..................................................................
TEMPERATURE (F)
 YESTERDAY
  MAXIMUM         70    320 PM  89    1944  74     -4       81
  MINIMUM         60    842 AM  32    1956  51      9       51
  AVERAGE         65                        63      2       66

PRECIPITATION (IN)
  YESTERDAY        0.12          1.27 1940   0.14  -0.02     0.00
  MONTH TO DATE    3.14                      3.19  -0.05     2.44
  SINCE JUN 1     35.29                     36.86  -1.57    37.31
  SINCE JAN 1     16.67                     14.46   2.21    14.98

DEGREE DAYS
 HEATING
  YESTERDAY        0                         4     -4        0
  MONTH TO DATE  139                       157    -18      154
  SINCE MAR 1   1072                      1323   -251      970
  SINCE JUL 1   4424                      5514  -1090     4316

 COOLING
  YESTERDAY        0                         2     -2        1
  MONTH TO DATE   32                        28      4       14
  SINCE MAR 1     63                        37     26       22
  SINCE JAN 1     64                        37     27       22
..................................................................


WIND (MPH)
  HIGHEST WIND SPEED    17   HIGHEST WIND DIRECTION     E (100)
  HIGHEST GUST SPEED    25   HIGHEST GUST DIRECTION    SE (130)
  AVERAGE WIND SPEED     8.0


SKY COVER
  POSSIBLE SUNSHINE  MM
  AVERAGE SKY COVER 0.9


WEATHER CONDITIONS
 THE FOLLOWING WEATHER WAS RECORDED YESTERDAY.
  LIGHT RAIN
  FOG


RELATIVE HUMIDITY (PERCENT)
 HIGHEST    90          1200 AM
 LOWEST     73           400 PM
 AVERAGE    82

..........................................................


THE ZANESVILLE OH CLIMATE NORMALS FOR TODAY
                         NORMAL    RECORD    YEAR
 MAXIMUM TEMPERATURE (F)   75        92      1939
 MINIMUM TEMPERATURE (F)   52        31      2013
                                             1925


SUNRISE AND SUNSET
MAY 25 2017...........SUNRISE   605 AM EDT   SUNSET   845 PM EDT
MAY 26 2017...........SUNRISE   604 AM EDT   SUNSET   846 PM EDT


-  INDICATES NEGATIVE NUMBERS.
R  INDICATES RECORD WAS SET OR TIED.
MM INDICATES DATA IS MISSING.
T  INDICATES TRACE AMOUNT.




$$
