000
CDUS41 KPBZ 162212
CLIZZV


CLIMATE REPORT
NATIONAL WEATHER SERVICE PITTSBURGH PA
511 PM EST TUE JAN 16 2018


...................................

...THE ZANESVILLE OH CLIMATE SUMMARY FOR JANUARY 16 2018...
VALID TODAY AS OF 0500 PM LOCAL TIME.

CLIMATE NORMAL PERIOD 1981 TO 2010
CLIMATE RECORD PERIOD 1895 TO 2018


WEATHER ITEM   OBSERVED TIME   RECORD YEAR NORMAL DEPARTURE LAST
                VALUE   (LST)  VALUE       VALUE  FROM      YEAR
                                                  NORMAL
..................................................................
TEMPERATURE (F)
 TODAY
  MAXIMUM         27    146 AM  62    1949  37    -10       46
  MINIMUM         11    358 PM -14    1977  20     -9       29
  AVERAGE         19                        28     -9       38

PRECIPITATION (IN)
  TODAY            0.03          0.75 1924   0.09  -0.06     0.07
  MONTH TO DATE    1.46                      1.43   0.03     1.73
  SINCE JUN 1     24.32                     23.83   0.49    20.35
  SINCE JAN 1      1.46                      1.43   0.03     1.73

DEGREE DAYS
 HEATING
  TODAY           46                        36     10       27
  MONTH TO DATE  725                       576    149      524
  SINCE DEC 1   1786                      1580    206     1500
  SINCE JUL 1   2770                      2721     49     2357

 COOLING
  TODAY            0                         0      0        0
  MONTH TO DATE    0                         0      0        0
  SINCE DEC 1      0                         0      0        0
  SINCE JAN 1      0                         0      0        0
..................................................................


WIND (MPH)
  HIGHEST WIND SPEED    16   HIGHEST WIND DIRECTION     W (260)
  HIGHEST GUST SPEED    21   HIGHEST GUST DIRECTION     W (270)
  AVERAGE WIND SPEED     7.3


SKY COVER
  POSSIBLE SUNSHINE  MM
  AVERAGE SKY COVER 0.9


WEATHER CONDITIONS
 THE FOLLOWING WEATHER WAS RECORDED TODAY.
  LIGHT SNOW
  FOG
  HAZE


RELATIVE HUMIDITY (PERCENT)
 HIGHEST    92          1200 AM
 LOWEST     66           500 PM
 AVERAGE    79

..........................................................


THE ZANESVILLE OH CLIMATE NORMALS FOR TOMORROW
                         NORMAL    RECORD    YEAR
 MAXIMUM TEMPERATURE (F)   37        64      2017
 MINIMUM TEMPERATURE (F)   20       -19      1977


SUNRISE AND SUNSET
JANUARY 16 2018.......SUNRISE   747 AM EST   SUNSET   528 PM EST
JANUARY 17 2018.......SUNRISE   746 AM EST   SUNSET   529 PM EST


-  INDICATES NEGATIVE NUMBERS.
R  INDICATES RECORD WAS SET OR TIED.
MM INDICATES DATA IS MISSING.
T  INDICATES TRACE AMOUNT.




$$
