000
CDUS41 KPBZ 300718
CLIZZV


CLIMATE REPORT
NATIONAL WEATHER SERVICE PITTSBURGH PA
317 AM EDT TUE AUG 30 2016


...................................

...THE ZANESVILLE OH CLIMATE SUMMARY FOR AUGUST 29 2016...

CLIMATE NORMAL PERIOD 1981 TO 2010
CLIMATE RECORD PERIOD 1946 TO 2016


WEATHER ITEM   OBSERVED TIME   RECORD YEAR NORMAL DEPARTURE LAST
                VALUE   (LST)  VALUE       VALUE  FROM      YEAR
                                                  NORMAL
..................................................................
TEMPERATURE (F)
 YESTERDAY
  MAXIMUM         88    327 PM  97    1953  82      6       89
  MINIMUM         64   1156 PM  36    1965  59      5       53
  AVERAGE         76                        70      6       71

PRECIPITATION (IN)
  YESTERDAY        0.00         MM      MM   0.11  -0.11     0.00
  MONTH TO DATE    2.77                      3.02  -0.25     0.76
  SINCE JUN 1      7.98                     10.85  -2.87    10.67
  SINCE JAN 1     22.96                     26.31  -3.35    26.57

DEGREE DAYS
 HEATING
  YESTERDAY        0                         1     -1        0
  MONTH TO DATE    0                         2     -2        8
  SINCE JUN 1      4                        37    -33       32
  SINCE JUL 1      0                         5     -5        8

 COOLING
  YESTERDAY       11                         6      5        6
  MONTH TO DATE  353                       207    146      162
  SINCE JUN 1   1036                       614    422      577
  SINCE JAN 1   1130                       668    462      694
..................................................................


WIND (MPH)
  HIGHEST WIND SPEED    10   HIGHEST WIND DIRECTION     N (20)
  HIGHEST GUST SPEED    16   HIGHEST GUST DIRECTION    NE (30)
  AVERAGE WIND SPEED     3.9


SKY COVER
  POSSIBLE SUNSHINE  MM
  AVERAGE SKY COVER 0.0


WEATHER CONDITIONS
 THE FOLLOWING WEATHER WAS RECORDED YESTERDAY.
  NO SIGNIFICANT WEATHER WAS OBSERVED.


RELATIVE HUMIDITY (PERCENT)
 HIGHEST    93           200 AM
 LOWEST     46           400 PM
 AVERAGE    70

..........................................................


THE ZANESVILLE OH CLIMATE NORMALS FOR TODAY
                         NORMAL    RECORD    YEAR
 MAXIMUM TEMPERATURE (F)   81        98      1953
 MINIMUM TEMPERATURE (F)   59        41      1986


SUNRISE AND SUNSET
AUGUST 30 2016........SUNRISE   654 AM EDT   SUNSET   801 PM EDT
AUGUST 31 2016........SUNRISE   655 AM EDT   SUNSET   800 PM EDT


-  INDICATES NEGATIVE NUMBERS.
R  INDICATES RECORD WAS SET OR TIED.
MM INDICATES DATA IS MISSING.
T  INDICATES TRACE AMOUNT.




$$
