000
CDUS41 KPBZ 172214
CLIZZV


CLIMATE REPORT
NATIONAL WEATHER SERVICE PITTSBURGH PA
514 PM EST FRI NOV 17 2017


...................................

...THE ZANESVILLE OH CLIMATE SUMMARY FOR NOVEMBER 17 2017...
VALID TODAY AS OF 0500 PM LOCAL TIME.

CLIMATE NORMAL PERIOD 1981 TO 2010
CLIMATE RECORD PERIOD 1895 TO 2017


WEATHER ITEM   OBSERVED TIME   RECORD YEAR NORMAL DEPARTURE LAST
                VALUE   (LST)  VALUE       VALUE  FROM      YEAR
                                                  NORMAL
..................................................................
TEMPERATURE (F)
 TODAY
  MAXIMUM         47    359 PM  77    1958  52     -5       65
  MINIMUM         36    716 AM   9    1933  33      3       29
  AVERAGE         42                        43     -1       47

PRECIPITATION (IN)
  TODAY            0.00          1.65 1927   0.11  -0.11     0.00
  MONTH TO DATE    3.54                      1.71   1.83     0.34
  SINCE JUN 1     20.74                     18.39   2.35    12.90
  SINCE JAN 1     38.86                     33.85   5.01    27.88

DEGREE DAYS
 HEATING
  TODAY           23                        22      1       18
  MONTH TO DATE  355                       329     26      289
  SINCE SEP 1    677                       805   -128      567
  SINCE JUL 1    681                       816   -135      567

 COOLING
  TODAY            0                         0      0        0
  MONTH TO DATE    2                         0      2        2
  SINCE SEP 1    149                        91     58      204
  SINCE JAN 1    877                       768    109     1355
..................................................................


WIND (MPH)
  HIGHEST WIND SPEED    14   HIGHEST WIND DIRECTION    SE (120)
  HIGHEST GUST SPEED    19   HIGHEST GUST DIRECTION    SE (130)
  AVERAGE WIND SPEED     4.3


SKY COVER
  POSSIBLE SUNSHINE  MM
  AVERAGE SKY COVER 0.7


WEATHER CONDITIONS
 THE FOLLOWING WEATHER WAS RECORDED TODAY.
  NO SIGNIFICANT WEATHER WAS OBSERVED.


RELATIVE HUMIDITY (PERCENT)
 HIGHEST    70           100 AM
 LOWEST     49           300 PM
 AVERAGE    60

..........................................................


THE ZANESVILLE OH CLIMATE NORMALS FOR TOMORROW
                         NORMAL    RECORD    YEAR
 MAXIMUM TEMPERATURE (F)   52        76      1941
 MINIMUM TEMPERATURE (F)   33        11      1959


SUNRISE AND SUNSET
NOVEMBER 17 2017......SUNRISE   715 AM EST   SUNSET   510 PM EST
NOVEMBER 18 2017......SUNRISE   716 AM EST   SUNSET   509 PM EST


-  INDICATES NEGATIVE NUMBERS.
R  INDICATES RECORD WAS SET OR TIED.
MM INDICATES DATA IS MISSING.
T  INDICATES TRACE AMOUNT.




$$
