000
CDUS41 KPBZ 282121
CLIZZV


CLIMATE REPORT
NATIONAL WEATHER SERVICE PITTSBURGH PA
520 PM EDT TUE JUL 28 2015


...................................

...THE ZANESVILLE OH CLIMATE SUMMARY FOR JULY 28 2015...
VALID TODAY AS OF 0500 PM LOCAL TIME.

CLIMATE NORMAL PERIOD 1981 TO 2010
CLIMATE RECORD PERIOD 1946 TO 2015


WEATHER ITEM   OBSERVED TIME   RECORD YEAR NORMAL DEPARTURE LAST
                VALUE   (LST)  VALUE       VALUE  FROM      YEAR
                                                  NORMAL
..................................................................
TEMPERATURE (F)
 TODAY
  MAXIMUM         90    339 PM  95    1952  84      6       73
  MINIMUM         67    558 AM  45    1962  62      5       59
  AVERAGE         79                        73      6       66

PRECIPITATION (IN)
  TODAY            0.00         MM      MM   0.11  -0.11      T
  MONTH TO DATE    2.56                      3.49  -0.93     3.24
  SINCE JUN 1      9.90                      7.53   2.37     9.98
  SINCE JAN 1     25.80                     22.99   2.81    24.31

DEGREE DAYS
 HEATING
  TODAY            0                         0      0        0
  MONTH TO DATE    0                         0      0        9
  SINCE JUN 1     24                        32     -8       19
  SINCE JUL 1      0                         0      0        9

 COOLING
  TODAY           14                         8      6        1
  MONTH TO DATE  196                       224    -28      159
  SINCE JUN 1    383                       382      1      355
  SINCE JAN 1    500                       436     64      437
..................................................................


WIND (MPH)
  HIGHEST WIND SPEED     9   HIGHEST WIND DIRECTION    NE (30)
  HIGHEST GUST SPEED    14   HIGHEST GUST DIRECTION     E (90)
  AVERAGE WIND SPEED     2.0


SKY COVER
  POSSIBLE SUNSHINE  MM
  AVERAGE SKY COVER 0.2


WEATHER CONDITIONS
 THE FOLLOWING WEATHER WAS RECORDED TODAY.
  HAZE


RELATIVE HUMIDITY (PERCENT)
 HIGHEST    93           600 AM
 LOWEST     46           100 PM
 AVERAGE    70

..........................................................


THE ZANESVILLE OH CLIMATE NORMALS FOR TOMORROW
                         NORMAL    RECORD    YEAR
 MAXIMUM TEMPERATURE (F)   84        93      1988
 MINIMUM TEMPERATURE (F)   62        50      1989


SUNRISE AND SUNSET
JULY 28 2015..........SUNRISE   622 AM EDT   SUNSET   845 PM EDT
JULY 29 2015..........SUNRISE   623 AM EDT   SUNSET   844 PM EDT


-  INDICATES NEGATIVE NUMBERS.
R  INDICATES RECORD WAS SET OR TIED.
MM INDICATES DATA IS MISSING.
T  INDICATES TRACE AMOUNT.




$$
