000
CDUS41 KPBZ 282113
CLIZZV


CLIMATE REPORT
NATIONAL WEATHER SERVICE PITTSBURGH PA
512 PM EDT SAT MAY 28 2016


...................................

...THE ZANESVILLE OH CLIMATE SUMMARY FOR MAY 28 2016...
VALID TODAY AS OF 0500 PM LOCAL TIME.

CLIMATE NORMAL PERIOD 1981 TO 2010
CLIMATE RECORD PERIOD 1946 TO 2016


WEATHER ITEM   OBSERVED TIME   RECORD YEAR NORMAL DEPARTURE LAST
                VALUE   (LST)  VALUE       VALUE  FROM      YEAR
                                                  NORMAL
..................................................................
TEMPERATURE (F)
 TODAY
  MAXIMUM         89R   318 PM  89    2012  75     14       82
                                      1991
  MINIMUM         67    253 AM  35    1971  53     14       60
  AVERAGE         78                        64     14       71

PRECIPITATION (IN)
  TODAY            0.00         MM      MM   0.14  -0.14     0.00
  MONTH TO DATE    2.44                      3.75  -1.31     2.36
  SINCE JUN 1     37.31                     37.42  -0.11    38.16
  SINCE JAN 1     14.98                     15.02  -0.04    15.75

DEGREE DAYS
 HEATING
  TODAY            0                         3     -3        0
  MONTH TO DATE  154                       172    -18      109
  SINCE MAR 1    970                      1338   -368     1359
  SINCE JUL 1   4316                      5529  -1213     6016

 COOLING
  TODAY           13                         2     11        6
  MONTH TO DATE   55                        36     19       97
  SINCE MAR 1     63                        45     18       98
  SINCE JAN 1     63                        45     18       98
..................................................................


WIND (MPH)
  HIGHEST WIND SPEED    13   HIGHEST WIND DIRECTION     S (190)
  HIGHEST GUST SPEED    16   HIGHEST GUST DIRECTION     S (200)
  AVERAGE WIND SPEED     4.5


SKY COVER
  POSSIBLE SUNSHINE  MM
  AVERAGE SKY COVER 0.1


WEATHER CONDITIONS
 THE FOLLOWING WEATHER WAS RECORDED TODAY.
  NO SIGNIFICANT WEATHER WAS OBSERVED.


RELATIVE HUMIDITY (PERCENT)
 HIGHEST    93           300 AM
 LOWEST     46           300 PM
 AVERAGE    70

..........................................................


THE ZANESVILLE OH CLIMATE NORMALS FOR TOMORROW
                         NORMAL    RECORD    YEAR
 MAXIMUM TEMPERATURE (F)   76        90      1991
 MINIMUM TEMPERATURE (F)   53        32      1949


SUNRISE AND SUNSET
MAY 28 2016...........SUNRISE   603 AM EDT   SUNSET   848 PM EDT
MAY 29 2016...........SUNRISE   602 AM EDT   SUNSET   848 PM EDT


-  INDICATES NEGATIVE NUMBERS.
R  INDICATES RECORD WAS SET OR TIED.
MM INDICATES DATA IS MISSING.
T  INDICATES TRACE AMOUNT.




$$
