000
CXUS51 KPHI 011112
CLMABE

CLIMATE REPORT
NATIONAL WEATHER SERVICE MOUNT HOLLY NJ
555 AM EST WED MAR 1 2017

...................................

...THE ALLENTOWN CLIMATE SUMMARY FOR THE MONTH OF FEBRUARY 2017...

CLIMATE NORMAL PERIOD 1981 TO 2010
CLIMATE RECORD PERIOD 1922 TO 2017

WEATHER         OBSERVED          NORMAL  DEPART  LAST YEAR`S
                 VALUE   DATE(S)  VALUE   FROM    VALUE  DATE(S)
                                          NORMAL
................................................................
TEMPERATURE (F)
RECORD
 HIGH              77   02/24/2017
 LOW              -12   02/09/1934
HIGHEST            77R               58      19       65
LOWEST             18                 4      14        2
AVG. MAXIMUM     50.2              39.8    10.4     43.8
AVG. MINIMUM     28.2              21.7     6.5     24.3
MEAN             39.2              30.7     8.5     34.1
DAYS MAX >= 90      0               0.0     0.0        0
DAYS MAX <= 32      2               5.6    -3.6        5
DAYS MIN <= 32     21              24.4    -3.4       25
DAYS MIN <= 0       0               0.2    -0.2        0

PRECIPITATION (INCHES)
RECORD
 MAXIMUM         7.62   2008
 MINIMUM         0.55   2002
TOTALS           1.70              2.70   -1.00     5.86
DAILY AVG.       0.06              0.10   -0.04     0.20
DAYS >= .01         5               9.8    -4.8       12
DAYS >= .10         4               5.4    -1.4        8
DAYS >= .50         2               1.7     0.3        3
DAYS >= 1.00        0               0.4    -0.4        1
GREATEST
 24 HR. TOTAL    0.61   02/09 TO 02/09              2.78

SNOWFALL (INCHES)
RECORDS
 TOTAL             MM   5
 24 HR TOTAL       MM
TOTALS            7.1              11.1    -4.0      3.6
SINCE 7/1        10.0              27.0   -17.0     35.9
SNOWDEPTH AVG.      1                 4      -3        1
DAYS >= 1.0         1               2.4    -1.4        2
GREATEST
 SNOW DEPTH         6   02/10                          9  02/01
 24 HR TOTAL      7.1   02/09 TO 02/09               2.1

DEGREE_DAYS
HEATING TOTAL     717               959    -242      888
 SINCE 7/1       3502              4309    -807     3457
COOLING TOTAL       0                 0       0        0
 SINCE 1/1          0                 0       0        0
.................................................................

WIND (MPH)
AVERAGE WIND SPEED              8.2
HIGHEST WIND SPEED/DIRECTION    37/260    DATE  02/25
HIGHEST GUST SPEED/DIRECTION    46/260    DATE  02/25

SKY COVER
POSSIBLE SUNSHINE (PERCENT)    0
AVERAGE SKY COVER           0.40
NUMBER OF DAYS FAIR           12
NUMBER OF DAYS PC             13
NUMBER OF DAYS CLOUDY          3

AVERAGE RH (PERCENT)     54

WEATHER CONDITIONS. NUMBER OF DAYS WITH
THUNDERSTORM              1     MIXED PRECIP               0
HEAVY RAIN                1     RAIN                       3
LIGHT RAIN                8     FREEZING RAIN              1
LT FREEZING RAIN          1     HEAVY SNOW                 0
SNOW                      1     LIGHT SNOW                 3
SLEET                     0     FOG                        9
FOG W/VIS <= 1/4 MILE     3     HAZE                       6

-  INDICATES NEGATIVE NUMBERS.
R  INDICATES RECORD WAS SET OR TIED.
MM INDICATES DATA IS MISSING.
T  INDICATES TRACE AMOUNT.

$$
