000
CXUS42 KFFC 031555
CLMAHN


CLIMATE REPORT
NATIONAL WEATHER SERVICE PEACHTREE CITY GA
1155 AM EDT FRI NOV 3 2017

...................................

...THE ATHENS CLIMATE SUMMARY FOR THE MONTH OF OCTOBER 2017...

CLIMATE NORMAL PERIOD 1981 TO 2010
CLIMATE RECORD PERIOD 1898 TO 2017

WEATHER         OBSERVED          NORMAL  DEPART  LAST YEAR`S
                 VALUE   DATE(S)  VALUE   FROM    VALUE  DATE(S)
                                          NORMAL
................................................................
TEMPERATURE (F)
RECORD
 HIGH              98   10/06/1954
                        10/05/1954
 LOW               24   10/30/1952
HIGHEST            91   10/12        80      11       92  10/08
LOWEST             32   10/30        57     -25       44  10/23
                                                          10/22
AVG. MAXIMUM     76.4              74.4     2.0     82.1
AVG. MINIMUM     52.3              51.5     0.8     53.5
MEAN             64.3              63.0     1.3     67.8
DAYS MAX >= 90      2               0.2     1.8        3
DAYS MAX <= 32      0               0.0     0.0        0
DAYS MIN <= 32      1               0.4     0.6        0
DAYS MIN <= 0       0               0.0     0.0        0

PRECIPITATION (INCHES)
RECORD
 MAXIMUM        11.23   1937
 MINIMUM         0.00   1963
TOTALS           5.71              3.55    2.16     0.03
DAILY AVG.       0.18              0.11    0.07     0.00
GREATEST
 24 HR. TOTAL    1.68   10/23 TO 10/23           10/15 TO 10/15
                                                          10/14 TO 10/15
                                                          10/15 TO 10/15

SNOWFALL (INCHES)
RECORDS
 TOTAL            0.0   2002
                        2001
 24 HR TOTAL      0.0   10/31/2002 TO 10/31/2002
                        10/01/2001 TO 10/01/2001
TOTALS            0.0               0.0     0.0      0.0
SINCE 7/1         0.0               0.0     0.0      0.0
SNOWDEPTH AVG.      0                MM      MM        0
DAYS >= TRACE       0               0.0     0.0        0
DAYS >= 1.0         0               0.0     0.0        0
GREATEST
 24 HR TOTAL      0.0   10/31 TO 10/31           10/31 TO 10/31
                                                          10/15 TO 10/15
                                                          10/15 TO 10/15

DEGREE_DAYS
HEATING TOTAL     125               125       0       31
 SINCE 7/1        134               135      -1       31
COOLING TOTAL     114                62      52      128
 SINCE 1/1       1996              1877     119     2428
......................................................

WIND (MPH)
AVERAGE WIND SPEED              4.4
HIGHEST WIND SPEED/DIRECTION    23/300    DATE  10/29
HIGHEST GUST SPEED/DIRECTION    34/300    DATE  10/29

SKY COVER
POSSIBLE SUNSHINE (PERCENT)   MM
AVERAGE SKY COVER           0.30
NUMBER OF DAYS FAIR           17
NUMBER OF DAYS PC              9
NUMBER OF DAYS CLOUDY          5

AVERAGE RH (PERCENT)     73

WEATHER CONDITIONS. NUMBER OF DAYS WITH
THUNDERSTORM              0     MIXED PRECIP               0
HEAVY RAIN                4     RAIN                       4
LIGHT RAIN               11     FREEZING RAIN              0
LT FREEZING RAIN          0     HAIL                       0
HEAVY SNOW                0     SNOW                       0
LIGHT SNOW                0     SLEET                      0
FOG                      14     FOG W/VIS <= 1/4 MILE      4
HAZE                      0

-  INDICATES NEGATIVE NUMBERS.
R  INDICATES RECORD WAS SET OR TIED.
MM INDICATES DATA IS MISSING.
T  INDICATES TRACE AMOUNT.

$$
