995
CXAK58 PAKN 011359
CLMAKN


CLIMATE REPORT
NATIONAL WEATHER SERVICE ANCHORAGE, AK
555 AM AKDT WED NOV 1 2017

...................................

...THE KING SALMON CLIMATE SUMMARY FOR THE MONTH OF OCTOBER 2017...

CLIMATE NORMAL PERIOD 1981 TO 2010
CLIMATE RECORD PERIOD 1917 TO 2017

WEATHER         OBSERVED          NORMAL  DEPART  LAST YEAR`S
                 VALUE   DATE(S)  VALUE   FROM    VALUE  DATE(S)
                                          NORMAL
................................................................
TEMPERATURE (F)
RECORD
 HIGH              63   10/13/2016
                        10/02/1954
 LOW              -12   10/25/1983
HIGHEST            56                MM      MM       63
LOWEST              5                MM      MM        9
AVG. MAXIMUM     46.8              41.3     5.5     50.3
AVG. MINIMUM     30.9              25.7     5.2     30.5
MEAN             38.9              33.5     5.4     40.4
DAYS MAX >= 90      0               0.0     0.0        0
DAYS MAX <= 32      0               4.9    -4.9        1
DAYS MIN <= 32     15              20.9    -5.9       19
DAYS MIN <= 0       0               0.6    -0.6        0

PRECIPITATION (INCHES)
RECORD
 MAXIMUM           MM   MM
 MINIMUM           MM   MM
TOTALS           3.37              2.08    1.29     1.12
DAILY AVG.       0.11              0.07    0.04     0.04
DAYS >= .01        20              13.8     6.2        9
DAYS >= .10         8               6.4     1.6        3
DAYS >= .50         3               0.8     2.2        0
DAYS >= 1.00        0               0.1    -0.1        0
GREATEST
 24 HR. TOTAL    0.71   10/07 TO 10/07           10/01 TO 10/02
                                                          10/18 TO 10/18
                                                          10/18 TO 10/18
 STORM TOTAL       MM                                 MM
 (MM/DD(HH))            MM                    10/02(00) TO 10/02(00)
                                                 10/18(00) TO 10/18(00)8
                                                 10/18(00) TO 10/18(00)8

SNOWFALL (INCHES)
RECORDS
 TOTAL             MM   MM
 24 HR TOTAL       MM
 SNOW DEPTH        MM   MM
TOTALS            2.6               2.8    -0.2        T
SINCE 7/1         2.6               2.9    -0.3        T
SNOWDEPTH AVG.      0                MM      MM        0
DAYS >= TRACE       4               2.8     1.2        2
DAYS >= 1.0         1               0.9     0.1
GREATEST
 SNOW DEPTH         2   10/23                          0  MM
                        10/22
 24 HR TOTAL      2.1   10/22 TO 10/22           10/18 TO 10/18
                                                          10/18 TO 10/18
                                                          10/18 TO 10/18
 STORM TOTAL       MM                                 MM
 (MM/DD(HH))            MM

DEGREE_DAYS
HEATING TOTAL     802               976    -174      751
 SINCE 7/1       1793              2114    -321     1471
COOLING TOTAL       0                 0       0        0
 SINCE 1/1          1                 1       0        0

FREEZE DATES
RECORD
 EARLIEST     MM
 LATEST       MM
EARLIEST                        MM
LATEST                          MM
.........................................................

WIND (MPH)
AVERAGE WIND SPEED              10.6
RESULTANT WIND SPEED/DIRECTION   3/186
HIGHEST WIND SPEED/DIRECTION    39/170    DATE  10/04
HIGHEST GUST SPEED/DIRECTION    54/110    DATE  10/01

SKY COVER
POSSIBLE SUNSHINE (PERCENT)   MM
AVERAGE SKY COVER           0.70
NUMBER OF DAYS FAIR            4
NUMBER OF DAYS PC             13
NUMBER OF DAYS CLOUDY         14

AVERAGE RH (PERCENT)     84

WEATHER CONDITIONS. NUMBER OF DAYS WITH
THUNDERSTORM              0     MIXED PRECIP               0
HEAVY RAIN                0     RAIN                       5
LIGHT RAIN               21     FREEZING RAIN              0
LT FREEZING RAIN          0     HAIL                       0
HEAVY SNOW                0     SNOW                       2
LIGHT SNOW                4     SLEET                      0
FOG                      21     FOG W/VIS <= 1/4 MILE      5
HAZE                      2

-  INDICATES NEGATIVE NUMBERS.
R  INDICATES RECORD WAS SET OR TIED.
MM INDICATES DATA IS MISSING.
T  INDICATES TRACE AMOUNT.

$$
