000
CXUS53 KAPX 010532
CLMANJ


CLIMATE REPORT
NATIONAL WEATHER SERVICE GAYLORD MI
131 AM EDT SAT APR 1 2017

...................................

...THE SAULT STE MARIE MI CLIMATE SUMMARY FOR THE MONTH OF MARCH 2017...

CLIMATE NORMAL PERIOD 1981 TO 2010
CLIMATE RECORD PERIOD 1888 TO 2017

WEATHER         OBSERVED          NORMAL  DEPART  LAST YEAR`S
                 VALUE   DATE(S)  VALUE   FROM    VALUE  DATE(S)
                                          NORMAL
................................................................
TEMPERATURE (F)
RECORD
 HIGH              83   03/21/2012
 LOW              -28   03/11/1948
HIGHEST            53   03/31        MM      MM       55  03/12
LOWEST             -4   03/03        MM      MM        4  03/03
                                                          03/02
AVG. MAXIMUM     33.8              34.7    -0.9     39.3
AVG. MINIMUM     18.5              17.9     0.6     25.2
MEAN             26.2              26.3    -0.1     32.2
DAYS MAX >= 90      0               0.0     0.0        0
DAYS MAX <= 32     11              11.7    -0.7        5
DAYS MIN <= 32     27              27.8    -0.8       23
DAYS MIN <= 0       2               2.5    -0.5        0

PRECIPITATION (INCHES)
RECORD
 MAXIMUM           MM   MM
 MINIMUM           MM   MM
TOTALS           1.95              1.95    0.00     2.65
DAILY AVG.       0.06              0.06    0.00     0.09
DAYS >= .01        17              12.3     4.7       14
DAYS >= .10         6               5.3     0.7        9
DAYS >= .50         0               1.0    -1.0        1
DAYS >= 1.00        0               0.1    -0.1        0
GREATEST
 24 HR. TOTAL    0.40   03/26 TO 03/26
 STORM TOTAL       MM
 (MM/DD(HH))            MM

SNOWFALL (INCHES)
RECORDS
 TOTAL             MM   MM
TOTALS           13.8              13.4     0.4     10.1
SINCE 7/1       136.9             113.6    23.3     74.3
SNOWDEPTH AVG.     14                16      -2        6
DAYS >= TRACE      15              10.1     4.9       14
DAYS >= 1.0         5               4.1     0.9        3
GREATEST
 SNOW DEPTH        18   03/05                         20  03/01
                        03/04
 24 HR TOTAL      3.6   MM                           5.5

DEGREE_DAYS
HEATING TOTAL    1198              1200      -2
 SINCE 7/1       6072              7326   -1254
COOLING TOTAL       0                 0       0
 SINCE 1/1          0                 0       0

FREEZE DATES
RECORD
 EARLIEST     MM
 LATEST       MM
EARLIEST                        MM
LATEST                          MM
.................................................................

WIND (MPH)
AVERAGE WIND SPEED              8.6
HIGHEST WIND SPEED/DIRECTION    32/MM     DATE   MM
HIGHEST GUST SPEED/DIRECTION    54/MM     DATE   MM

SKY COVER
POSSIBLE SUNSHINE (PERCENT)   MM
AVERAGE SKY COVER           0.50
NUMBER OF DAYS FAIR           10
NUMBER OF DAYS PC             10
NUMBER OF DAYS CLOUDY         11

AVERAGE RH (PERCENT)     66

WEATHER CONDITIONS. NUMBER OF DAYS WITH
THUNDERSTORM              0     MIXED PRECIP               0
HEAVY RAIN                0     RAIN                       1
LIGHT RAIN                7     FREEZING RAIN              2
LT FREEZING RAIN          3     HAIL                       0
HEAVY SNOW                3     SNOW                       6
LIGHT SNOW               15     SLEET                      0
FOG                      16     FOG W/VIS <= 1/4 MILE      5
HAZE                      7

-  INDICATES NEGATIVE NUMBERS.
R  INDICATES RECORD WAS SET OR TIED.
MM INDICATES DATA IS MISSING.
T  INDICATES TRACE AMOUNT.

$$
