000
CXUS52 KMFL 011938
CLMAPF


CLIMATE REPORT
NATIONAL WEATHER SERVICE MIAMI, FL
338 PM EDT FRI APR 1 2016

...................................

...THE NAPLES CLIMATE SUMMARY FOR THE MONTH OF MARCH 2016...

CLIMATE NORMAL PERIOD 1981 TO 2010
CLIMATE RECORD PERIOD 1942 TO 2016

WEATHER         OBSERVED          NORMAL  DEPART  LAST YEAR`S
                 VALUE   DATE(S)  VALUE   FROM    VALUE  DATE(S)
                                          NORMAL
................................................................
TEMPERATURE (F)
RECORD
 HIGH              91   03/31/2008
                        03/28/1975
                        03/09/1974
 LOW               33   03/04/1980
HIGHEST            87   03/26                         90  03/12
LOWEST             50   03/22                         52  03/30
AVG. MAXIMUM     81.5              79.9     1.6     83.2
AVG. MINIMUM     64.5              60.0     4.5     65.9
MEAN             73.0              70.0     3.0     74.5
DAYS MAX >= 90      0                                  1
DAYS MAX <= 32      0                                  0
DAYS MIN <= 32      0                                  0
DAYS MIN <= 0       0                                  0

PRECIPITATION (INCHES)
RECORD
 MAXIMUM        13.56   1970
 MINIMUM         0.00   1974
                        1945
TOTALS           0.45              2.38   -1.93     1.45
DAILY AVG.       0.01              0.08   -0.07     0.05
DAYS >= .01         4                                  3
DAYS >= .10         1                                  3
DAYS >= .50         0                                  1
DAYS >= 1.00        0                                  1
GREATEST
 24 HR. TOTAL    0.37   03/25 TO 03/25              1.17

DEGREE_DAYS
HEATING TOTAL       4                23     -19        1
 SINCE 7/1        142               256    -114      198
COOLING TOTAL     260               176      84      304
 SINCE 1/1        422               367      55      480
.................................................................

WIND (MPH)
AVERAGE WIND SPEED              8.1
HIGHEST WIND SPEED/DIRECTION    31/300    DATE  03/29
HIGHEST GUST SPEED/DIRECTION    45/290    DATE  03/29

SKY COVER
POSSIBLE SUNSHINE (PERCENT)   MM
AVERAGE SKY COVER           0.30
NUMBER OF DAYS FAIR           17
NUMBER OF DAYS PC             14
NUMBER OF DAYS CLOUDY          0

AVERAGE RH (PERCENT)     72

WEATHER CONDITIONS. NUMBER OF DAYS WITH
THUNDERSTORM              2     MIXED PRECIP               0
HEAVY RAIN                1     RAIN                       0
LIGHT RAIN                4     FREEZING RAIN              0
LT FREEZING RAIN          0     HAIL                       0
HEAVY SNOW                0     SNOW                       0
LIGHT SNOW                0     SLEET                      0
FOG                      16     FOG W/VIS <= 1/4 MILE      1
HAZE                      3

-  INDICATES NEGATIVE NUMBERS.
R  INDICATES RECORD WAS SET OR TIED.
MM INDICATES DATA IS MISSING.
T  INDICATES TRACE AMOUNT.

$$
