000
CXUS53 KAPX 010954
CLMAPN


CLIMATE REPORT
NATIONAL WEATHER SERVICE GAYLORD MI
553 AM EDT THU JUN 1 2017

...................................

...THE ALPENA MI CLIMATE SUMMARY FOR THE MONTH OF MAY 2017...

CLIMATE NORMAL PERIOD 1981 TO 2010
CLIMATE RECORD PERIOD 1916 TO 2017

WEATHER         OBSERVED          NORMAL  DEPART  LAST YEAR`S
                 VALUE   DATE(S)  VALUE   FROM    VALUE  DATE(S)
                                          NORMAL
................................................................
TEMPERATURE (F)
RECORD
 HIGH              94   05/16/1962
                        05/30/1937
 LOW               20   05/07/1966
                        05/02/1966
                        05/03/1950
HIGHEST            89   05/17        MM      MM       89  05/24
LOWEST             29   05/09        MM      MM       29  05/16
AVG. MAXIMUM     63.1              64.5    -1.4     68.4
AVG. MINIMUM     41.0              40.5     0.5     41.1
MEAN             52.1              52.5    -0.4     54.7
DAYS MAX >= 90      0               0.1    -0.1        0
DAYS MAX <= 32      0               0.0     0.0        0
DAYS MIN <= 32      2               4.5    -2.5        8
DAYS MIN <= 0       0               0.0     0.0        0

PRECIPITATION (INCHES)
RECORD
 MAXIMUM           MM   MM
 MINIMUM           MM   MM
TOTALS           2.14              2.67   -0.53     1.31
DAILY AVG.       0.07              0.09   -0.02     0.04
DAYS >= .01        12              11.8     0.2       11
DAYS >= .10         6               6.6    -0.6        5
DAYS >= .50         1               1.6    -0.6        0
DAYS >= 1.00        0               0.3    -0.3        0
GREATEST
 24 HR. TOTAL    0.85   04/30 TO 05/01
                        05/01 TO 05/02
                        05/02 TO 05/03
 STORM TOTAL       MM
 (MM/DD(HH))            MM

SNOWFALL (INCHES)
RECORDS
 TOTAL             MM   MM
 SNOW DEPTH        MM   MM
TOTALS            0.0               0.2    -0.2        T
SINCE 7/1        66.4              84.3   -17.9     88.8
SNOWDEPTH AVG.      0                MM      MM        0
DAYS >= TRACE       0               0.3    -0.3        2
DAYS >= 1.0         0               0.1    -0.1        0
GREATEST
 SNOW DEPTH         0   MM                             0  MM
 24 HR TOTAL      0.0   05/31 TO 05/31                 T

DEGREE_DAYS
HEATING TOTAL     399               398       1      344
 SINCE 7/1       6746              7957   -1211     6949
COOLING TOTAL       6                11      -5       32
 SINCE 1/1          6                13      -7       32

FREEZE DATES
RECORD
 EARLIEST     MM
 LATEST       MM
EARLIEST      05/08             MM
LATEST        05/09             MM
.................................................................

WIND (MPH)
AVERAGE WIND SPEED              8.1
HIGHEST WIND SPEED/DIRECTION    29/340    DATE  05/06
HIGHEST GUST SPEED/DIRECTION    45/270    DATE  05/18

SKY COVER
POSSIBLE SUNSHINE (PERCENT)   MM
AVERAGE SKY COVER           0.40
NUMBER OF DAYS FAIR           16
NUMBER OF DAYS PC              7
NUMBER OF DAYS CLOUDY          8

AVERAGE RH (PERCENT)     70

WEATHER CONDITIONS. NUMBER OF DAYS WITH
THUNDERSTORM              0     MIXED PRECIP               0
HEAVY RAIN                3     RAIN                       5
LIGHT RAIN               16     FREEZING RAIN              0
LT FREEZING RAIN          0     HAIL                       0
HEAVY SNOW                0     SNOW                       0
LIGHT SNOW                0     SLEET                      0
FOG                      14     FOG W/VIS <= 1/4 MILE      4
HAZE                      0

-  INDICATES NEGATIVE NUMBERS.
R  INDICATES RECORD WAS SET OR TIED.
MM INDICATES DATA IS MISSING.
T  INDICATES TRACE AMOUNT.

$$
