000
CXUS53 KAPX 012323
CLMAPN


CLIMATE REPORT
NATIONAL WEATHER SERVICE GAYLORD MI
722 PM EDT SAT NOV 1 2014

...................................

...THE ALPENA MI CLIMATE SUMMARY FOR THE MONTH OF OCTOBER 2014...

CLIMATE NORMAL PERIOD 1981 TO 2010
CLIMATE RECORD PERIOD 1916 TO 2014

WEATHER         OBSERVED          NORMAL  DEPART  LAST YEAR`S
                 VALUE   DATE(S)  VALUE   FROM    VALUE  DATE(S)
                                          NORMAL
................................................................
TEMPERATURE (F)
RECORD
 HIGH              90   10/08/2007
 LOW               12   10/28/1933
                        10/30/1925
HIGHEST            65   10/14        MM      MM       77  10/01
                        10/03
LOWEST             22   10/23        MM      MM       18  10/29
AVG. MAXIMUM     54.7              55.9    -1.2     57.7
AVG. MINIMUM     37.9              36.4     1.5     36.5
MEAN             46.3              46.2     0.1     47.1
DAYS MAX >= 90      0               0.0     0.0        0
DAYS MAX <= 32      0               0.1    -0.1        0
DAYS MIN <= 32     11               9.6     1.4       12
DAYS MIN <= 0       0               0.0     0.0        0

PRECIPITATION (INCHES)
RECORD
 MAXIMUM           MM   MM
 MINIMUM           MM   MM
TOTALS           3.57              2.61    0.96     3.79
DAILY AVG.       0.12              0.08    0.04     0.12
DAYS >= .01        14              13.4     0.6       16
DAYS >= .10         8               6.3     1.7       10
DAYS >= .50         2               1.5     0.5        2
DAYS >= 1.00        1               0.3     0.7        1
GREATEST
 24 HR. TOTAL    1.45   10/27 TO 10/27
                        10/26 TO 10/27
                        10/27 TO 10/27
 STORM TOTAL       MM
 (MM/DD(HH))            MM

SNOWFALL (INCHES)
RECORDS
 TOTAL             MM   MM
 SNOW DEPTH        MM   MM
TOTALS              T               0.4    -0.4        T
SINCE 7/1           T               0.4    -0.4        T
SNOWDEPTH AVG.      0                MM      MM        0
DAYS >= TRACE       1               0.8     0.2        5
DAYS >= 1.0         0               0.1    -0.1        0
GREATEST
 SNOW DEPTH         0   MM                            -1  10/24
 24 HR TOTAL        T   10/31 TO 10/31                 T

DEGREE_DAYS
HEATING TOTAL     572               587     -15      546
 SINCE 7/1        919               944     -25      930
COOLING TOTAL       0                 2      -2        0
 SINCE 1/1        168               291    -123      343

FREEZE DATES
RECORD
 EARLIEST     MM
 LATEST       MM
EARLIEST      10/11             MM
LATEST                          MM
.................................................................

WIND (MPH)
AVERAGE WIND SPEED              7.5
HIGHEST WIND SPEED/DIRECTION    28/200    DATE  10/03
HIGHEST GUST SPEED/DIRECTION    38/360    DATE  10/31

SKY COVER
POSSIBLE SUNSHINE (PERCENT)   MM
AVERAGE SKY COVER           0.70
NUMBER OF DAYS FAIR            5
NUMBER OF DAYS PC              7
NUMBER OF DAYS CLOUDY         19

AVERAGE RH (PERCENT)     80

WEATHER CONDITIONS. NUMBER OF DAYS WITH
THUNDERSTORM              0     MIXED PRECIP               0
HEAVY RAIN                3     RAIN                       6
LIGHT RAIN               17     FREEZING RAIN              0
LT FREEZING RAIN          0     HAIL                       0
HEAVY SNOW                0     SNOW                       0
LIGHT SNOW                1     SLEET                      0
FOG                      16     FOG W/VIS <= 1/4 MILE      7
HAZE                      1

-  INDICATES NEGATIVE NUMBERS.
R  INDICATES RECORD WAS SET OR TIED.
MM INDICATES DATA IS MISSING.
T  INDICATES TRACE AMOUNT.

$$
