000
CXUS51 KGYX 060046
CLMAUG

PWMCLMAUG 000
TTAA00 KGYX 052031


CLIMATE REPORT
NATIONAL WEATHER SERVICE GRAY ME
846 PM EDT THU MAY 5 2016

...................................

...THE AUGUSTA CLIMATE SUMMARY FOR THE MONTH OF APRIL 2016...

CLIMATE NORMAL PERIOD 1981 TO 2010
CLIMATE RECORD PERIOD 1948 TO 2016

WEATHER         OBSERVED          NORMAL  DEPART  LAST YEAR`S
                 VALUE   DATE(S)  VALUE   FROM    VALUE  DATE(S)
                                          NORMAL
................................................................
TEMPERATURE (F)
RECORD
 HIGH              90   04/28/2009
                        04/27/1990
 LOW                9   04/04/1954
HIGHEST            74   04/21        75      -1       68  04/13
LOWEST             15   04/04        24      -9       21  04/06
                                                          04/05
                                                          04/01
AVG. MAXIMUM     52.3              53.1    -0.8     51.5
AVG. MINIMUM     31.4              34.6    -3.2     33.6
MEAN             41.8              43.9    -2.1     42.6
DAYS MAX >= 90      0               0.0     0.0        0
DAYS MAX <= 32      1               0.3     0.7        0
DAYS MIN <= 32     16              10.3     5.7        9
DAYS MIN <= 0       0               0.0     0.0        0

PRECIPITATION (INCHES)
RECORD
 MAXIMUM         9.06   2005
 MINIMUM         0.33   1999
TOTALS           2.72              3.79   -1.07     4.36
DAILY AVG.       0.09              0.13   -0.04     0.15
DAYS >= .01         9              11.8    -2.8       18
DAYS >= .10         6               6.9    -0.9        9
DAYS >= .50         2               2.7    -0.7        3
DAYS >= 1.00        0               0.8    -0.8        1
GREATEST
 24 HR. TOTAL    0.96   04/06 TO 04/07

DEGREE_DAYS
HEATING TOTAL     689               635      54      666
 SINCE 7/1       6301              7004    -703     7469
COOLING TOTAL       0                 0       0        0
 SINCE 1/1          0                 0       0        0
.................................................................

WIND (MPH)
AVERAGE WIND SPEED              8.5
HIGHEST WIND SPEED/DIRECTION    33/160    DATE  04/07
HIGHEST GUST SPEED/DIRECTION    54/170    DATE  04/07

SKY COVER
AVERAGE SKY COVER           0.40

AVERAGE RH (PERCENT)     54

WEATHER CONDITIONS. NUMBER OF DAYS WITH
THUNDERSTORM              1     HEAVY RAIN                 1
RAIN                      5     LIGHT RAIN                 9
FREEZING RAIN             0     LT FREEZING RAIN           0
HEAVY SNOW                0     SNOW                       1
LIGHT SNOW                2     FOG                       10
FOG W/VIS <= 1/4 MILE     1     HAZE                       0

-  INDICATES NEGATIVE NUMBERS.
R  INDICATES RECORD WAS SET OR TIED.
MM INDICATES DATA IS MISSING.
T  INDICATES TRACE AMOUNT.

&&

AFTER A WARM START TO THE MONTH, TEMPERATURES TOOK A PLUNGE ON APRIL
2ND. FOR 4 STRAIGHT DAYS THE TEMPERATURE DROPPED INTO THE TEENS,
INCLUDING ONE DAY THAT THE TEMPERATURE DID NOT RISE ABOVE FREEZING.
THE 4 DAYS IN THE TEENS TIES 1964 FOR THE MOST SUCH DAYS IN APRIL ON
RECORD AT AUGUSTA. THE LOW TEMPERATURE OF 15 DEGREES ON APRIL 4 WAS
THE COLDEST LOW TEMPERATURE OBSERVED IN APRIL SINCE 1995. THE
TEMPERATURE MODERATED A BIT TOWARD THE MIDDLE OF THE MONTH WITH
MOST DAYS A FEW DEGREES ON EITHER SIDE OF NORMAL. AFTER RISING INTO
THE 70S ON THE 21ST AND 22ND, COLD WEATHER RETURNED AGAIN FOR THE
LAST WEEK OF THE MONTH.

THE AVERAGE TEMPERATURE WAS 41.8 DEGREES WHICH WAS 2.1 DEGREES BELOW
NORMAL AND THE COLDEST SINCE 2007. THE COLDEST APRIL ON RECORD WAS
1967 WITH AN AVERAGE TEMPERATURE OF 40.1 DEGREES. THE WARMEST WAS
2010 AT 48.9 DEGREES. THE AVERAGE LOW TEMPERATURE FOR THE MONTH WAS
31.4 DEGREES AND RANKED AS THE 4TH COLDEST ON RECORD. THE FOLLOWING
TABLE LISTS THE COLDEST AVERAGE LOW TEMPERATURES IN APRIL.

AVERAGE LOW TEMPERATURES AT AUGUSTA (SINCE 1948)...
RANK  TEMP  YEAR
1     30.7  1967
2     30.8  2003
3     31.1  1995
4     31.4  2016 <===
5     31.5  1969
      31.5  1966

THE HIGH TEMPERATURE ON APRIL 4 WAS ONLY 26 DEGREES. THIS WAS THE
THIRD COLDEST HIGH TEMPERATURE EVER OBSERVED IN THE MONTH OF APRIL.
THE FOLLOWING TABLE LISTS THE COLDEST HIGH TEMPERATURES IN APRIL.

COLDEST HIGH TEMPERATURES IN APRIL AT AUGUSTA (SINCE 1948)...
RANK  TEMP  DATE
1      21   APRIL 5, 1995
2      22   APRIL 7, 1982
3      26   APRIL 4, 2016 <===
4      27   APRIL 5, 2003
       27   APRIL 9, 1974

THERE WERE 4 DAYS WITH LOW TEMPERATURES IN THE TEENS WHICH TIED THE
RECORD FOR THE MOST SUCH DAYS IN THE MONTH OF APRIL. THE FOLLOWING
TABLE LISTS THE MOST NUMBER OF DAYS IN APRIL WITH A LOW TEMPERATURE
BELOW 20 DEGREES.

LOW TEMPERATURES BELOW 20 DEGREES IN APRIL AT AUGUSTA (SINCE 1948)...
RANK  DAYS  YEAR
1      4    2016 <===
       4    1964
3      3    1982
       3    1977
       3    1954

A TOTAL OF 2.72 INCHES OF PRECIPITATION FELL WHICH WAS 1.07 INCHES
BELOW NORMAL. THE HEAVIEST PRECIPITATION WAS ON THE 6TH AND 7TH WHEN
1.01 INCHES WAS MEASURED. THE WETTEST APRIL WAS 2005 WHEN 9.06
INCHES FELL. THE DRIEST WAS 1999 WITH ONLY 0.33 INCHES.

THE FOLLOWING DAILY RECORDS WERE SET OR TIED IN APRIL 2016...
DATE RECORD                              PREVIOUS
1    49   - WARMEST LOW TEMPERATURE      42 IN 2010
4    26   - COLDEST HIGH TEMPERATURE     28 IN 1954
7    0.96 - GREATEST PRECIPITATION       0.58 IN 1986
26   38   - COLDEST HIGH TEMPERATURE     39 IN 1976
26   30   - COLDEST LOW TEMPERATURE      30 IN 1966 AND 1962 /TIED/
29   27   - COLDEST LOW TEMPERATURE      30 IN 1961

$$

KIMBLE
