000
CXUS54 KEWX 071526 CCA
CLMAUS

CLIMATE REPORT...CORRECTED MAX SLP
NATIONAL WEATHER SERVICE AUSTIN/SAN ANTONIO, TX
1025 AM CDT TUE OCT 7 2014

...................................

...THE AUSTIN BERGSTROM CLIMATE SUMMARY FOR THE MONTH OF SEPTEMBER 2014...

CLIMATE NORMAL PERIOD 1981 TO 2010
CLIMATE RECORD PERIOD 1943 TO 2014

WEATHER         OBSERVED          NORMAL  DEPART  LAST YEAR`S
                 VALUE   DATE(S)  VALUE   FROM    VALUE  DATE(S)
                                          NORMAL
................................................................
TEMPERATURE (F)
HIGHEST           100   09/10                        102  09/03
                        09/01
LOWEST             55   09/24                         55  09/23
AVG. MAXIMUM     90.7              90.4     0.3     92.6
AVG. MINIMUM     68.2              65.3     2.9     68.6
MEAN             79.4              77.8     1.6     80.6
DAYS MAX >= 90     18                                 25
DAYS MAX <= 32      0                                  0
DAYS MIN <= 32      0                                  0
DAYS MIN <= 0       0                                  0

PRECIPITATION (INCHES)
TOTALS           3.22              2.54    0.68     5.00
DAILY AVG.       0.11              0.08    0.03     0.17
DAYS >= .01        11                                 10
DAYS >= .10         4                                  6
DAYS >= .50         3                                  4
DAYS >= 1.00        1                                  3
GREATEST
 24 HR. TOTAL    1.46   09/18 TO 09/18
                        09/17 TO 09/18
                        09/18 TO 09/18

SNOWFALL (INCHES)
TOTALS            0.0                MM      MM      0.0
SINCE 7/1         0.0                MM      MM      0.0

DEGREE_DAYS
HEATING TOTAL       1                 2      -1        0
 SINCE 7/1          1                 2      -1        0
COOLING TOTAL     442               388      54      474
 SINCE 1/1       2602              2528      74     2813
.................................................................

WIND (MPH)
AVERAGE WIND SPEED              6.5
HIGHEST WIND SPEED/DIRECTION    35/070    DATE  09/12
HIGHEST GUST SPEED/DIRECTION    40/060    DATE  09/12

SKY COVER
POSSIBLE SUNSHINE (PERCENT)   MM
AVERAGE SKY COVER           0.60
NUMBER OF DAYS FAIR            6
NUMBER OF DAYS PC             16
NUMBER OF DAYS CLOUDY          8

AVERAGE RH (PERCENT)     72

WEATHER CONDITIONS. NUMBER OF DAYS WITH
THUNDERSTORM              0     MIXED PRECIP               0
HEAVY RAIN                2     RAIN                       3
LIGHT RAIN               13     FREEZING RAIN              0
LT FREEZING RAIN          0     HAIL                       0
HEAVY SNOW                0     SNOW                       0
LIGHT SNOW                0     SLEET                      0
FOG                      15     FOG W/VIS <= 1/4 MILE      0
HAZE                      1

-  INDICATES NEGATIVE NUMBERS.
R  INDICATES RECORD WAS SET OR TIED.
MM INDICATES DATA IS MISSING.
T  INDICATES TRACE AMOUNT.

&&
MONTHLY CLIMATOLOGICAL SUMMARY:
SEPTEMBER WAS THE 37TH WARMEST AND THE 35TH WETTEST.

SEA LEVEL PRESSURE DATA:
HIGHEST SEA LEVEL PRESSURE 30.22 ON 13
LOWEST  SEA LEVEL PRESSURE 29.73 ON 30


PRELIMINARY LOCAL CLIMATOLOGICAL DATA (WS FORM: F-6)

                                          STATION:   AUSTIN BERGSTROM
                                          MONTH:     SEPTEMBER
                                          YEAR:      2014
                                          LATITUDE:   30 13 N
                                          LONGITUDE:  97 40 W

  TEMPERATURE IN F:       :PCPN:    SNOW:  WIND      :SUNSHINE: SKY     :PK WND
================================================================================
1   2   3   4   5  6A  6B    7    8   9   10  11  12  13   14  15   16   17  18
                                     12Z  AVG MX 2MIN
DY MAX MIN AVG DEP HDD CDD  WTR  SNW DPTH SPD SPD DIR MIN PSBL S-S WX    SPD DR
================================================================================

 1 100  77  89   7   0  24 0.00  0.0    0 11.6 23 140   M    M   4        30 150
 2  98  74  86   5   0  21    T  0.0    0 11.1 23 180   M    M   5        30 180
 3  99  72  86   5   0  21 0.00  0.0    0  8.5 25 150   M    M   5        31 150
 4  97  71  84   3   0  19 0.08  0.0    0  7.4 17 170   M    M   6 3      23 170
 5  99  72  86   5   0  21 0.05  0.0    0  4.6 21 200   M    M   7 13     26 180
 6  97  70  84   4   0  19 0.04  0.0    0  4.1 21  10   M    M   5 13     23  10
 7  91  72  82   2   0  17 0.08  0.0    0  6.9 18 180   M    M   7 13     24 180
 8  94  68  81   1   0  16 0.00  0.0    0  3.5 12 140   M    M   3        21 150
 9  97  71  84   4   0  19 0.00  0.0    0  9.5 18 190   M    M   2        25 180
10 100  77  89  10   0  24 0.00  0.0    0 12.9 21 190   M    M   3        29 180
11  99  72  86   7   0  21 0.00  0.0    0  6.2 18 150   M    M   5        22 150
12  98  66  82   3   0  17 0.69  0.0    0  7.9 35  70   M    M   6 13     40  60
13  67  60  64 -15   1   0 0.21  0.0    0 13.3 24  10   M    M   8 1      29  10
14  78  64  71  -7   0   6 0.00  0.0    0  7.1 13  30   M    M   9 18     16  20
15  89  67  78   0   0  13 0.00  0.0    0  3.8 13  80   M    M   8 1      19  70
16  94  73  84   6   0  19 0.01  0.0    0  6.6 22 140   M    M   7 13     28 130
17  91  75  83   5   0  18 0.02  0.0    0  5.0 17 130   M    M   9 13     21 130
18  90  71  81   4   0  16 1.46  0.0    0  6.5 28  20   M    M   8 13     31  20
19  86  74  80   3   0  15 0.57  0.0    0  5.2 16 110   M    M   9 1      20 110
20  88  73  81   4   0  16    T  0.0    0  5.2 18  70   M    M   8 1      23  60
21  91  69  80   4   0  15 0.00  0.0    0  4.9 16  40   M    M   3 1      21  30
22  91  66  79   3   0  14 0.00  0.0    0  6.3 20  40   M    M   5        22  40
23  85  65  75  -1   0  10 0.00  0.0    0  5.9 13  60   M    M   5        18  60
24  84  55  70  -6   0   5 0.00  0.0    0  2.9 13  80   M    M   6        19  60
25  84  60  72  -3   0   7    T  0.0    0  5.6 16 100   M    M   6        20 120
26  86  63  75   0   0  10 0.00  0.0    0  6.2 14  80   M    M   6        19  70
27  81  63  72  -3   0   7 0.01  0.0    0  3.9 13  70   M    M   9 1      19  40
28  87  60  74   0   0   9 0.00  0.0    0  4.5 15  70   M    M   4 1      20  10
29  89  63  76   2   0  11 0.00  0.0    0  4.4 13  40   M    M   2        16  50
30  91  62  77   3   0  12 0.00  0.0    0  3.3 12 110   M    M   3        17 180
================================================================================
SM 2721 2045         1 442  3.22     0.0 194.8          M      173
================================================================================
AV 90.7 68.2                               6.5 FASTST   M    M   6    MAX(MPH)
                                 MISC ---->  # 35  70               # 40   60
================================================================================
NOTES:
# LAST OF SEVERAL OCCURRENCES

COLUMN 17 PEAK WIND IN M.P.H.

PRELIMINARY LOCAL CLIMATOLOGICAL DATA (WS FORM: F-6) , PAGE 2

                                          STATION:  AUSTIN BERGSTROM
                                          MONTH:    SEPTEMBER
                                          YEAR:     2014
                                          LATITUDE:   30 13 N
                                          LONGITUDE:  97 40 W

SYMBOLS USED IN COLUMN 16

1 = FOG OR MIST
2 = FOG REDUCING VISIBILITY
    TO 1/4 MILE OR LESS
3 = THUNDER
4 = ICE PELLETS
5 = HAIL
6 = FREEZING RAIN OR DRIZZLE
7 = DUSTSTORM OR SANDSTORM:
    VSBY 1/2 MILE OR LESS
8 = SMOKE OR HAZE
9 = BLOWING SNOW
X = TORNADO

$$
