000
CXUS53 KGRB 021310
CLMAUW


CLIMATE REPORT
NATIONAL WEATHER SERVICE GREEN BAY
807 AM CDT WED AUG 2 2017

...................................

...THE WAUSAU WI CLIMATE SUMMARY FOR THE MONTH OF JULY 2017...

CLIMATE NORMAL PERIOD 1981 TO 2010
CLIMATE RECORD PERIOD 1896 TO 2017

WEATHER         OBSERVED          NORMAL  DEPART  LAST YEAR`S
                 VALUE   DATE(S)  VALUE   FROM    VALUE  DATE(S)
                                          NORMAL
................................................................
TEMPERATURE (F)
RECORD
 HIGH             107   07/13/1936
 LOW               37   07/21/1904
HIGHEST            87   07/06        91      -4       91  07/22
LOWEST             49   07/17        48       1       51  07/16
                                                          07/04
                                                          07/03
AVG. MAXIMUM     80.2              80.0     0.2     80.1
AVG. MINIMUM     58.8              58.6     0.2     59.8
MEAN             69.5              69.3     0.2     70.0
DAYS MAX >= 90      0               1.9    -1.9        1
DAYS MAX <= 32      0               0.0     0.0        0
DAYS MIN <= 32      0               0.0     0.0        0
DAYS MIN <= 0       0               0.0     0.0        0

PRECIPITATION (INCHES)
RECORD
 MAXIMUM        13.02   1900
 MINIMUM         0.94   1937
TOTALS           4.57              3.83    0.74     4.60
DAILY AVG.       0.15              0.12    0.03     0.15
DAYS >= .01         9              11.7    -2.7       13
DAYS >= .10         6               7.1    -1.1        9
DAYS >= .50         3               2.3     0.7
DAYS >= 1.00        2               1.0     1.0        1
GREATEST
 STORM TOTAL       MM
 (MM/DD(HH))            MM

SNOWFALL (INCHES)
RECORDS
 TOTAL            0.0   MM
 24 HR TOTAL      0.0   MM
TOTALS            0.0               0.0     0.0      0.0
SINCE 7/1         0.0               0.0     0.0      0.0
DAYS >= TRACE       0               0.0     0.0
DAYS >= 1.0         0               0.0     0.0        0
GREATEST
 SNOW DEPTH         0   MM                             0  MM
 24 HR TOTAL      0.0   07/31 TO 07/31

DEGREE_DAYS
HEATING TOTAL       3                23     -20        9
 SINCE 7/1          3                23     -20        9
COOLING TOTAL     150               156      -6      171
 SINCE 1/1        230               260     -30      322
.................................................................

WIND (MPH)
AVERAGE WIND SPEED              6.1
HIGHEST WIND SPEED/DIRECTION    25/250    DATE  07/26
HIGHEST GUST SPEED/DIRECTION    38/240    DATE  07/26

SKY COVER
POSSIBLE SUNSHINE (PERCENT)   MM
AVERAGE SKY COVER           0.30
NUMBER OF DAYS FAIR           21
NUMBER OF DAYS PC              9
NUMBER OF DAYS CLOUDY          1

AVERAGE RH (PERCENT)     73

WEATHER CONDITIONS. NUMBER OF DAYS WITH
THUNDERSTORM              9     MIXED PRECIP               0
HEAVY RAIN                5     RAIN                       5
LIGHT RAIN               12     FREEZING RAIN              0
LT FREEZING RAIN          0     HAIL                       0
HEAVY SNOW                0     SNOW                       0
LIGHT SNOW                0     SLEET                      0
FOG                      13     FOG W/VIS <= 1/4 MILE      2
HAZE                      0

-  INDICATES NEGATIVE NUMBERS.
R  INDICATES RECORD WAS SET OR TIED.
MM INDICATES DATA IS MISSING.
T  INDICATES TRACE AMOUNT.

$$
