000
CXUS51 KBGM 011717 CCA
CLMAVP

CLIMATE REPORT...CORRECTED
NATIONAL WEATHER SERVICE BINGHAMTON NY
1215 PM EST THU FEB 1 2018

...................................

...THE AVOCA PA CLIMATE SUMMARY FOR THE MONTH OF JANUARY 2018...

CLIMATE NORMAL PERIOD 1981 TO 2010
CLIMATE RECORD PERIOD 1901 TO 2018

WEATHER         OBSERVED          NORMAL  DEPART  LAST YEAR`S
                 VALUE   DATE(S)  VALUE   FROM    VALUE  DATE(S)
                                          NORMAL
................................................................
TEMPERATURE (F)
RECORD
 HIGH              69   01/14/1932
                        01/13/1932
                        01/27/1916
 LOW              -21   01/21/1994
HIGHEST            66   01/12        32      34       56  01/22
                                                          01/12
LOWEST             -5   01/07        17     -22        8  01/09
AVG. MAXIMUM     33.9              33.2     0.7     38.6
AVG. MINIMUM     16.7              18.5    -1.8     27.1
MEAN             25.3              25.8    -0.5     32.9
DAYS MAX >= 90      0               0.0     0.0        0
DAYS MAX <= 32     15              14.2     0.8        9
DAYS MIN <= 32     26              27.5    -1.5       19
DAYS MIN <= 0       2               1.9     0.1        0

PRECIPITATION (INCHES)
RECORD
 MAXIMUM         6.48   1979
 MINIMUM         0.39   1980
TOTALS           2.68              2.37    0.31     3.25
DAILY AVG.       0.09              0.08    0.01     0.10
DAYS >= .01        12              12.0     0.0       17
DAYS >= .10         6               5.4     0.6        9
DAYS >= .50         2               1.4     0.6        2
DAYS >= 1.00        0               0.3    -0.3        0
GREATEST
 24 HR. TOTAL    1.19   01/12 TO 01/13

SNOWFALL (INCHES)
RECORDS
 TOTAL           42.3   1994
 24 HR TOTAL     18.3   01/13/1964 TO 01/13/1964
TOTALS           10.3              14.2    -3.9      3.9
SINCE 7/1        17.5              24.6    -7.1     16.5
DAYS >= TRACE      12               9.3     2.7       15
DAYS >= 1.0         4               3.2     0.8        2
GREATEST
 24 HR TOTAL      3.5   01/17 TO 01/17

DEGREE_DAYS
HEATING TOTAL    1224              1213      11      987
 SINCE 7/1       3375              3591    -216     2999
COOLING TOTAL       0                 0       0        0
 SINCE 1/1          0                 0       0        0
.................................................................

WIND (MPH)
AVERAGE WIND SPEED              6.8
RESULTANT WIND SPEED/DIRECTION   3/280
HIGHEST WIND SPEED/DIRECTION    28/300    DATE  01/05
HIGHEST GUST SPEED/DIRECTION    38/330    DATE  01/13

SKY COVER
POSSIBLE SUNSHINE (PERCENT)   MM
AVERAGE SKY COVER           0.50
NUMBER OF DAYS FAIR           13
NUMBER OF DAYS PC              8
NUMBER OF DAYS CLOUDY         10

AVERAGE RH (PERCENT)     68

WEATHER CONDITIONS. NUMBER OF DAYS WITH
THUNDERSTORM              0     MIXED PRECIP               0
HEAVY RAIN                3     RAIN                       3
LIGHT RAIN                7     FREEZING RAIN              1
LT FREEZING RAIN          0     HAIL                       0
HEAVY SNOW                0     SNOW                       2
LIGHT SNOW               11     SLEET                      0
FOG                      18     FOG W/VIS <= 1/4 MILE      1
HAZE                     16

-  INDICATES NEGATIVE NUMBERS.
R  INDICATES RECORD WAS SET OR TIED.
MM INDICATES DATA IS MISSING.
T  INDICATES TRACE AMOUNT.

&&
CORRECTED TABLE AT BOTTOM AND GREATEST 24 HOUR PRECIPITATION
$$

TAC
