000
CXUS53 KLBF 010959
CLMBBW


CLIMATE REPORT
NATIONAL WEATHER SERVICE NORTH PLATTE
458 AM CDT SUN OCT 1 2017

...................................

...THE BROKEN BOW NE CLIMATE SUMMARY FOR THE MONTH OF SEPTEMBER 2017...

CLIMATE NORMAL PERIOD 1981 TO 2010
CLIMATE RECORD PERIOD 1894 TO 2017

WEATHER         OBSERVED          NORMAL  DEPART  LAST YEAR`S
                 VALUE   DATE(S)  VALUE   FROM    VALUE  DATE(S)
                                          NORMAL
................................................................
TEMPERATURE (F)
RECORD
 HIGH             106   09/20/1895
 LOW               16   09/29/1984
HIGHEST            97   09/22        94       3       94  09/20
LOWEST             39   09/17        29      10       32  09/29
                        09/06                             09/26
AVG. MAXIMUM     79.5              76.2     3.3     77.0
AVG. MINIMUM     52.2              48.2     4.0     49.3
MEAN             65.9              62.2     3.7     63.2
DAYS MAX >= 90      7               2.0     5.0        2
DAYS MAX <= 32      0               0.0     0.0        0
DAYS MIN <= 32      0               0.6    -0.6        2
DAYS MIN <= 0       0               0.0     0.0        0

PRECIPITATION (INCHES)
RECORD
 MAXIMUM         7.63   1941
 MINIMUM         0.04   2012
TOTALS           4.19              2.25    1.94     1.99
DAILY AVG.       0.14              0.08    0.06     0.07
DAYS >= .01         9                MM      MM        6
DAYS >= .10         4                MM      MM        3
DAYS >= .50         4                MM      MM        3
DAYS >= 1.00        3                MM      MM        0
GREATEST
 24 HR. TOTAL    1.26   09/23 TO 09/23           09/06 TO 09/07
                                                          09/07 TO 09/07
                                                          09/07 TO 09/07

SNOWFALL (INCHES)
TOTALS             MM
SINCE 7/1          MM
SNOWDEPTH AVG.     MM
DAYS >= TRACE       0
DAYS >= 1.0         0
GREATEST
 SNOW DEPTH        MM

DEGREE_DAYS
HEATING TOTAL      94               150     -56      110
 SINCE 7/1        102               168     -66      132
COOLING TOTAL     125                66      59       62
 SINCE 1/1        918               762     156      772
........................................................

WIND (MPH)
AVERAGE WIND SPEED              8.5
HIGHEST WIND SPEED/DIRECTION    37/330    DATE  09/19
HIGHEST GUST SPEED/DIRECTION    45/330    DATE  09/19

AVERAGE RH (PERCENT)     65

WEATHER CONDITIONS. NUMBER OF DAYS WITH
THUNDERSTORM              0     MIXED PRECIP               0
HEAVY RAIN                5     RAIN                       4
LIGHT RAIN               13     FREEZING RAIN              0
LT FREEZING RAIN          0     HAIL                       0
HEAVY SNOW                0     SNOW                       0
LIGHT SNOW                0     SLEET                      0
FOG                       6     FOG W/VIS <= 1/4 MILE      0
HAZE                      0

-  INDICATES NEGATIVE NUMBERS.
R  INDICATES RECORD WAS SET OR TIED.
MM INDICATES DATA IS MISSING.
T  INDICATES TRACE AMOUNT.

$$
