000
CXUS51 KBOX 031336
CLMBDL


CLIMATE REPORT
NATIONAL WEATHER SERVICE TAUNTON MA
923 AM EDT MON JUL 3 2017

...................................

...THE HARTFORD CT CLIMATE SUMMARY FOR THE MONTH OF JUNE 2017...

CLIMATE NORMAL PERIOD 1981 TO 2010
CLIMATE RECORD PERIOD 1904 TO 2017

WEATHER         OBSERVED          NORMAL  DEPART
                 VALUE   DATE(S)  VALUE   FROM
                                          NORMAL
................................................
TEMPERATURE (F)
RECORD
 HIGH             100   06/30/1964
                        06/26/1952
 LOW               37   06/03/1986
                        06/06/1964
HIGHEST            96   06/12
LOWEST             44   06/09
AVG. MAXIMUM     80.6              79.6     1.0
AVG. MINIMUM     57.1              57.3    -0.2
MEAN             69.0              68.5     0.5
DAYS MAX >= 90      4               2.9     1.1
DAYS MAX <= 32      0               0.0     0.0
DAYS MIN <= 32      0               0.0     0.0
DAYS MIN <= 0       0               0.0     0.0

PRECIPITATION (INCHES)
RECORD
 MAXIMUM        13.60   1982
 MINIMUM         0.66   1912
TOTALS           3.61              4.35   -0.74
DAYS >= .01        13              12.2     0.8
DAYS >= .10         7               7.0     0.0
DAYS >= .50         2               2.6    -0.6
DAYS >= 1.00        1               1.1    -0.1
GREATEST
 24 HR. TOTAL    1.51   06/19 TO 06/19

SNOWFALL (INCHES)
RECORDS
 TOTAL            0.0
 SNOW DEPTH         0
TOTALS            0.0               0.0     0.0
SINCE 7/1        62.3              40.5    21.8
SNOWDEPTH AVG.      0
GREATEST
 SNOW DEPTH         0
 24 HR TOTAL      0.0   06/30 TO 06/30

DEGREE_DAYS
HEATING TOTAL      44                40       4
 SINCE 7/1       5515              5998    -483
COOLING TOTAL     166               144      22
 SINCE 1/1        226               183      43
.................................................

WIND (MPH)
AVERAGE WIND SPEED              8.1
RESULTANT WIND SPEED/DIRECTION   4/227
HIGHEST WIND SPEED/DIRECTION    24/310    DATE  06/27
HIGHEST GUST SPEED/DIRECTION    32/290    DATE  06/19

SKY COVER
POSSIBLE SUNSHINE (PERCENT)   MM
AVERAGE SKY COVER           0.60
NUMBER OF DAYS FAIR            3
NUMBER OF DAYS PC             18
NUMBER OF DAYS CLOUDY          9

AVERAGE RH (PERCENT)     67

WEATHER CONDITIONS. NUMBER OF DAYS WITH
THUNDERSTORM              4     MIXED PRECIP               0
HEAVY RAIN                6     RAIN                       5
LIGHT RAIN               17     FREEZING RAIN              0
LT FREEZING RAIN          0     HAIL                       0
HEAVY SNOW                0     SNOW                       0
LIGHT SNOW                0     SLEET                      0
FOG                      15     FOG W/VIS <= 1/4 MILE      1
HAZE                      3

-  INDICATES NEGATIVE NUMBERS.
R  INDICATES RECORD WAS SET OR TIED.
MM INDICATES DATA IS MISSING.
T  INDICATES TRACE AMOUNT.

$$

SIPPRELL
