000
CXUS51 KCTP 010720
CLMBFD

CLIMATE REPORT
NATIONAL WEATHER SERVICE STATE COLLEGE PA
319 AM EDT THU JUN 1 2017

...................................

...THE BRADFORD CLIMATE SUMMARY FOR THE MONTH OF MAY 2017...

CLIMATE NORMAL PERIOD 1981 TO 2010
CLIMATE RECORD PERIOD 1957 TO 2017

WEATHER         OBSERVED          NORMAL  DEPART  LAST YEAR`S
                 VALUE   DATE(S)  VALUE   FROM    VALUE  DATE(S)
                                          NORMAL
................................................................
TEMPERATURE (F)
RECORD
 HIGH              88   05/30/2006
 LOW               18   05/05/1974
HIGHEST            83   05/18                         85  05/28
                        05/17
LOWEST             26   05/09                         31  05/16
AVG. MAXIMUM     63.9              65.6    -1.7     65.2
AVG. MINIMUM     43.7              40.6     3.1     41.8
MEAN             53.8              53.1     0.7     53.5
DAYS MAX >= 90      0                MM      MM        0
DAYS MAX <= 32      0                MM      MM        0
DAYS MIN <= 32      4                MM      MM        3
DAYS MIN <= 0       0                MM      MM        0

PRECIPITATION (INCHES)
RECORD
 MAXIMUM         8.84   1989
 MINIMUM         0.94   1977
TOTALS           5.57              4.18    1.39     3.21
DAILY AVG.       0.18              0.13    0.05     0.10
DAYS >= .01        21                MM      MM       13
DAYS >= .10        12                MM      MM        8
DAYS >= .50         3                MM      MM        2
DAYS >= 1.00        1                MM      MM        0
GREATEST
 24 HR. TOTAL    1.13   05/25 TO 05/25

DEGREE_DAYS
HEATING TOTAL     357               377     -20      368
 SINCE 7/1       6425              7628   -1203     6503
COOLING TOTAL      18                 8      10       19
 SINCE 1/1         19                10       9       19
...................................................

WIND (MPH)
AVERAGE WIND SPEED              7.5
HIGHEST WIND SPEED/DIRECTION    30/310    DATE  05/14
HIGHEST GUST SPEED/DIRECTION    39/320    DATE  05/14

SKY COVER
POSSIBLE SUNSHINE (PERCENT)   MM
AVERAGE SKY COVER           0.60
NUMBER OF DAYS FAIR            7
NUMBER OF DAYS PC             11
NUMBER OF DAYS CLOUDY         13

AVERAGE RH (PERCENT)     74

WEATHER CONDITIONS. NUMBER OF DAYS WITH
THUNDERSTORM              6     MIXED PRECIP               0
HEAVY RAIN                9     RAIN                      13
LIGHT RAIN               21     FREEZING RAIN              0
LT FREEZING RAIN          0     HAIL                       0
HEAVY SNOW                0     SNOW                       0
LIGHT SNOW                1     SLEET                      0
FOG                      19     FOG W/VIS <= 1/4 MILE      3
HAZE                      0

-  INDICATES NEGATIVE NUMBERS.
R  INDICATES RECORD WAS SET OR TIED.
MM INDICATES DATA IS MISSING.
T  INDICATES TRACE AMOUNT.

&&

A NEW DAILY MAXIMUM RAINFALL OF 0.73 INCHES WAS SET ON MAY 5TH.

$$
MS
