000
CXUS51 KCTP 011029
CLMBFD

PHLCLMBFD 000
TTAA00 KCTP 010932


CLIMATE REPORT
NATIONAL WEATHER SERVICE STATE COLLEGE PA
625 AM EDT THU SEP 1 2016

...................................

...THE BRADFORD CLIMATE SUMMARY FOR THE MONTH OF AUGUST 2016...

CLIMATE NORMAL PERIOD 1981 TO 2010
CLIMATE RECORD PERIOD 1957 TO 2016

WEATHER         OBSERVED          NORMAL  DEPART  LAST YEAR`S
                 VALUE   DATE(S)  VALUE   FROM    VALUE  DATE(S)
                                          NORMAL
................................................................
TEMPERATURE (F)
RECORD
 HIGH              93   08/02/1988
 LOW               38   08/16/2014
                        08/29/1986
                        06/01/1945
HIGHEST            86   08/28                         85  08/17
                        08/12                             08/16
LOWEST             43   08/23                         41  08/28
                                                          08/13
AVG. MAXIMUM     80.3              75.6     4.7     75.9
AVG. MINIMUM     58.5              52.1     6.4     51.8
MEAN             69.4              63.8     5.6     63.9
DAYS MAX >= 90      0                MM      MM        0
DAYS MAX <= 32      0                MM      MM        0
DAYS MIN <= 32      0                MM      MM        0
DAYS MIN <= 0       0                MM      MM        0

PRECIPITATION (INCHES)
RECORD
 MAXIMUM         8.55   1994
 MINIMUM         0.47   1959
TOTALS           7.04              4.11    2.93     1.25
DAILY AVG.       0.23              0.13    0.10     0.04
DAYS >= .01        15                MM      MM        8
DAYS >= .10        12                MM      MM        2
DAYS >= .50         4                MM      MM        1
DAYS >= 1.00        3                MM      MM        0
GREATEST
 24 HR. TOTAL    2.48   08/10 TO 08/10


DEGREE_DAYS
HEATING TOTAL      12                89     -77       79
 SINCE 7/1         43               153    -110      126
COOLING TOTAL     153                53     100       54
 SINCE 1/1        325               177     148      208
.................................................

WIND (MPH)
AVERAGE WIND SPEED              4.7
HIGHEST WIND SPEED/DIRECTION    31/200    DATE  08/14
HIGHEST GUST SPEED/DIRECTION    33/150    DATE  08/20

SKY COVER
POSSIBLE SUNSHINE (PERCENT)   MM
AVERAGE SKY COVER           0.40
NUMBER OF DAYS FAIR           17
NUMBER OF DAYS PC             10
NUMBER OF DAYS CLOUDY          4

AVERAGE RH (PERCENT)     75

WEATHER CONDITIONS. NUMBER OF DAYS WITH
THUNDERSTORM              6     MIXED PRECIP               0
HEAVY RAIN                9     RAIN                       7
LIGHT RAIN               14     FREEZING RAIN              0
LT FREEZING RAIN          0     HAIL                       0
HEAVY SNOW                0     SNOW                       0
LIGHT SNOW                0     SLEET                      0
FOG                      25     FOG W/VIS <= 1/4 MILE      4
HAZE                      2

-  INDICATES NEGATIVE NUMBERS.
R  INDICATES RECORD WAS SET OR TIED.
MM INDICATES DATA IS MISSING.
T  INDICATES TRACE AMOUNT.

&&

$$

MARTIN
