000
CXUS54 KAMA 011609
CLMBGD


CLIMATE REPORT
NATIONAL WEATHER SERVICE AMARILLO TX
1009 AM CST FRI DEC 1 2017

...................................

...THE BORGER CLIMATE SUMMARY FOR THE MONTH OF NOVEMBER 2017...

CLIMATE NORMAL PERIOD 1981 TO 2010
CLIMATE RECORD PERIOD 1949 TO 2017

WEATHER         OBSERVED          NORMAL  DEPART  LAST YEAR`S
                 VALUE   DATE(S)  VALUE   FROM    VALUE  DATE(S)
                                          NORMAL
................................................................
TEMPERATURE (F)
HIGHEST            87   11/27                         85  11/16
LOWEST             29   11/19                         22  11/19
                        11/08
AVG. MAXIMUM     67.5              61.3     6.2     67.6
AVG. MINIMUM     41.0              35.9     5.1     40.8
MEAN             54.2              48.6     5.6     54.2
DAYS MAX >= 90      0               0.0     0.0        0
DAYS MAX <= 32      0               0.3    -0.3        0
DAYS MIN <= 32      5              10.0    -5.0        6
DAYS MIN <= 0       0               0.0     0.0        0

PRECIPITATION (INCHES)
TOTALS           0.06              0.84   -0.78     0.15
DAILY AVG.       0.00              0.03   -0.03     0.01
DAYS >= .01         1               4.0    -3.0        4
DAYS >= .10         0               2.1    -2.1        0
DAYS >= .50         0               0.5    -0.5        0
DAYS >= 1.00        0               0.2    -0.2        0
GREATEST
 24 HR. TOTAL    0.06   11/08 TO 11/08

SNOWFALL (INCHES)
TOTALS            0.8                MM      MM      0.0
SINCE 7/1         0.8                MM      MM      0.0
DAYS >= TRACE       1                MM      MM        0
DAYS >= 1.0         0                MM      MM        0
GREATEST
 SNOW DEPTH         0   MM
 24 HR TOTAL      0.8   11/08 TO 11/08

DEGREE_DAYS
HEATING TOTAL     324               496    -172      319
 SINCE 7/1        523               717    -194      373
COOLING TOTAL       9                 4       5        4
 SINCE 1/1       2001              1839     162     2180
.................................................................

WIND (MPH)
AVERAGE WIND SPEED              9.9
HIGHEST WIND SPEED/DIRECTION    37/350    DATE  11/18
HIGHEST GUST SPEED/DIRECTION    47/350    DATE  11/18

SKY COVER
POSSIBLE SUNSHINE (PERCENT)   MM
NUMBER OF DAYS FAIR           23
NUMBER OF DAYS PC              7
NUMBER OF DAYS CLOUDY          1

AVERAGE RH (PERCENT)     51

WEATHER CONDITIONS. NUMBER OF DAYS WITH
THUNDERSTORM              0     MIXED PRECIP               0
HEAVY RAIN                0     RAIN                       0
LIGHT RAIN                3     FREEZING RAIN              0
LT FREEZING RAIN          0     HEAVY SNOW                 0
SNOW                      0     LIGHT SNOW                 1
SLEET                     0     FOG                        2
FOG W/VIS <= 1/4 MILE     0     HAZE                       1

-  INDICATES NEGATIVE NUMBERS.
R  INDICATES RECORD WAS SET OR TIED.
MM INDICATES DATA IS MISSING.
T  INDICATES TRACE AMOUNT.

$$
