000
CXUS51 KCAR 031347
CLMBGR

CLIMATE REPORT
NATIONAL WEATHER SERVICE CARIBOU, ME
844 AM EST MON NOV 3 2014

...................................

...THE BANGOR ME CLIMATE SUMMARY FOR THE MONTH OF OCTOBER 2014...

CLIMATE NORMAL PERIOD 1981 TO 2010
CLIMATE RECORD PERIOD 1925 TO 2014

WEATHER         OBSERVED          NORMAL  DEPART  LAST YEAR`S
                 VALUE   DATE(S)  VALUE   FROM    VALUE  DATE(S)
                                          NORMAL
................................................................
TEMPERATURE (F)
RECORD
 HIGH              92   10/13/1930
 LOW               11   10/30/1941
HIGHEST            73   10/15     10000   -9927       78  10/02
LOWEST             31   10/13     10000   -9969       20  10/30
AVG. MAXIMUM     60.0              57.5     2.5     61.6
AVG. MINIMUM     43.2              36.8     6.4     38.4
MEAN             51.6              47.2     4.4     50.0
DAYS MAX >= 90      0               0.0     0.0        0
DAYS MAX <= 32      0               0.0     0.0        0
DAYS MIN <= 32      3               9.1    -6.1        8
DAYS MIN <= 0       0               0.0     0.0        0

PRECIPITATION (INCHES)
RECORD
 MAXIMUM        13.32   2005
 MINIMUM         0.99   1986
TOTALS           6.85                      2.68
DAILY AVG.       0.22              0.13    0.09     0.03
DAYS >= .01        11              11.0     0.0       12
DAYS >= .10        11               7.0     4.0        3
DAYS >= .50         4               2.5     1.5        0
DAYS >= 1.00        3               1.0     2.0        0
GREATEST
 24 HR. TOTAL    2.04   10/23 TO 10/24           10/07 TO 10/08
                                                          10/31 TO 10/31
                                                          10/31 TO 10/31

SNOWFALL (INCHES)
RECORDS
 TOTAL            9.0   2000
TOTALS            0.0               0.1    -0.1      0.0
SINCE 7/1         0.0               0.1    -0.1      0.0
SNOWDEPTH AVG.      0                MM      MM        0
DAYS >= 1.0         0               0.0     0.0        0
GREATEST
 SNOW DEPTH         0   MM                             0  MM
 24 HR TOTAL      0.0   10/31 TO 10/31           10/31 TO 10/31
                                                          10/31 TO 10/31
                                                          10/31 TO 10/31

DEGREE_DAYS
HEATING TOTAL     411               554    -143      460
 SINCE 7/1        646               826    -180      694
COOLING TOTAL       2                 1       1        0
 SINCE 1/1        363               318      45      355
..................................................

WIND (MPH)
AVERAGE WIND SPEED              7.8
HIGHEST WIND SPEED/DIRECTION    29/320    DATE  10/27
HIGHEST GUST SPEED/DIRECTION    36/330    DATE  10/27

SKY COVER
POSSIBLE SUNSHINE (PERCENT)   MM
AVERAGE SKY COVER           0.70
NUMBER OF DAYS FAIR            5
NUMBER OF DAYS PC             12
NUMBER OF DAYS CLOUDY         14

AVERAGE RH (PERCENT)     75

WEATHER CONDITIONS. NUMBER OF DAYS WITH
THUNDERSTORM              0     MIXED PRECIP               0
HEAVY RAIN                3     RAIN                       6
LIGHT RAIN               13     FREEZING RAIN              0
LT FREEZING RAIN          0     HAIL                       0
HEAVY SNOW                0     SNOW                       0
LIGHT SNOW                0     SLEET                      0
FOG                      20     FOG W/VIS <= 1/4 MILE      2
HAZE                      2

-  INDICATES NEGATIVE NUMBERS.
R  INDICATES RECORD WAS SET OR TIED.
MM INDICATES DATA IS MISSING.
T  INDICATES TRACE AMOUNT.
---------------------------------------------------------------------
..NORTHERN AND EASTERN MAINE MONTHLY AREA CLIMATE NARRATIVE...
...A MILD AND WET MONTH...

OCTOBER 2014 FEATURED ABOVE NORMAL TEMPERATURES ACROSS NORTHERN AND
EASTERN MAINE.  PRECIPITATION WAS WELL ABOVE NORMAL AND RANGED FROM
150 TO 200 PERCENT OF NORMAL ACROSS MOST OF THE REGION.  AMOUNTS
WERE A BIT LESS IN THE SAINT JOHN VALLEY WHERE THEY RANGED FROM 110-
130 PERCENT OF NORMAL.

TEMPERATURES WERE ABOVE NORMAL AND RANGED FROM 2 TO 5 DEGREES ABOVE
NORMAL.  AT CARIBOU...THE AVERAGE TEMPERATURE OF 47.3 DEGREES WAS 4
DEGREES ABOVE NORMAL.  IT WAS THE MILDEST OCTOBER SINCE 2007...AND
RANKED AS THE 7TH WARMEST OCTOBER SINCE WEATHER RECORD BEGAN IN
1939. AT BANGOR...THE AVERAGE TEMPERATURE OF 51.6 DEGREES WAS 4.4
DEGREES ABOVE NORMAL.  IT WAS THE MILDEST OCTOBER SINCE 2007...AND
RANKED AS THE 9TH WARMEST OCTOBER SINCE WEATHER RECORD BEGAN IN
1926.

A TOTAL OF 5.79 INCHES OF RAIN WAS OBSERVED AT CARIBOU....WHICH WAS
2.26 INCHES ABOVE NORMAL.  IT WAS THE WETTEST OCTOBER SINCE 2005...
AND RANKED AS THE 7TH WETTEST OCTOBER SINCE WEATHER RECORD BEGAN IN
1939. AT BANGOR...A TOTAL OF 6.85 INCHES OF RAIN WAS
OBSERVED...WHICH WAS 2.68 INCHES ABOVE NORMAL.  IT RANKED AS THE 6TH
WETTEST OCTOBER ON RECORD SINCE WEATHER RECORDS BEGAN IN 1926.

THUNDER WAS NOT OBSERVED AT CARIBOU...BUT WAS OBSERVED ON ONE DAY
(THE 8TH) AT BANGOR.  DENSE FOG REDUCING THE VISIBILITY TO ONE
QUARTER MILE OR LESS WAS OBSERVED AT CARIBOU ON 3 DAYS...AND AT
BANGOR ON 2 DAYS.  THE PEAK WIND GUST OBSERVED AT CARIBOU WAS 38 MPH
ON THE 17TH.  AT BANGOR THE PEAK WIND GUST OF 36 MPH WAS OBSERVED
ON THE 7TH AND AGAIN ON THE 27TH OF THE MONTH.

NO SNOW WAS OBSERVED AT EITHER CARIBOU OR BANGOR THIS PAST OCTOBER.
ALTHOUGH NOT ALL THAT UNUSUAL TO NOT HAVE MEASURABLE SNOWFALL DURING
THE MONTH OF OCTOBER AT CARIBOU IT DOES HAPPEN ON AVERAGE OF ABOUT 2
OUT OF EVERY 3 YEARS.  MEASURABLE SNOWFALL AT BANGOR DURING THE
MONTH OF OCTOBER IS NOT ALL THAT COMMON OCCURRING ON AVERAGE OF
ABOUT ONCE EVERY TEN YEARS.

THE OUTLOOK FROM THE CLIMATE PREDICTION CENTER FOR THE MONTH OF
NOVEMBER FOR OUR REGION CALLS FOR AN INCREASED LIKELIHOOD OF ABOVE
NORMAL TEMPERATURES.  THERE ARE NO STRONG CLIMATE SIGNALS THAT WOULD
POINT TOWARD AN UNUSUALLY WET (SNOWY) OR DRY MONTH.  THE AVERAGE
TEMPERATURES CONTINUE A RAPID DROP OFF DURING THE MONTH OF NOVEMBER.
AT CARIBOU (BANGOR)...THE AVERAGE HIGH FALLS FROM 45 (51) TO 32
(40).  THE AVERAGE LOW TEMPERATURES AT CARIBOU (BANGOR) FALL FROM 30
(33) TO 18 (23). AVERAGE MONTHLY SNOWFALL FOR NOVEMBER IS 10.5
INCHES AT CARIBOU AND 2.3 INCHES AT BANGOR. NEARLY 2 HOURS OF
DAYLIGHT IS LOST DURING THE MONTH OF NOVEMBER.

$$

CB
