000
CXUS51 KCAR 070101 CCB
CLMBGR

CLIMATE REPORT
NATIONAL WEATHER SERVICE CARIBOU, ME
852 AM EST FRI MAR 3 2017

...................................

...THE BANGOR ME CLIMATE SUMMARY FOR THE MONTH OF FEBRUARY 2017...

CLIMATE NORMAL PERIOD 1981 TO 2010
CLIMATE RECORD PERIOD 1925 TO 2017

WEATHER         OBSERVED          NORMAL  DEPART  LAST YEAR`S
                 VALUE   DATE(S)  VALUE   FROM    VALUE  DATE(S)
                                          NORMAL
................................................................
TEMPERATURE (F)
RECORD
 HIGH              60   02/21/1937
 LOW              -32   02/10/1948
HIGHEST            55   02/24        MM      MM       55  02/01
LOWEST             -4   02/15        MM      MM      -17  02/15
AVG. MAXIMUM     34.4              31.3     3.1     35.6
AVG. MINIMUM     12.2              10.2     2.0     14.7
MEAN             23.3              20.8     2.5     25.2
DAYS MAX >= 90      0               0.0     0.0        0
DAYS MAX <= 32     12              14.4    -2.4       10
DAYS MIN <= 32     27              26.8     0.2       27
DAYS MIN <= 0       5               6.2    -1.2        4

PRECIPITATION (INCHES)
RECORD
 MAXIMUM         7.12   1969
 MINIMUM         0.53   1987
TOTALS           2.26                     -0.26
DAILY AVG.       0.08              0.09   -0.01     0.13
DAYS >= .01        12               9.3     2.7       13
DAYS >= .10         7               5.7     1.3        7
DAYS >= .50         1               1.5    -0.5        4
DAYS >= 1.00        0               0.3    -0.3        1
GREATEST
 24 HR. TOTAL    0.90   02/13 TO 02/13           02/15 TO 02/16
                                                          02/16 TO 02/16
                                                          02/16 TO 02/16

SNOWFALL (INCHES)
RECORDS
 TOTAL           62.5   1969
TOTALS           37.4              14.7    22.7     19.6
SINCE 7/1        63.3              50.7    12.6     38.6
SNOWDEPTH AVG.     12                 7       5        4
DAYS >= 1.0         8               4.3     3.7        6
GREATEST
 SNOW DEPTH        31   02/17                         13  02/10
                        02/16                             02/09
                        02/15
 24 HR TOTAL     21.5   02/13 TO 02/13           02/16 TO 02/16
                                                          02/16 TO 02/16
                                                          02/16 TO 02/16

DEGREE_DAYS
HEATING TOTAL    1160              1239     -79     1148
 SINCE 7/1       5128              5646    -518     4915
COOLING TOTAL       0                 0       0        0
 SINCE 1/1          0                 0       0        0
.......................................................

WIND (MPH)
AVERAGE WIND SPEED              8.2
HIGHEST WIND SPEED/DIRECTION    35/350    DATE  02/13
HIGHEST GUST SPEED/DIRECTION    53/350    DATE  02/13

SKY COVER
POSSIBLE SUNSHINE (PERCENT)   MM
AVERAGE SKY COVER           0.60
NUMBER OF DAYS FAIR            2
NUMBER OF DAYS PC             17
NUMBER OF DAYS CLOUDY          9

AVERAGE RH (PERCENT)     70

WEATHER CONDITIONS. NUMBER OF DAYS WITH
THUNDERSTORM              0     MIXED PRECIP               0
HEAVY RAIN                0     RAIN                       1
LIGHT RAIN                5     FREEZING RAIN              0
LT FREEZING RAIN          2     HAIL                       0
HEAVY SNOW                2     SNOW                       8
LIGHT SNOW               13     SLEET                      3
FOG                      17     FOG W/VIS <= 1/4 MILE      4
HAZE                      6

-  INDICATES NEGATIVE NUMBERS.
R  INDICATES RECORD WAS SET OR TIED.
MM INDICATES DATA IS MISSING.
T  INDICATES TRACE AMOUNT.

&&

...NORTHERN AND EASTERN MAINE MONTHLY CLIMATE NARRATIVE...

FEBRUARY 2017 FINISHED WITH ABOVE NORMAL TEMPERATURES, NEAR NORMAL
PRECIPITATION, AND VARIABLE SNOWFALL ACROSS THE REGION AS A WHOLE.

THIS MONTH WAS REALLY THE TALE OF TWO FEBRUARY`S WITHIN ONE MONTH;
THE COLD AND SNOWY FIRST HALF AND THE MUCH MILDER AND RAINY SECOND
HALF OF THE MONTH. OVERALL, MONTHLY AVERAGE TEMPERATURES FOR
LOCATIONS ACROSS THE REGION WERE FAIRLY TIGHTLY CLUSTERED BETWEEN
1.5 TO 3.0 DEGREES ABOVE NORMAL, WITH THE FIRST HALF OF THE MONTH
AVERAGING ABOUT 8 DEGREES BELOW NORMAL AND THE SECOND HALF 12 TO 13
DEGREES ABOVE NORMAL. THIS RESULTED IN WIDE DIFFERENCES BETWEEN
MONTHLY MINIMUM TEMPERATURES OF -10S AND -20S RECORDED ON THE 11TH
AND 12TH ACROSS THE NORTH AND MAXIMUM TEMPERATURES OF 50S TO EVEN
NEAR 60 DEGREES RECORDED OVER EASTERN AND ESPECIALLY DOWNEAST
PORTIONS OF THE REGION ON THE 23RD AND 24TH.

PRECIPITATION RANGED FROM AS LITTLE AS 75 PERCENT OF NORMAL AT A FEW
LOCATIONS ACROSS THE NORTH UPWARDS TO 130 PERCENT ALONG THE DOWNEAST
COAST. DURING THE COLD FIRST HALF OF THE MONTH, A MORE SOUTHERN
STORM TRACK FEATURED HEAVY SNOWSTORMS ON THE 8-10TH AND AGAIN ON THE
12TH AND 13TH OVER CENTRAL AND ESPECIALLY DOWNEAST PORTIONS OF THE
REGION, WHERE COMPARATIVELY LITTLE FELL IN PREVIOUS WINTER MONTHS
THIS SEASON. DURING THE SECOND HALF OF THE MONTH, A DRAMATIC CHANGE
IN THE STORM TRACK TO WELL NORTH AND WEST OF MAINE RESULTED IN
MOSTLY RAIN EVENTS EVEN AS FAR NORTH AS THE SAINT JOHN VALLEY.
SUBSEQUENTLY, ONLY 60 TO 75 PERCENT OF AVERAGE SNOWFALL OCCURRED
ACROSS THE FAR NORTH WHILE UPWARDS TO 250 TO 300 PERCENT OF AVERAGE
SNOWFALL OCCURRED OVER DOWNEAST AREAS. AT BANGOR, THE 37.4 INCH
TOTAL FOR THE MONTH WAS THE 5TH SNOWIEST FEBRUARY OF RECORD, BUT
STILL WELL SHORT OF THE ALL TIME RECORD SNOWIEST FEBRUARY OF 58.0
INCHES RECORDED IN FEBRUARY 1969.

SNOW DEPTH GENERALLY WAS ABOVE AVERAGE ACROSS THE ENTIRE REGION THIS
MONTH, REACHING A PEAK THROUGH MID MONTH THEN DECLINING IN THE LAST
THIRD WITH THAWING TEMPERATURES AND RAINFALL. IT`S INTERESTING TO
NOTE THAT EVEN THOUGH THE MAXIMUM SNOW DEPTH AT BOTH CARIBOU AND
BANGOR REACHED 31 INCHES AT MID MONTH, THERE WAS A MUCH GREATER
VARIATION OF SNOW PACK OVER DOWNEAST AREAS AS EVIDENT BY THE INITIAL
SNOW DEPTH MEASUREMENT OF A TRACE ON THE 1ST AND 1 INCH ON THE 28TH
AT BANGOR COMPARED TO THE TOTAL RANGE ONLY FROM 23 O 31 INCHES OF
SNOW DEPTH AT CARIBOU. THE SOLID AND MORE DENSE SNOW PACK ACROSS
CENTRAL AND ESPECIALLY NORTHERN PORTIONS OF THE REGION CONTINUED TO
PROVIDE EXCELLENT SKIING AND SNOW MOBILING CONDITIONS ESPECIALLY
DURING THE FIRST TWO THIRDS OF THE MONTH.

THE OFFICIAL CLIMATE PREDICTION CENTER OUTLOOK FOR MARCH 2017 ACROSS
NORTHERN AND EASTERN MAINE IS NOT SLATED IN ANY PARTICULAR DIRECTION
FOR TEMPERATURE OR TOTAL PRECIPITATION. TEMPERATURES TYPICALLY RANGE
FROM LOWS OF LOWER TEENS TO HIGHS LOWER 30S ACROSS THE FAR NORTH TO
LOWS OF AROUND 20 AND HIGH AROUND 40 OVER DOWNEAST AREAS. TOTAL
PRECIPITATION AVERAGES FROM 2.50 INCHES ACROSS THE FAR NORTH TO 3.00
INCHES OVER DOWNEAST AREAS. SNOWFALL AVERAGES FROM AROUND 10 INCHES
OVER DOWNEAST AREAS TO AROUND 20 INCHES ACROSS THE FAR NORTH.

$$

VJN
