000
CXUS51 KCAR 011529
CLMBGR

CLIMATE REPORT
NATIONAL WEATHER SERVICE CARIBOU, ME
747 AM EDT TUE APR 1 2014

...................................

...THE BANGOR ME CLIMATE SUMMARY FOR THE MONTH OF MARCH 2014...

CLIMATE NORMAL PERIOD 1981 TO 2010
CLIMATE RECORD PERIOD 1925 TO 2014

WEATHER         OBSERVED          NORMAL  DEPART  LAST YEAR`S
                 VALUE   DATE(S)  VALUE   FROM    VALUE  DATE(S)
                                          NORMAL
................................................................
TEMPERATURE (F)
RECORD
 HIGH              84   03/22/2012
 LOW              -16   03/02/2001
HIGHEST            51   03/29        MM      MM       55  03/29
LOWEST             -7   03/04        MM      MM        7  03/22
AVG. MAXIMUM     33.2              40.0    -6.8     40.1
AVG. MINIMUM     12.3              20.5    -8.2     24.7
MEAN             22.7              30.2    -7.5     32.4
DAYS MAX >= 90      0               0.0     0.0        0
DAYS MAX <= 32     12               5.3     6.7        4
DAYS MIN <= 32     30              27.3     2.7       27
DAYS MIN <= 0       7               1.6     5.4        0

PRECIPITATION (INCHES)
RECORD
 MAXIMUM         7.36   1999
 MINIMUM         0.26   1965
TOTALS           3.65                      0.27
DAILY AVG.       0.12              0.11    0.01     0.07
DAYS >= .01        11              11.0     0.0       12
DAYS >= .10         7               6.8     0.2        7
DAYS >= .50         3               2.2     0.8        1
DAYS >= 1.00        1               0.7     0.3        0
GREATEST
 24 HR. TOTAL    1.34   03/30 TO 03/30           03/19 TO 03/19
                                                          03/19 TO 03/19
                                                          03/19 TO 03/19

SNOWFALL (INCHES)
RECORDS
 TOTAL           41.5   1956
TOTALS           15.7              11.7     4.0     13.7
SINCE 7/1        78.9              62.4    16.5     73.2
SNOWDEPTH AVG.      9                 5       4        3
DAYS >= 1.0         3               3.3    -0.3        4
GREATEST
 SNOW DEPTH        17   03/14                         10  03/21
                                                          03/20
 24 HR TOTAL      7.6   MM                       03/19 TO 03/19
                                                          03/19 TO 03/19
                                                          03/19 TO 03/19

DEGREE_DAYS
HEATING TOTAL    1304              1077     227     1003
 SINCE 7/1       7056              6723     333     6380
COOLING TOTAL       0                 0       0        0
 SINCE 1/1          0                 0       0        0
..........................................................

WIND (MPH)
AVERAGE WIND SPEED              9.5
HIGHEST WIND SPEED/DIRECTION    41/360    DATE  03/26
HIGHEST GUST SPEED/DIRECTION    53/010    DATE  03/26

SKY COVER
POSSIBLE SUNSHINE (PERCENT)   MM
AVERAGE SKY COVER           0.60
NUMBER OF DAYS FAIR            9
NUMBER OF DAYS PC             12
NUMBER OF DAYS CLOUDY         10

AVERAGE RH (PERCENT)     61

WEATHER CONDITIONS. NUMBER OF DAYS WITH
THUNDERSTORM              0     MIXED PRECIP               2
HEAVY RAIN                2     RAIN                       5
LIGHT RAIN                7     FREEZING RAIN              0
LT FREEZING RAIN          2     HAIL                       0
HEAVY SNOW                2     SNOW                       4
LIGHT SNOW               14     SLEET                      6
FOG                      13     FOG W/VIS <= 1/4 MILE      2
HAZE                      7

-  INDICATES NEGATIVE NUMBERS.
R  INDICATES RECORD WAS SET OR TIED.
MM INDICATES DATA IS MISSING.
T  INDICATES TRACE AMOUNT.
---------------------------------------------------------------------
...NORTHERN AND EASTERN MAINE MONTHLY CLIMATE NARRATIVE...

***COLDEST MARCH ON RECORD AT CARIBOU AND TIED FOR COLDEST MARCH ON
RECORD AT BANGOR***

MARCH 2014 FINISHED AS A RECORD COLD MONTH IN MANY AREAS WITH WELL
ABOVE NORMAL SNOWFALL...ESPECIALLY ACROSS NORTHERN MAINE.

THE AVERAGE TEMPERATURE AT CARIBOU OF 15.1 DEGREES WAS 9.4 DEGREES
BELOW THE 1981-2010 AVERAGE TEMPERATURE.  IT WAS THE COLDEST
MARCH ON RECORD AT CARIBOU...AND BEAT OUT 1939 BY 2 TENTHS OF A
DEGREE.

THERE WERE A TOTAL OF 14 NIGHTS WHEN THE LOW TEMPERATURE DROPPED
BELOW ZERO...WHICH TIED WITH 1939 FOR THE MOST NIGHTS WITH A
TEMPERATURE BELOW ZERO AT CARIBOU DURING THE MONTH OF MARCH.  FOR
THE WINTER SEASON THERE WERE A TOTAL OF 55 NIGHTS WITH A LOW BELOW
ZERO...THE MOST SINCE THE WINTER OF 2002-03.

THERE WAS A TOTAL OF 42.1 INCHES OF SNOW AT CARIBOU...WHICH WAS 23.8
INCHES ABOVE NORMAL.  IT RANKED AS THE 3RD SNOWIEST MARCH ON RECORD
BEHIND ONLY 2008 AND 1955.  1955 STILL HOLDS THE TOP HONORS WITH
47.1 INCHES OF SNOW.  THIS PAST MARCH CONTINUED A RECENT TREND OF
40+ INCH SNOWFALL MONTHS.  SINCE 1939 THERE HAVE ONLY BEEN 18 MONTHS
WITH A TOTAL ABOVE 40 INCHES WITH 8 OF THEM HAVING OCCURRED SINCE
THE YEAR 2000.

FOR THE 2013-14 WINTER SEASON A TOTAL OF 141.5 INCHES OF SNOW HAS
BEEN OBSERVED...WHICH IS 41 INCHES ABOVE NORMAL.  THIS WINTER NOW
RANKS AS THE 8TH SNOWIEST ON RECORD.

AT BANGOR...THE AVERAGE TEMPERATURE OF 22.7 DEGREES WAS 7.5 DEGREES
BELOW AVERAGE.  IT TIED WITH 1939 AS THE COLDEST MARCH ON RECORD.

THERE WERE A TOTAL OF 6 NIGHTS WITH A LOW TEMPERATURE BELOW
ZERO...WHICH WAS THE MOST DURING THE MONTH OF MARCH SINCE 1948.  THE
LOW TEMPERATURE OF ZERO ON THE 25TH WAS THE LATEST DATE ON RECORD
FOR THE TEMPERATURE TO DROP TO ZERO AT BANGOR.  THE OLD RECORD WAS
MARCH 20, 1993.

AS FAR AS SNOWFALL GOES... BANGOR ENDED UP WITH 15.7 INCHES OF
SNOW...WHICH WAS 4 INCHES ABOVE NORMAL.  THERE WAS CONTINUOUS
SNOWPACK ON THE GROUND ALL MARCH...WHICH HAS NOT HAPPENED AT BANGOR
SINCE 1994. FOR THE 2013-14 WINTER SEASON A TOTAL OF 78.9 INCHES OF
SNOW HAS BEEN OBSERVED...WHICH IS 16 INCHES ABOVE NORMAL.

THE MONTH BEGAN WITH A SNOW PACK WHICH RANGED FROM 6 TO 12 INCHES
DOWNEAST AND MOSTLY FROM 18 TO 30 INCHES ACROSS NORTHERN MAINE...
WITH LOCAL AMOUNTS IN EXCESS OF 3 FEET ACROSS THE NORTH MAINE
WOODS.  THE SNOW PACK INCREASED ACROSS NORTHERN MAINE...AND BY THE
END OF THE MONTH RANGED FROM 2 1/2 TO 4 FEET ACROSS NORTHERN MAINE
AND DROPPED OFF ACROSS DOWNEAST MAINE WITH AMOUNTS RANGING FROM AN
INCH OR LESS UP TO 3 INCHES ALONG THE IMMEDIATE COAST AND FROM 1/2
FOOT TO 2 FEET INLAND.

THE MOST WIDESPREAD SNOWFALL OCCURRED ON MARCH 12-13, 2014 WITH
WIDESPREAD TOTALS IN EXCESS OF A FOOT ACROSS NORTHERN AND CENTRAL
MAINE INTO PARTS OF INTERIOR DOWNEAST MAINE.  AMOUNTS DROPPED OFF TO
3 TO 6 INCHES ALONG THE COAST.  ANOTHER STORM ON THE 20TH PRODUCED
FROM 8 TO 12 INCHES OF SNOW ACROSS MUCH OF NORTHERN AND CENTRAL
MAINE.  A BLIZZARD ON THE 26TH INTO THE 27TH AFFECTED MAINLY
WASHINGTON AND COASTAL HANCOCK COUNTIES. A WINTER STORM ON THE
30TH PRODUCED FROM 4 TO 12 INCHES OF SNOW ACROSS NORTHERN AND
CENTRAL MAINE.  ANOTHER EVENT ON THE 31ST PRODUCED UP TO 8 INCHES OF
SNOW IN PARTS OF WASHINGTON COUNTY WITH ONE TO TWO INCHES OF SLEET
IN PARTS OF WASHINGTON AND HANCOCK COUNTIES.

THE AVERAGE WIND SPEED AT CARIBOU WAS 8.8 MPH AND AT BANGOR WAS 9
MPH....MAKING IT BY FAR THE WINDIEST MONTH THIS WINTER.  THE PEAK
WIND SPEED FOR THE MONTH AT CARIBOU WAS 43 MPH ON THE 27TH.  THE PEAK
WIND SPEED AT BANGOR THIS PAST MARCH WAS 53 MPH ON THE 26TH.

THE OUTLOOK FROM THE CLIMATE PREDICTION CENTER INDICATES AN
INCREASED LIKELIHOOD OF BELOW NORMAL TEMPERATURES ACROSS WESTERN
MAINE...AND NO STRONG CLIMATE SIGNALS THAT WOULD POINT TOWARD AN
UNUSUALLY COLD OR WARM APRIL ACROSS EASTERN MAINE.  THERE ARE NO
STRONG CLIMATE SIGNALS THAT WOULD TILT THE ODDS TOWARDS AN UNUSUALLY
COLD OR MILD APRIL. DAYLIGHT INCREASES STEADILY WITH OVER AN HOUR
AND A HALF GAIN IN DAYLIGHT DURING THE MONTH OF APRIL.

$$

CB/VJN
