000
CXUS54 KBMX 011334
CLMBHM


CLIMATE REPORT
NATIONAL WEATHER SERVICE BIRMINGHAM, AL
834 AM CDT SAT AUG 1 2015

...................................

...THE BIRMINGHAM CLIMATE SUMMARY FOR THE MONTH OF JULY 2015...

CLIMATE NORMAL PERIOD 1981 TO 2010
CLIMATE RECORD PERIOD 2014 TO 2015

WEATHER         OBSERVED          NORMAL  DEPART  LAST YEAR`S
                 VALUE   DATE(S)  VALUE   FROM    VALUE  DATE(S)
                                          NORMAL
................................................................
TEMPERATURE (F)
RECORD
 HIGH             107   07/29/1930
 LOW               51   07/15/1967
HIGHEST            98   07/20        MM      MM       97  07/27
                        07/18
LOWEST             68   07/04        MM      MM       57  07/30
AVG. MAXIMUM     92.4              90.8     1.6     89.0
AVG. MINIMUM     73.1              71.4     1.7     68.4
MEAN             82.8                               78.7
DAYS MAX >= 90     23              18.4     4.6       13
DAYS MAX <= 32      0               0.0     0.0        0
DAYS MIN <= 32      0               0.0     0.0        0
DAYS MIN <= 0       0               0.0     0.0        0

PRECIPITATION (INCHES)
RECORD
 MAXIMUM        20.12   1916
 MINIMUM         0.30   1983
TOTALS           7.41              4.80    2.61     0.92
DAILY AVG.       0.24              0.15    0.09     0.03
DAYS >= .01        12              11.7     0.3        6
DAYS >= .10        10               7.6     2.4        3
DAYS >= .50         4               3.2     0.8        0
DAYS >= 1.00        2               1.2     0.8        0

DEGREE_DAYS
HEATING TOTAL       0                 0       0        0
 SINCE 7/1          0                 0       0        0
COOLING TOTAL     558               499      59      432
 SINCE 1/1       1359              1163     196     1131
.................................................................

WIND (MPH)
AVERAGE WIND SPEED              5.2
HIGHEST WIND SPEED/DIRECTION    39/350    DATE  07/14
HIGHEST GUST SPEED/DIRECTION    55/360    DATE  07/14

AVERAGE RH (PERCENT)     72

WEATHER CONDITIONS. NUMBER OF DAYS WITH
THUNDERSTORM              0     MIXED PRECIP               0
HEAVY RAIN                5     RAIN                       6
LIGHT RAIN               12     FREEZING RAIN              0
LT FREEZING RAIN          0     HAIL                       0
HEAVY SNOW                0     SNOW                       0
LIGHT SNOW                0     SLEET                      0
FOG                      14     FOG W/VIS <= 1/4 MILE      0
HAZE                      1

-  INDICATES NEGATIVE NUMBERS.
R  INDICATES RECORD WAS SET OR TIED.
MM INDICATES DATA IS MISSING.
T  INDICATES TRACE AMOUNT.

$$
