000
CXUS55 KVEF 011144
CLMBIH

CLIMATE REPORT
NATIONAL WEATHER SERVICE LAS VEGAS, NV
420 AM PDT SUN OCT 1 2017

...................................

...THE BISHOP CA CLIMATE SUMMARY FOR THE MONTH OF SEPTEMBER 2017...

CLIMATE NORMAL PERIOD 1981 TO 2010
CLIMATE RECORD PERIOD 1943 TO 2017

WEATHER         OBSERVED          NORMAL  DEPART  LAST YEAR`S
                 VALUE   DATE(S)  VALUE   FROM    VALUE  DATE(S)
                                          NORMAL
................................................................
TEMPERATURE (F)
RECORD
 HIGH             106   09/02/1950
 LOW               26   09/26/1986
                        09/26/1948
HIGHEST           101   09/02        88      13       97  09/10
                                                          09/09
                                                          09/01
LOWEST             32   09/22        47     -15       39  09/14
AVG. MAXIMUM     86.3              88.2    -1.9     89.2
AVG. MINIMUM     47.5              47.0     0.5     47.7
MEAN             66.9              67.6    -0.7     68.5
DAYS MAX >= 90     13              14.4    -1.4       17
DAYS MAX <= 32      0               0.0     0.0        0
DAYS MIN <= 32      1               0.3     0.7        0
DAYS MIN <= 0       0               0.0     0.0        0

PRECIPITATION (INCHES)
RECORD
 MAXIMUM         1.24   1994
 MINIMUM         0.00   2012
                        2010
                        2006
TOTALS              T              0.19   -0.19        T
DAILY AVG.          T              0.01   -0.01        T
DAYS >= .01         0               1.7    -1.7        0
DAYS >= .10         0               0.6    -0.6        0
DAYS >= .50         0               0.1    -0.1        0
DAYS >= 1.00        0               0.0     0.0        0
GREATEST
 24 HR. TOTAL       T   09/21 TO 09/21
                        09/12 TO 09/12
                        09/11 TO 09/11

DEGREE_DAYS
HEATING TOTAL      72                41      31       17
 SINCE 7/1         72                43      29       17
COOLING TOTAL     134               119      15      128
 SINCE 1/1       1407              1096     311     1351

FREEZE DATES
RECORD
 EARLIEST     09/20/1986
 LATEST       06/07/1988
EARLIEST      09/22             10/15
LATEST                          05/03
.................................................................

WIND (MPH)
AVERAGE WIND SPEED              7.7
HIGHEST WIND SPEED/DIRECTION    35/130    DATE  09/03
HIGHEST GUST SPEED/DIRECTION    66/220    DATE  09/26

SKY COVER
POSSIBLE SUNSHINE (PERCENT)   MM
AVERAGE SKY COVER           0.10
NUMBER OF DAYS FAIR           29
NUMBER OF DAYS PC              1
NUMBER OF DAYS CLOUDY          0

AVERAGE RH (PERCENT)     40

WEATHER CONDITIONS. NUMBER OF DAYS WITH
THUNDERSTORM              3     MIXED PRECIP               0
HEAVY RAIN                0     RAIN                       1
LIGHT RAIN                4     FREEZING RAIN              0
LT FREEZING RAIN          0     HAIL                       0
HEAVY SNOW                0     SNOW                       0
LIGHT SNOW                0     SLEET                      0
FOG                       1     FOG W/VIS <= 1/4 MILE      0
HAZE                      1

-  INDICATES NEGATIVE NUMBERS.
R  INDICATES RECORD WAS SET OR TIED.
MM INDICATES DATA IS MISSING.
T  INDICATES TRACE AMOUNT.

$$
