000
CXUS55 KVEF 011120
CLMBIH


CLIMATE REPORT
NATIONAL WEATHER SERVICE LAS VEGAS, NV
400 AM PDT MON MAY 1 2017

...................................

...THE BISHOP CA CLIMATE SUMMARY FOR THE MONTH OF APRIL 2017...

CLIMATE NORMAL PERIOD 1981 TO 2010
CLIMATE RECORD PERIOD 1943 TO 2017

WEATHER         OBSERVED          NORMAL  DEPART  LAST YEAR`S
                 VALUE   DATE(S)  VALUE   FROM    VALUE  DATE(S)
                                          NORMAL
................................................................
TEMPERATURE (F)
RECORD
 HIGH              93   04/08/1989
                        04/07/1989
                        04/30/1981
 LOW               15   04/09/1953
HIGHEST            83   04/22        72      11       84  04/21
                                                          04/07
                                                          04/06
LOWEST             26   04/09        36     -10       33  04/17
AVG. MAXIMUM     73.2              72.7     0.5     74.6
AVG. MINIMUM     37.9              36.3     1.6     41.1
MEAN             55.6              54.5     1.1     57.8
DAYS MAX >= 90      0               0.5    -0.5        0
DAYS MAX <= 32      0               0.0     0.0        0
DAYS MIN <= 32      5               7.3    -2.3        0
DAYS MIN <= 0       0               0.0     0.0        0

PRECIPITATION (INCHES)
RECORD
 MAXIMUM         2.26   1956
 MINIMUM         0.00   2008
                        1997
                        1993
TOTALS           0.92              0.26    0.66     1.04
DAILY AVG.       0.03              0.01    0.02     0.03
DAYS >= .01         2               1.9     0.1        4
DAYS >= .10         1               0.7     0.3        3
DAYS >= .50         1               0.1     0.9        1
DAYS >= 1.00        0               0.0     0.0        0
GREATEST
 24 HR. TOTAL    0.90   04/06 TO 04/07

SNOWFALL (INCHES)
RECORDS
 TOTAL            8.8   1956
 24 HR TOTAL      8.8
TOTALS            0.0               0.1    -0.1      0.0
SINCE 7/1         8.6
SNOWDEPTH AVG.      0
DAYS >= TRACE       0
DAYS >= 1.0         0
GREATEST
 SNOW DEPTH         0
 24 HR TOTAL      0.0   04/30 TO 04/30
 STORM TOTAL       MM
 (MM/DD(HH))

DEGREE_DAYS
HEATING TOTAL     275               319     -44      207
 SINCE 7/1       3684              4042    -358     3658
COOLING TOTAL       0                 4      -4        0
 SINCE 1/1          0                 4      -4        0

FREEZE DATES
RECORD
 EARLIEST     09/20/1986
 LATEST       06/07/1988
EARLIEST                        10/15
LATEST                          05/03
.................................................................

WIND (MPH)
AVERAGE WIND SPEED              10.3
HIGHEST WIND SPEED/DIRECTION    38/360    DATE  04/28
HIGHEST GUST SPEED/DIRECTION    54/320    DATE  04/13

SKY COVER
POSSIBLE SUNSHINE (PERCENT)   MM
AVERAGE SKY COVER           0.10
NUMBER OF DAYS FAIR           26
NUMBER OF DAYS PC              3
NUMBER OF DAYS CLOUDY          1

AVERAGE RH (PERCENT)     39

WEATHER CONDITIONS. NUMBER OF DAYS WITH
THUNDERSTORM              0     MIXED PRECIP               0
HEAVY RAIN                1     RAIN                       1
LIGHT RAIN                3     FREEZING RAIN              0
LT FREEZING RAIN          0     HAIL                       0
HEAVY SNOW                0     SNOW                       0
LIGHT SNOW                0     SLEET                      0
FOG                       1     FOG W/VIS <= 1/4 MILE      0
HAZE                      0

-  INDICATES NEGATIVE NUMBERS.
R  INDICATES RECORD WAS SET OR TIED.
MM INDICATES DATA IS MISSING.
T  INDICATES TRACE AMOUNT.

$$
