000
CXUS55 KVEF 011540
CLMBIH


CLIMATE REPORT
NATIONAL WEATHER SERVICE LAS VEGAS, NV
839 AM PDT WED JUL 1 2015

...................................

...THE BISHOP CA CLIMATE SUMMARY FOR THE MONTH OF JUNE 2015...

CLIMATE NORMAL PERIOD 1981 TO 2010
CLIMATE RECORD PERIOD 1943 TO 2015

WEATHER         OBSERVED          NORMAL  DEPART  LAST YEAR`S
                 VALUE   DATE(S)  VALUE   FROM    VALUE  DATE(S)
                                          NORMAL
................................................................
TEMPERATURE (F)
RECORD
 HIGH             109   MM
 LOW               25   06/02/2011
HIGHEST           108   06/20        91      17      106  06/30
                                                          06/29
LOWEST             47   06/22        51      -4       42  06/03
                        06/02
AVG. MAXIMUM     96.5              92.0     4.5     95.6
AVG. MINIMUM     55.2              51.0     4.2     53.6
MEAN             75.9              71.5     4.4     74.6
DAYS MAX >= 90     24              19.7     4.3       26
DAYS MAX <= 32      0               0.0     0.0        0
DAYS MIN <= 32      0               0.1    -0.1        0
DAYS MIN <= 0       0               0.0     0.0        0

PRECIPITATION (INCHES)
RECORD
 MAXIMUM         1.31   1998
 MINIMUM         0.00   2012
                        2010
                        2008
TOTALS           0.39              0.19    0.20        T
DAILY AVG.       0.01              0.01    0.00        T
DAYS >= .01         3               1.5     1.5        0
DAYS >= .10         1               0.5     0.5        0
DAYS >= .50         0               0.1    -0.1        0
DAYS >= 1.00        0               0.0     0.0        0
GREATEST
 24 HR. TOTAL    0.33   06/10 TO 06/10

DEGREE_DAYS
HEATING TOTAL       0                19     -19        0
 SINCE 7/1       3118              4177   -1059     3682
COOLING TOTAL     334               214     120      296
 SINCE 1/1        385               282     103      381

FREEZE DATES
RECORD
 EARLIEST     09/20/1986
 LATEST       06/07/1988
EARLIEST      10/26             10/15
LATEST        04/10             05/03
.................................................................

WIND (MPH)
AVERAGE WIND SPEED              8.3
HIGHEST WIND SPEED/DIRECTION    39/160    DATE  06/09
HIGHEST GUST SPEED/DIRECTION    51/160    DATE  06/09

SKY COVER
POSSIBLE SUNSHINE (PERCENT)   MM
AVERAGE SKY COVER           0.10
NUMBER OF DAYS FAIR           28
NUMBER OF DAYS PC              2
NUMBER OF DAYS CLOUDY          0

AVERAGE RH (PERCENT)     29

WEATHER CONDITIONS. NUMBER OF DAYS WITH
THUNDERSTORM              0     MIXED PRECIP               0
HEAVY RAIN                1     RAIN                       2
LIGHT RAIN                6     FREEZING RAIN              0
LT FREEZING RAIN          0     HAIL                       0
HEAVY SNOW                0     SNOW                       0
LIGHT SNOW                0     SLEET                      0
FOG                       1     FOG W/VIS <= 1/4 MILE      0
HAZE                      4

-  INDICATES NEGATIVE NUMBERS.
R  INDICATES RECORD WAS SET OR TIED.
MM INDICATES DATA IS MISSING.
T  INDICATES TRACE AMOUNT.

$$
