000
CXUS53 KBIS 040141
CLMBIS

CLIMATE REPORT
NATIONAL WEATHER SERVICE BISMARCK ND
812 PM CDT FRI NOV 3 2017

...................................

...THE BISMARCK ND CLIMATE SUMMARY FOR THE MONTH OF OCTOBER 2017...

CLIMATE NORMAL PERIOD 1981 TO 2010
CLIMATE RECORD PERIOD 1875 TO 2017

WEATHER         OBSERVED          NORMAL  DEPART  LAST YEAR`S
                 VALUE   DATE(S)  VALUE   FROM    VALUE  DATE(S)
                                          NORMAL
................................................................
TEMPERATURE (F)
RECORD
 HIGH              95   10/04/1963
                        10/01/1953
 LOW              -10   10/31/1991
                        10/30/1991
                        10/26/1919
HIGHEST            80   10/19                         78  10/03
                        10/17
LOWEST             11   10/28                         21  10/13
AVG. MAXIMUM     61.4              57.5     3.9     59.9
AVG. MINIMUM     32.1              32.2    -0.1     36.3
MEAN             46.8              44.8     2.0     48.1
DAYS MAX >= 90      0               0.1    -0.1        0
DAYS MAX <= 32      0               0.8    -0.8        0
DAYS MIN <= 32     16              15.3     0.7       11
DAYS MIN <= 0       0               0.1    -0.1        0

PRECIPITATION (INCHES)
RECORD
 MAXIMUM         4.73   2013
 MINIMUM         0.00   1935
TOTALS           0.18              1.25   -1.07     0.24
DAILY AVG.       0.01              0.04   -0.03     0.01
DAYS >= .01         4               6.6    -2.6        5
DAYS >= .10         1               2.9    -1.9        1
DAYS >= .50         0               0.7    -0.7        0
DAYS >= 1.00        0               0.2    -0.2        0
GREATEST
 24 HR. TOTAL    0.15   10/21 TO 10/21              0.17

SNOWFALL (INCHES)
RECORDS
 TOTAL           23.7   5
                        0

TOTALS              T               2.2    -2.2        T
SINCE 7/1           T               2.4    -2.4        T
SNOWDEPTH AVG.      0                MM      MM        0
DAYS >= 1.0         0               0.6    -0.6        0
GREATEST
 SNOW DEPTH         0   MM                             0  MM
 24 HR TOTAL        T   10/30 TO 10/30                 T

DEGREE_DAYS
HEATING TOTAL     558               626     -68
 SINCE 7/1        751               912    -161
COOLING TOTAL       0                 1      -1
 SINCE 1/1        615               520      95
.................................................................

WIND (MPH)
HIGHEST WIND SPEED/DIRECTION    37/340    DATE  10/26
HIGHEST GUST SPEED/DIRECTION    50/340    DATE  10/26

SKY COVER
POSSIBLE SUNSHINE (PERCENT)   MM
NUMBER OF DAYS FAIR           20
NUMBER OF DAYS PC              9
NUMBER OF DAYS CLOUDY          2


WEATHER CONDITIONS. NUMBER OF DAYS WITH
THUNDERSTORM              0     MIXED PRECIP               0
HEAVY RAIN                0     RAIN                       1
LIGHT RAIN                4     FREEZING RAIN              0
LT FREEZING RAIN          0     HAIL                       0
HEAVY SNOW                0     SNOW                       0
LIGHT SNOW                3     SLEET                      0
FOG                       5     FOG W/VIS <= 1/4 MILE      1
HAZE                      3

-  INDICATES NEGATIVE NUMBERS.
R  INDICATES RECORD WAS SET OR TIED.
MM INDICATES DATA IS MISSING.
T  INDICATES TRACE AMOUNT.

$$
