000
CXUS56 KSEW 011044
CLMBLI


CLIMATE REPORT
NATIONAL WEATHER SERVICE SEATTLE WA
244 AM PST WED MAR 1 2017

...................................

...THE BELLINGHAM WA AIRPORT CLIMATE SUMMARY FOR THE MONTH OF FEBRUARY 2017...

CLIMATE NORMAL PERIOD 1981 TO 2010
CLIMATE RECORD PERIOD 1949 TO 2017

WEATHER         OBSERVED          NORMAL  DEPART  LAST YEAR`S
                 VALUE   DATE(S)  VALUE   FROM    VALUE  DATE(S)
                                          NORMAL
................................................................
TEMPERATURE (F)
RECORD
 HIGH              68   02/27/1986
 LOW                5   02/02/1989
                        02/03/1950
                        02/02/1950
HIGHEST            61   02/15        MM      MM       61  02/09
LOWEST             22   02/08        MM      MM       30  02/23
                        02/07
AVG. MAXIMUM     44.9              48.3    -3.4     52.9
AVG. MINIMUM     31.4              33.2    -1.8     39.1
MEAN             38.2              40.8    -2.6     46.0
DAYS MAX >= 90      0               0.0     0.0        0
DAYS MAX <= 32      3               0.4     2.6        0
DAYS MIN <= 32     18              12.1     5.9        4
DAYS MIN <= 0       0               0.0     0.0        0

PRECIPITATION (INCHES)
RECORD
 MAXIMUM         8.65   1982
 MINIMUM         0.49   1993
TOTALS           4.33              3.02    1.31     5.56
DAILY AVG.       0.15              0.11    0.04     0.19
DAYS >= .01        21              15.1     5.9       21
DAYS >= .10        14               8.3     5.7       13
DAYS >= .50         2               1.2     0.8        4
DAYS >= 1.00        0               0.4    -0.4        1
GREATEST
 24 HR. TOTAL    0.78   02/08 TO 02/09

DEGREE_DAYS
HEATING TOTAL     744               679      65      546
COOLING TOTAL       0                 0       0        0
 SINCE 1/1          0                 0       0        0
.................................................................

WIND (MPH)
AVERAGE WIND SPEED              8.5
HIGHEST WIND SPEED/DIRECTION    36/150    DATE  02/10
HIGHEST GUST SPEED/DIRECTION    50/140    DATE  02/10

SKY COVER
POSSIBLE SUNSHINE (PERCENT)   MM
AVERAGE SKY COVER           0.60
NUMBER OF DAYS FAIR            5
NUMBER OF DAYS PC              9
NUMBER OF DAYS CLOUDY         14

AVERAGE RH (PERCENT)     76

WEATHER CONDITIONS. NUMBER OF DAYS WITH
THUNDERSTORM              0     MIXED PRECIP               0
HEAVY RAIN                0     RAIN                       5
LIGHT RAIN               16     FREEZING RAIN              2
LT FREEZING RAIN          3     HAIL                       0
HEAVY SNOW                1     SNOW                       4
LIGHT SNOW                9     SLEET                      0
FOG                      25     FOG W/VIS <= 1/4 MILE      3
HAZE                      1

-  INDICATES NEGATIVE NUMBERS.
R  INDICATES RECORD WAS SET OR TIED.
MM INDICATES DATA IS MISSING.
T  INDICATES TRACE AMOUNT.

$$
