000
CXUS53 KIND 012118
CLMBMG


CLIMATE REPORT
NATIONAL WEATHER SERVICE INDIANAPOLIS IN
418 PM EST MON JAN 1 2018

...................................

...THE BLOOMINGTON IN CLIMATE SUMMARY FOR THE MONTH OF DECEMBER 2017...

CLIMATE NORMAL PERIOD 1981 TO 2010
CLIMATE RECORD PERIOD 9999 TO 9999

WEATHER         OBSERVED          NORMAL  DEPART  LAST YEAR`S
                 VALUE   DATE(S)  VALUE   FROM    VALUE  DATE(S)
                                          NORMAL
................................................................
TEMPERATURE (F)
HIGHEST            65   12/04                         66  12/26
LOWEST             -2   12/27                          2  12/19
AVG. MAXIMUM     40.2              40.5    -0.3     38.8
AVG. MINIMUM     22.5              23.9    -1.4     24.5
MEAN             31.3              32.2    -0.9     31.7
DAYS MAX >= 90      0               0.0     0.0        0
DAYS MAX <= 32      9               7.3     1.7        8
DAYS MIN <= 32     25              24.0     1.0       22
DAYS MIN <= 0       2               1.1     0.9        0

PRECIPITATION (INCHES)
TOTALS           1.19              3.54   -2.35     2.48
DAILY AVG.       0.04              0.11   -0.07     0.08
DAYS >= .01         7                MM      MM       12
DAYS >= .10         2                MM      MM        7
DAYS >= .50         1                MM      MM        2
DAYS >= 1.00        0                MM      MM        0
GREATEST
 24 HR. TOTAL    0.62   12/23 TO 12/23

DEGREE_DAYS
HEATING TOTAL    1036              1017      19     1026
 SINCE 7/1       1953              2073    -120     1709
COOLING TOTAL       0                 0       0        0
 SINCE 1/1       1088               927     161     1322
.................................................................

WIND (MPH)
AVERAGE WIND SPEED              7.3
HIGHEST WIND SPEED/DIRECTION    29/280    DATE  12/13
HIGHEST GUST SPEED/DIRECTION    43/300    DATE  12/13

SKY COVER
POSSIBLE SUNSHINE (PERCENT)   MM
AVERAGE SKY COVER           0.50
NUMBER OF DAYS FAIR           12
NUMBER OF DAYS PC             10
NUMBER OF DAYS CLOUDY          8

AVERAGE RH (PERCENT)     66

WEATHER CONDITIONS. NUMBER OF DAYS WITH
THUNDERSTORM              0     MIXED PRECIP               0
HEAVY RAIN                0     RAIN                       2
LIGHT RAIN                6     FREEZING RAIN              0
LT FREEZING RAIN          0     HAIL                       0
HEAVY SNOW                1     SNOW                       3
LIGHT SNOW                7     SLEET                      0
FOG                      12     FOG W/VIS <= 1/4 MILE      3
HAZE                     10

-  INDICATES NEGATIVE NUMBERS.
R  INDICATES RECORD WAS SET OR TIED.
MM INDICATES DATA IS MISSING.
T  INDICATES TRACE AMOUNT.

$$
