000
CXUS56 KBOI 011742
CLMBNO


CLIMATE REPORT
NATIONAL WEATHER SERVICE BOISE ID
1142 AM MDT FRI SEP 1 2017

...................................

...THE BURNS OR CLIMATE SUMMARY FOR THE MONTH OF AUGUST 2017...

CLIMATE NORMAL PERIOD 1981 TO 2010
CLIMATE RECORD PERIOD 1938 TO 2017

WEATHER         OBSERVED          NORMAL  DEPART
                 VALUE   DATE(S)  VALUE   FROM
                                          NORMAL
................................................
TEMPERATURE (F)
HIGHEST            96   08/27        MM      MM
                        08/04
LOWEST             38   08/20        MM      MM
                        08/18
AVG. MAXIMUM     88.7              84.8     3.9
AVG. MINIMUM     47.7              44.9     2.8
MEAN             67.9              64.8     3.1
DAYS MAX >= 90     12
DAYS MAX <= 32      0
DAYS MIN <= 32      0
DAYS MIN <= 0       0

PRECIPITATION (INCHES)
RECORD
 MAXIMUM         1.73   1968
TOTALS           0.05              0.36   -0.31
DAYS >= .01         2
DAYS >= .10         0
DAYS >= .50         0
DAYS >= 1.00        0
GREATEST
 24 HR. TOTAL    0.03   08/13 TO 08/13

DEGREE_DAYS
HEATING TOTAL      15                79     -64
 SINCE 7/1         15               137    -122
COOLING TOTAL     104                74      30
 SINCE 1/1        293               206      87
.................................................

WIND (MPH)
AVERAGE WIND SPEED              6.5
RESULTANT WIND SPEED/DIRECTION   3/258
HIGHEST WIND SPEED/DIRECTION    30/120    DATE  08/28
HIGHEST GUST SPEED/DIRECTION    42/150    DATE  08/28

AVERAGE RH (PERCENT)     37


-  INDICATES NEGATIVE NUMBERS.
R  INDICATES RECORD WAS SET OR TIED.
MM INDICATES DATA IS MISSING.
T  INDICATES TRACE AMOUNT.

$$
