000
CXUS55 KBOI 091551 CCA
CLMBOI

CLIMATE REPORT...CORRECTED
NATIONAL WEATHER SERVICE BOISE ID
950 AM MDT MON AUG 9 2016

ALTHOUGH JULY`S AVERAGE TEMPERATURE AND TOTAL PRECIPITATION WERE
CLOSE TO NORMAL AT THE AIRPORT, IT WAS AN UNUSUAL MONTH.

THE AVERAGE TEMPERATURE OF 75.4 WAS THE LOWEST JULY AVERAGE SINCE
2001. THE LOW OF 47 ON THE 11TH WAS THE COOLEST JULY TEMPERATURE
SINCE 2000, AND THE HIGH OF 69 ON THE 10TH WAS THE COOLEST JULY
DAILY HIGH SINCE 2001. THE 101 ON THE 27TH, THE HOTTEST DAY OF THE
MONTH, WAS THE LOWEST JULY MONTHLY MAXIMUM SINCE 1997.

BUT THERE WERE NO RECORD DAILY HIGHS OR LOWS.

A NEW DAILY PRECIPITATION RECORD WAS SET ON JULY 10TH, WHEN .27 INCH
OF RAIN WAS RECORDED AT THE AIRPORT. EVEN HEAVIER AMOUNTS WERE
MEASURED ELSWHERE IN THE BOISE AREA, INCLUDING .76 INCH IN EAGLE AND
.61 INCH IN MERIDIAN.

THE WEATHER SYSTEM RESPONSIBLE FOR JULY`S ONLY RAINY DAY WAS A COLD
UPPER LEVEL LOW PRESSURE SYSTEM WHICH FORMED OVER THE BERING SEA ON
THE 5TH AND REACHED THE NORTHWEST COAST ON THE 8TH, STEERED BY THE
FLOW AROUND AN UPPER LEVEL HIGH PRESSURE AREA BETWEEN ALASKA AND
HAWAII.

BOISE WAS JUST FAR ENOUGH NORTH TO BENEFIT FROM THE STORM, WHICH
EXTENDED UNUSUALLY FAR SOUTH FOR THIS TIME OF YEAR. RAINFALL AMOUNTS
DIMINISHED RAPIDLY SOUTH OF BOISE, AND NO RAIN AT ALL WAS MEASURED
SOUTH OF THE NEVADA BORDER.

FROM THE 21ST THROUGH THE END OF THE MONTH A VERY WARM UPPER LEVEL
HIGH PRESSURE RIDGE WAS THE DOMINANT FEATURE OVER THE INTERMOUNTAIN
WEST. TEMPERATURES AT BOISE REACHED TRIPLE DIGITS ON THE 21ST, 25TH,
27TH, 29TH AND 30TH

...................................

...THE BOISE ID CLIMATE SUMMARY FOR THE MONTH OF JULY 2016...

CLIMATE NORMAL PERIOD 1981 TO 2010
CLIMATE RECORD PERIOD 1875 TO 2016

WEATHER         OBSERVED          NORMAL  DEPART  LAST YEAR`S
                 VALUE   DATE(S)  VALUE   FROM    VALUE
                                          NORMAL
.............................................................
TEMPERATURE (F)
HIGHEST           101   07/27
LOWEST             47   07/11
AVG. MAXIMUM     90.6              91.2    -0.6
AVG. MINIMUM     60.2              60.4    -0.2
MEAN             75.4              75.8    -0.4
DAYS MAX >= 90     21
DAYS MAX <= 32      0
DAYS MIN <= 32      0
DAYS MIN <= 0       0

PRECIPITATION (INCHES)
RECORD
 MAXIMUM         2.01   1913
TOTALS           0.27              0.33   -0.06
DAYS >= .01         1
DAYS >= .10         1
DAYS >= .50         0
DAYS >= 1.00        0
GREATEST
 24 HR. TOTAL    0.28   07/09 TO 07/10
                        07/10 TO 07/10
                        07/10 TO 07/11

DEGREE_DAYS
HEATING TOTAL       8                 8       0        0
 SINCE 7/1          8                 8       0
COOLING TOTAL     339               342      -3      369
 SINCE 1/1        617               525      92
..............................................................

WIND (MPH)
AVERAGE WIND SPEED              7.0
RESULTANT WIND SPEED/DIRECTION   4/315
HIGHEST WIND SPEED/DIRECTION    35/270    DATE  07/10
HIGHEST GUST SPEED/DIRECTION    41/280    DATE  07/10

SKY COVER
POSSIBLE SUNSHINE (PERCENT)   MM

AVERAGE RH (PERCENT)     33


-  INDICATES NEGATIVE NUMBERS.
R  INDICATES RECORD WAS SET OR TIED.
MM INDICATES DATA IS MISSING.
T  INDICATES TRACE AMOUNT.

$$
