000
CXUS55 KRIW 011915
CLMBPI

CLIMATE REPORT
NATIONAL WEATHER SERVICE RIVERTON WY
1257 PM MDT SAT AUG 1 2015

...PRELIMINARY MONTHLY CLIMATE SUMMARY FOR THE MILEY MEMORIAL FIELD
IN BIG PINEY FOR THE MONTH OF JULY 2015...

...OFFICIAL CLIMATE DATA FOR THE MONTH OF JULY 2015 WILL BE
AVAILABLE APPROXIMATELY IN SEPTEMBER 2015 FROM THE NATIONAL CLIMATIC
DATA CENTER (HTTP://WWW.NCDC.NOAA.GOV/OL/CLIMATEDATA.HTML).
UNOFFICIAL ASOS DAILY SUMMARIES ARE AVAILABLE ON THE INTERNET AT
HTTP://WWW.WEATHER.GOV/CLIMATE/INDEX.PHP?WFO=RIW

...JULY WAS THE COLDEST AND THE WETTEST IN BIG PINEY...

THE AVERAGE TEMPERATURE FOR BIG PINEY IN JULY WAS 60.3
DEGREES...WHICH WAS 1.6 DEGREES BELOW NORMAL. THIS MAKES IT THE
COLDEST JULY ON RECORD. THE WARMEST READING OF THE MONTH WAS 91
DEGREES ON THE 4TH. A RECORD LOW HIGH OF 66 DEGREES OCCURRED ON THE
18TH...BREAKING THE PREVIOUS RECORD OF 72 SET IN 1989. ANOTHER
RECORD LOW HIGH OF 63 DEGREES OCCURRED ON THE 20TH...BREAKING THE
PREVIOUS RECORD OF 79 DEGREES LAST SET IN 2011. THE COLDEST READING
OF THE MONTH WAS 29 DEGREES ON THE 28TH...SETTING A NEW RECORD.
THIS BROKE THE PREVIOUS RECORD OF 35 DEGREES...SET IN 1980.

TOTAL PRECIPITATION FOR THE MONTH WAS 1.73 INCHES...WHICH WAS 244
PERCENT OF NORMAL. THIS MAKES IT THE WETTEST JULY ON RECORD. THE
WETTEST 24 HOUR PERIOD OF THE MONTH WAS THE 6TH...WHEN 0.90 OF AN
INCH OF PRECIPITATION FELL. THIS SET A NEW RECORD...BREAKING THE
PREVIOUS RECORD OF 0.13 SET IN 2013. 0.30 OF AN INCH OF
PRECIPITATION FELL ON THE 10TH...BREAKING THE PREVIOUS RECORD OF
0.23 SET IN 1987. 0.14 OF AN INCH OF PRECIPITATION FELL ON THE
15TH...BREAKING THE PREVIOUS RECORD OF 0.08 SET IN 1996. THE HIGHEST
WIND GUST WAS 55 MPH ON THE 27TH.

...THE BIG PINEY  WY CLIMATE SUMMARY FOR THE MONTH OF JULY 2015...

CLIMATE NORMAL PERIOD 1981 TO 2010
CLIMATE RECORD PERIOD 1976 TO 2015

WEATHER         OBSERVED          NORMAL  DEPART
                 VALUE   DATE(S)  VALUE   FROM
                                          NORMAL
................................................
TEMPERATURE (F)
RECORD
 HIGH              96   07/14/2002
                        07/13/1976
 LOW               23   07/20/1987
HIGHEST            91   07/04
LOWEST             29   07/28
AVG. MAXIMUM     76.8              80.6    -3.8
AVG. MINIMUM     43.7              43.3     0.4
MEAN             60.3              61.9    -1.6
DAYS MAX >= 90      1
DAYS MAX <= 32      0
DAYS MIN <= 32      2
DAYS MIN <= 0       0

PRECIPITATION (INCHES)
RECORD
 MAXIMUM         2.66   1982
 MINIMUM            T   1990
                        1988
TOTALS           1.73              0.71    1.02
DAILY AVG.       0.06
DAYS >= .01         8
DAYS >= .10         4
DAYS >= .50         1
DAYS >= 1.00        0
GREATEST
 24 HR. TOTAL    0.90   07/06 TO 07/06


DEGREE_DAYS
HEATING TOTAL     158               117      41
 SINCE 7/1        158               117      41
COOLING TOTAL      18                22      -4
 SINCE 1/1         42                24      18
.................................................

WIND (MPH)
AVERAGE WIND SPEED              7.2
HIGHEST WIND SPEED/DIRECTION    43/300    DATE  07/27
HIGHEST GUST SPEED/DIRECTION    55/290    DATE  07/27

SKY COVER
POSSIBLE SUNSHINE (PERCENT)   MM
AVERAGE SKY COVER           0.20
NUMBER OF DAYS FAIR           23
NUMBER OF DAYS PC              7
NUMBER OF DAYS CLOUDY          1

AVERAGE RH (PERCENT)     55

WEATHER CONDITIONS. NUMBER OF DAYS WITH
THUNDERSTORM              0     MIXED PRECIP               0
HEAVY RAIN                3     RAIN                       4
LIGHT RAIN               13     FREEZING RAIN              0
LT FREEZING RAIN          0     HAIL                       0
HEAVY SNOW                0     SNOW                       0
LIGHT SNOW                0     SLEET                      0
FOG                       6     FOG W/VIS <= 1/4 MILE      0
HAZE                      1

-  INDICATES NEGATIVE NUMBERS.
R  INDICATES RECORD WAS SET OR TIED.
MM INDICATES DATA IS MISSING.
T  INDICATES TRACE AMOUNT.


LOOKING AHEAD TO AUGUST 2015...THE AVERAGE HIGH TEMPERATURE ON THE
FIRST OF THE MONTH IS 82 DEGREES...AND THE AVERAGE LOW TEMPERATURE
IS 44 DEGREES. THE AVERAGE HIGH BY THE END OF THE MONTH IS 74
DEGREES...AND THE AVERAGE LOW TEMPERATURE IS 40 DEGREES. THE AVERAGE
MONTHLY PRECIPITATION IS 0.76 INCHES.

$$
