514
CXAK59 PAFG 020115
CLMBRW


CLIMATE REPORT
NATIONAL WEATHER SERVICE FAIRBANKS, AK
409 PM AKST THU DEC 1 2016

...................................

...THE BARROW AK CLIMATE SUMMARY FOR THE MONTH OF NOVEMBER 2016...

CLIMATE NORMAL PERIOD 1981 TO 2010
CLIMATE RECORD PERIOD 1920 TO 2016

WEATHER         OBSERVED          NORMAL  DEPART  LAST YEAR`S
                 VALUE   DATE(S)  VALUE   FROM    VALUE  DATE(S)
                                          NORMAL
................................................................
TEMPERATURE (F)
RECORD
 HIGH              39   11/11/1937
 LOW              -40   11/25/1948
HIGHEST            31   11/02        MM      MM       25  11/04
                        11/01                             11/03
LOWEST            -21   11/27        MM      MM      -27  11/19
AVG. MAXIMUM     19.8               6.2    13.6      8.0
AVG. MINIMUM      6.8              -4.8    11.6     -2.3
MEAN             13.3               0.7    12.6      2.9
DAYS MAX >= 90      0               0.0     0.0        0
DAYS MAX <= 32     30              29.7     0.3       30
DAYS MIN <= 32     30              30.0     0.0       30
DAYS MIN <= 0       8              19.2   -11.2       18

PRECIPITATION (INCHES)
RECORD
 MAXIMUM         1.15   1965
 MINIMUM            T   1989
                        1936
                        1935
TOTALS           0.43              0.21    0.22     0.25
DAILY AVG.       0.01              0.01    0.00     0.01
DAYS >= .01        10               7.1     2.9        8
DAYS >= .10         1               0.2     0.8        0
DAYS >= .50         0               0.0     0.0        0
DAYS >= 1.00        0               0.0     0.0        0
GREATEST
 24 HR. TOTAL    0.13   11/11 TO 11/12           11/24 TO 11/25
                                                          11/25 TO 11/25
                                                          11/25 TO 11/25

SNOWFALL (INCHES)
RECORDS
 TOTAL           20.1   2010
 24 HR TOTAL       MM
 SNOW DEPTH        18   11/22/2007
                        11/21/2007
TOTALS            6.2               5.7     0.5      1.8
SINCE 7/1        13.0              20.3    -7.3      3.5
SNOWDEPTH AVG.      4                 7      -3        3
DAYS >= TRACE      26              10.6    15.4       13
DAYS >= 1.0         2               1.8     0.2        0
GREATEST
 SNOW DEPTH         6   11/30                          4  11/30
                        11/29                             11/28
                        11/28                             11/27
 24 HR TOTAL      1.5   11/11 TO 11/11           11/25 TO 11/25
                                                          11/25 TO 11/25
                                                          11/25 TO 11/25

DEGREE_DAYS
HEATING TOTAL    1543              1929    -386     1858
 SINCE 7/1       4955              5952    -997     5061
COOLING TOTAL       0                 0       0        0
 SINCE 1/1          0                 0       0        0
......................................................

WIND (MPH)
AVERAGE WIND SPEED              10.7
HIGHEST WIND SPEED/DIRECTION    33/080    DATE  11/03
HIGHEST GUST SPEED/DIRECTION    39/070    DATE  11/03

SKY COVER
AVERAGE SKY COVER           0.80


WEATHER CONDITIONS. NUMBER OF DAYS WITH
THUNDERSTORM              0     MIXED PRECIP               0
HEAVY RAIN                0     RAIN                       0
LIGHT RAIN                0     FREEZING RAIN              0
LT FREEZING RAIN          2     HAIL                       0
HEAVY SNOW                1     SNOW                       3
LIGHT SNOW               27     SLEET                      0
FOG                      22     FOG W/VIS <= 1/4 MILE     10
HAZE                     24

-  INDICATES NEGATIVE NUMBERS.
R  INDICATES RECORD WAS SET OR TIED.
MM INDICATES DATA IS MISSING.
T  INDICATES TRACE AMOUNT.

$$
