000
CXUS54 KLIX 050552
CLMBTR

CLIMATE REPORT
NATIONAL WEATHER SERVICE NEW ORLEANS
754 PM CST WED JAN 4 2017

...................................

...THE BATON ROUGE  ASOS CLIMATE SUMMARY FOR THE MONTH OF DECEMBER 2016...

CLIMATE NORMAL PERIOD 1981 TO 2010
CLIMATE RECORD PERIOD 1894 TO 2017

WEATHER         OBSERVED          NORMAL  DEPART  LAST YEAR`S
                 VALUE   DATE(S)  VALUE   FROM    VALUE  DATE(S)
                                          NORMAL
................................................................
TEMPERATURE (F)
RECORD
 HIGH              88   12/08/1924
 LOW                8   12/23/1989
HIGHEST            82   12/27                         84  12/26
                        12/17
LOWEST             30   12/20                         33  12/19
                        12/10
AVG. MAXIMUM     67.7              64.1     3.6     71.5
AVG. MINIMUM     48.5              42.7     5.8     52.0
MEAN             58.1              53.4     4.7     61.7
DAYS MAX >= 90      0               0.0     0.0        0
DAYS MAX <= 32      0               0.1    -0.1        0
DAYS MIN <= 32      3               4.9    -1.9        0
DAYS MIN <= 0       0               0.0     0.0        0

PRECIPITATION (INCHES)
RECORD
 MAXIMUM
 MINIMUM
TOTALS           9.71              5.60    4.11     6.33
DAILY AVG.       0.31              0.18    0.13     0.20
DAYS >= .01        13               9.1     3.9       12
DAYS >= .10         7               6.7     0.3        8
DAYS >= .50         5               3.4     1.6        6
DAYS >= 1.00        3               1.8     1.2        1
GREATEST
 24 HR. TOTAL    3.20   12/31 TO 12/31           12/22 TO 12/23
                                                          12/31 TO 12/31
                                                          12/31 TO 12/31

SNOWFALL (INCHES)
RECORDS
 TOTAL
 24 HR TOTAL
 SNOW DEPTH
TOTALS            0.0               0.0     0.0      0.0
SINCE 7/1         0.0               0.0     0.0      0.0
SNOWDEPTH AVG.      0                                  0
DAYS >= TRACE       0               0.0     0.0        0
DAYS >= 1.0         0               0.0     0.0        0
GREATEST
 SNOW DEPTH         0                                  0
 24 HR TOTAL      0.0   12/31 TO 12/31           12/31 TO 12/31
                                                          12/31 TO 12/31
                                                          12/31 TO 12/31

DEGREE_DAYS
HEATING TOTAL     271               381    -110      179
 SINCE 7/1        384               616    -232      290
COOLING TOTAL      65                22      43       87
 SINCE 1/1       3186              2823     363     3211
..................................................

WIND (MPH)
AVERAGE WIND SPEED              7.4
HIGHEST WIND SPEED/DIRECTION    28/200    DATE  12/17
HIGHEST GUST SPEED/DIRECTION    37/210    DATE  12/17

SKY COVER
POSSIBLE SUNSHINE (PERCENT)
AVERAGE SKY COVER           0.70
NUMBER OF DAYS FAIR            7
NUMBER OF DAYS PC              7
NUMBER OF DAYS CLOUDY         17

AVERAGE RH (PERCENT)     74

WEATHER CONDITIONS. NUMBER OF DAYS WITH
THUNDERSTORM              0     MIXED PRECIP               0
HEAVY RAIN                7     RAIN                       7
LIGHT RAIN               14     FREEZING RAIN              0
LT FREEZING RAIN          0     HAIL                       0
HEAVY SNOW                0     SNOW                       0
LIGHT SNOW                0     SLEET                      0
FOG                      18     FOG W/VIS <= 1/4 MILE      2
HAZE                      1

-  INDICATES NEGATIVE NUMBERS.
R  INDICATES RECORD WAS SET OR TIED.
MM INDICATES DATA IS MISSING.
T  INDICATES TRACE AMOUNT.

$$
