000
CXUS51 KBTV 011348
CLMBTV


CLIMATE REPORT
NATIONAL WEATHER SERVICE BURLINGTON VT
846 AM EST THU FEB 1 2018

...................................

...THE BURLINGTON VT CLIMATE SUMMARY FOR THE MONTH OF JANUARY 2018...

CLIMATE NORMAL PERIOD 1981 TO 2010
CLIMATE RECORD PERIOD 1884 TO 2018

WEATHER         OBSERVED          NORMAL  DEPART  LAST YEAR`S
                 VALUE   DATE(S)  VALUE   FROM    VALUE  DATE(S)
                                          NORMAL
................................................................
TEMPERATURE (F)
RECORD
 HIGH              66   01/15/1995
 LOW              -30   01/15/1957
HIGHEST            61   01/12        25      36       54  01/12
LOWEST            -20   01/07         8     -28        3  01/09
AVG. MAXIMUM     28.3              27.2     1.1     35.9
AVG. MINIMUM     11.7              10.2     1.5     23.4
MEAN             20.0              18.7     1.3     29.7
DAYS MAX >= 90      0               0.0     0.0        0
DAYS MAX <= 32     20              19.5     0.5        9
DAYS MIN <= 32     29              29.0     0.0       22
DAYS MIN <= 0       7               8.0    -1.0        0

PRECIPITATION (INCHES)
RECORD
 MAXIMUM         5.15   1998
 MINIMUM         0.42   1989
TOTALS           2.54              2.06    0.48     2.00
DAILY AVG.       0.08              0.07    0.01     0.06
DAYS >= .01        12              14.5    -2.5       13
DAYS >= .10         5               5.1    -0.1        6
DAYS >= .50         2               1.1     0.9        1
DAYS >= 1.00        1               0.3     0.7        0
GREATEST
 24 HR. TOTAL    1.07   01/12 TO 01/12

SNOWFALL (INCHES)
RECORDS
 TOTAL           48.4   2010
TOTALS           15.2              21.1    -5.9      7.6
SINCE 7/1        41.7              44.4    -2.7     28.6
SNOWDEPTH AVG.      5                 5       0        1
DAYS >= 1.0         5               6.0    -1.0        2
GREATEST
 SNOW DEPTH        11   01/06
 24 HR TOTAL      4.9   01/13 TO 01/13

DEGREE_DAYS
HEATING TOTAL    1386              1435     -49     1089
 SINCE 7/1       3842              4194    -352     3402
COOLING TOTAL       0                 0       0        0
 SINCE 1/1          0                 0       0        0
.................................................................

WIND (MPH)
AVERAGE WIND SPEED              10.1
HIGHEST WIND SPEED/DIRECTION    32/320    DATE  01/04
HIGHEST GUST SPEED/DIRECTION    46/180    DATE  01/10

SKY COVER
POSSIBLE SUNSHINE (PERCENT)   MM
AVERAGE SKY COVER           0.70
NUMBER OF DAYS FAIR            3
NUMBER OF DAYS PC             12
NUMBER OF DAYS CLOUDY         16

AVERAGE RH (PERCENT)     68

WEATHER CONDITIONS. NUMBER OF DAYS WITH
  0
  2
  0
  0
  3
  1
  2
HAZE                      8

-  INDICATES NEGATIVE NUMBERS.
R  INDICATES RECORD WAS SET OR TIED.
MM INDICATES DATA IS MISSING.
T  INDICATES TRACE AMOUNT.

$$
