000
CXUS55 KABQ 011551
CLMCAO

ABQCLMCAO 000
TTAA00 KABQ 011541


CLIMATE REPORT
NATIONAL WEATHER SERVICE ALBUQUERQUE NM
950 AM MDT TUE SEP 1 2015

...................................

...THE CLAYTON  NM CLIMATE SUMMARY FOR THE MONTH OF AUGUST 2015...

CLIMATE NORMAL PERIOD 1981 TO 2010
CLIMATE RECORD PERIOD 1896 TO 2015

WEATHER         OBSERVED          NORMAL  DEPART  LAST YEAR`S
                 VALUE   DATE(S)  VALUE   FROM    VALUE  DATE(S)
                                          NORMAL
................................................................
TEMPERATURE (F)
RECORD
 HIGH             102   08/11/2012
                        08/20/2007
                        08/03/1944
 LOW               42   08/24/1928
                        08/23/1910
HIGHEST            97   08/06        MM      MM       95  08/20
                                                          08/18
LOWEST             53   08/23        MM      MM       53  08/29
AVG. MAXIMUM     87.1              86.2     0.9     89.0
AVG. MINIMUM     61.0              60.3     0.7     61.6
MEAN             74.0              73.3     0.7     75.3
DAYS MAX >= 90     12               9.5     2.5       16
DAYS MAX <= 32      0               0.0     0.0        0
DAYS MIN <= 32      0               0.0     0.0        0
DAYS MIN <= 0       0               0.0     0.0        0

PRECIPITATION (INCHES)
RECORD
 MAXIMUM           MM   MM
 MINIMUM           MM   MM
TOTALS           3.95              2.94    1.01     2.02
DAILY AVG.       0.13              0.09    0.04     0.07
DAYS >= .01        14               9.5     4.5        9
DAYS >= .10         5               5.8    -0.8        4
DAYS >= .50         2               1.9     0.1        1
DAYS >= 1.00        2               0.7     1.3        1
GREATEST
 24 HR. TOTAL    1.60   08/09 TO 08/10              1.15

SNOWFALL (INCHES)
RECORDS
 TOTAL             MM   MM
TOTALS            0.0               0.0     0.0      0.0
SINCE 7/1         0.0               0.0     0.0      0.0
SNOWDEPTH AVG.      0                MM      MM        0
DAYS >= 1.0         0               0.0     0.0        0
GREATEST
 SNOW DEPTH         0   MM                             0  MM
 24 HR TOTAL      0.0   08/31 TO 08/31               0.0

DEGREE_DAYS
HEATING TOTAL       5                 4       1        0
 SINCE 7/1          5                 6      -1        0
COOLING TOTAL     292               260      32      328
 SINCE 1/1        882               797      85     1004
.................................................................

WIND (MPH)
AVERAGE WIND SPEED              9.7
HIGHEST WIND SPEED/DIRECTION    51/010    DATE  08/09
HIGHEST GUST SPEED/DIRECTION    62/010    DATE  08/09

SKY COVER
AVERAGE SKY COVER           0.20

AVERAGE RH (PERCENT)     62

WEATHER CONDITIONS. NUMBER OF DAYS WITH
THUNDERSTORM              0     MIXED PRECIP               0
HEAVY RAIN                4     RAIN                       5
LIGHT RAIN               16     FREEZING RAIN              0
LT FREEZING RAIN          0     HAIL                       0
HEAVY SNOW                0     SNOW                       0
LIGHT SNOW                0     SLEET                      0
FOG                      12     FOG W/VIS <= 1/4 MILE      1
HAZE                      2

-  INDICATES NEGATIVE NUMBERS.
R  INDICATES RECORD WAS SET OR TIED.
MM INDICATES DATA IS MISSING.
T  INDICATES TRACE AMOUNT.

$$
