172
CXUS53 KDVN 011523
CLMCID


CLIMATE REPORT
NATIONAL WEATHER SERVICE QUAD CITIES IA IL
1010 AM CDT MON MAY 1 2017

...................................

...THE CEDAR RAPIDS IA CLIMATE SUMMARY FOR THE MONTH OF APRIL 2017...

CLIMATE NORMAL PERIOD 1981 TO 2010
CLIMATE RECORD PERIOD 1891 TO 2017

WEATHER         OBSERVED          NORMAL  DEPART
                 VALUE   DATE(S)  VALUE   FROM
                                          NORMAL
................................................
TEMPERATURE (F)
RECORD
 HIGH              95   04/22/1980
 LOW                1   04/06/1982
HIGHEST            80   04/15        66      14
LOWEST             26   04/07        32      -6
AVG. MAXIMUM     63.0              60.7     2.3
AVG. MINIMUM     41.8              37.7     4.1
MEAN             52.4              49.2     3.2
DAYS MAX >= 90      0
DAYS MAX <= 32      0
DAYS MIN <= 32      2
DAYS MIN <= 0       0

PRECIPITATION (INCHES)
TOTALS           4.30              3.05    1.25
DAILY AVG.       0.14              0.10    0.04
DAYS >= .01        16
DAYS >= .10        11
DAYS >= .50         3
DAYS >= 1.00        0
GREATEST
 24 HR. TOTAL    0.66   04/05

DEGREE_DAYS
HEATING TOTAL     379               481    -102
 SINCE 7/1       5511              6645   -1134
COOLING TOTAL       9                 7       2
 SINCE 1/1          9                 7       2
.................................................

WIND (MPH)
AVERAGE WIND SPEED              11.5
HIGHEST WIND SPEED/DIRECTION    45/220    DATE  04/10
HIGHEST GUST SPEED/DIRECTION    59/220    DATE  04/10

SKY COVER
POSSIBLE SUNSHINE (PERCENT)   MM
AVERAGE SKY COVER           0.50
NUMBER OF DAYS FAIR           13
NUMBER OF DAYS PC              6
NUMBER OF DAYS CLOUDY         11

AVERAGE RH (PERCENT)     73

WEATHER CONDITIONS. NUMBER OF DAYS WITH
THUNDERSTORM              5     HAIL                       1
SLEET                     0     FOG                       16
FOG W/VIS <= 1/4 MILE     0     HAZE                       3

-  INDICATES NEGATIVE NUMBERS.
R  INDICATES RECORD WAS SET OR TIED.
MM INDICATES DATA IS MISSING.
T  INDICATES TRACE AMOUNT.

$$
