000
CXUS53 KDVN 032034 CCA
CLMCID

CLIMATE REPORT...RESEND
NATIONAL WEATHER SERVICE QUAD CITIES IA IL
429 AM CST SUN MAR 1 2015

...................................

...THE CEDAR RAPIDS IA CLIMATE SUMMARY FOR THE MONTH OF FEBRUARY 2015...

CLIMATE NORMAL PERIOD 1981 TO 2010
CLIMATE RECORD PERIOD 1891 TO 2015

WEATHER         OBSERVED          NORMAL  DEPART
                 VALUE   DATE(S)  VALUE   FROM
                                          NORMAL
................................................
TEMPERATURE (F)
RECORD
 HIGH              73   02/15/1921
 LOW              -27   02/14/1905
HIGHEST            42   02/07        39       3
LOWEST            -20   02/27        12     -32
AVG. MAXIMUM     21.9              33.3   -11.4
AVG. MINIMUM      2.1              15.6   -13.5
MEAN             12.0              24.4   -12.4
DAYS MAX >= 90      0
DAYS MAX <= 32     24
DAYS MIN <= 32     28
DAYS MIN <= 0      10

PRECIPITATION (INCHES)
TOTALS           0.48              1.22   -0.74
DAILY AVG.       0.02              0.04   -0.02
DAYS >= .01         2
DAYS >= .10         2
DAYS >= .50         0
DAYS >= 1.00        0
GREATEST
 24 HR. TOTAL    0.59   01/31 TO 02/01

DEGREE_DAYS
HEATING TOTAL    1477              1135     342
 SINCE 7/1       5527              5283     244
COOLING TOTAL       0                 0       0
 SINCE 1/1          0                 0       0
.................................................

WIND (MPH)
AVERAGE WIND SPEED              11.2
HIGHEST WIND SPEED/DIRECTION    39/340    DATE  02/14
HIGHEST GUST SPEED/DIRECTION    49/340    DATE  02/14

SKY COVER
POSSIBLE SUNSHINE (PERCENT)   MM
AVERAGE SKY COVER           0.40
NUMBER OF DAYS FAIR           14
NUMBER OF DAYS PC              8
NUMBER OF DAYS CLOUDY          6

AVERAGE RH (PERCENT)     77

WEATHER CONDITIONS. NUMBER OF DAYS WITH
THUNDERSTORM              0     HAIL                       0
SLEET                     0     FOG                       16
FOG W/VIS <= 1/4 MILE     2     HAZE                      12

-  INDICATES NEGATIVE NUMBERS.
R  INDICATES RECORD WAS SET OR TIED.
MM INDICATES DATA IS MISSING.
T  INDICATES TRACE AMOUNT.

$$

===================================================================

NOTE: SUPPLEMENTAL CLIMATE DATA WAS USED FROM A NEARBY
CLIMATOLOGICALLY REPRESENTATIVE STATION.

===================================================================

PARAMETER   DATE
---------   ----
   WTR      02/25
