563
CXUS53 KDVN 011507
CLMCID


CLIMATE REPORT
NATIONAL WEATHER SERVICE QUAD CITIES IA IL
1000 AM CDT WED NOV 1 2017

...................................

...THE CEDAR RAPIDS IA CLIMATE SUMMARY FOR THE MONTH OF OCTOBER 2017...

CLIMATE NORMAL PERIOD 1981 TO 2010
CLIMATE RECORD PERIOD 1891 TO 2017

WEATHER         OBSERVED          NORMAL  DEPART
                 VALUE   DATE(S)  VALUE   FROM
                                          NORMAL
................................................
TEMPERATURE (F)
RECORD
 HIGH              94   10/03/1997
 LOW               -2   10/30/1925
HIGHEST            85   10/02        68      17
LOWEST             21   10/29        35     -14
                        10/28
AVG. MAXIMUM     63.8              61.8     2.0
AVG. MINIMUM     44.5              39.5     5.0
MEAN             54.2              50.6     3.6
DAYS MAX >= 90      0
DAYS MAX <= 32      0
DAYS MIN <= 32      5
DAYS MIN <= 0       0

PRECIPITATION (INCHES)
TOTALS           3.90              2.62    1.28
DAILY AVG.       0.13              0.08    0.05
DAYS >= .01        14
DAYS >= .10         8
DAYS >= .50         3
DAYS >= 1.00        1
GREATEST
 24 HR. TOTAL    1.29   10/10 TO 10/11

DEGREE_DAYS
HEATING TOTAL     345               453    -108
 SINCE 7/1        420               610    -190
COOLING TOTAL      18                 8      10
 SINCE 1/1        747               748      -1
.................................................

WIND (MPH)
AVERAGE WIND SPEED              11.1
HIGHEST WIND SPEED/DIRECTION    35/310    DATE  10/26
HIGHEST GUST SPEED/DIRECTION    46/320    DATE  10/26

SKY COVER
POSSIBLE SUNSHINE (PERCENT)   MM
AVERAGE SKY COVER           0.50
NUMBER OF DAYS FAIR           12
NUMBER OF DAYS PC              9
NUMBER OF DAYS CLOUDY         10

AVERAGE RH (PERCENT)     72

WEATHER CONDITIONS. NUMBER OF DAYS WITH
THUNDERSTORM              6     HAIL                       0
SLEET                     0     FOG                       15
FOG W/VIS <= 1/4 MILE     2     HAZE                       2

-  INDICATES NEGATIVE NUMBERS.
R  INDICATES RECORD WAS SET OR TIED.
MM INDICATES DATA IS MISSING.
T  INDICATES TRACE AMOUNT.

$$
