000
CXUS51 KILN 011345
CLMCMH


CLIMATE REPORT
NATIONAL WEATHER SERVICE WILMINGTON OH
845 AM EST SUN JAN 1 2017

...................................

...THE COLUMBUS CLIMATE SUMMARY FOR THE MONTH OF DECEMBER 2016...

CLIMATE NORMAL PERIOD 1981 TO 2010
CLIMATE RECORD PERIOD 1869 TO 2016

WEATHER         OBSERVED          NORMAL  DEPART  LAST YEAR`S
                 VALUE   DATE(S)  VALUE   FROM    VALUE  DATE(S)
                                          NORMAL
................................................................
TEMPERATURE (F)
RECORD
 HIGH              76   12/03/1982
 LOW              -17   12/22/1989
HIGHEST            69   12/26        40      29       68  12/12
LOWEST              4   12/16        25     -21       21  12/20
                        12/15
AVG. MAXIMUM     38.7              40.1    -1.4     52.5
AVG. MINIMUM     26.2              26.8    -0.6     36.9
MEAN             32.4              33.5    -1.1     44.7
DAYS MAX >= 90      0               0.0     0.0        0
DAYS MAX <= 32      7               7.3    -0.3        0
DAYS MIN <= 32     21              21.2    -0.2       11
DAYS MIN <= 0       0               0.5    -0.5        0

PRECIPITATION (INCHES)
TOTALS           3.09              2.97    0.12     4.88
DAILY AVG.       0.10              0.10    0.00     0.16
DAYS >= .01        13              13.2    -0.2       10
DAYS >= .10         9               6.5     2.5        9
DAYS >= .50         1               1.7    -0.7        4
DAYS >= 1.00        1               0.4     0.6        1
GREATEST
 24 HR. TOTAL    1.08   12/17 TO 12/18           12/26 TO 12/27
                                                          12/31 TO 12/31
                                                          12/31 TO 12/31
 STORM TOTAL       MM                                 MM
 (MM/DD(HH))            MM                    12/27(00) TO 12/27(00)
                                                 12/31(00) TO 12/31(00)1
                                                 12/31(00) TO 12/31(00)1

SNOWFALL (INCHES)
TOTALS            5.4               5.0     0.4        T
SINCE 7/1         5.4               6.1    -0.7        T
DAYS >= TRACE      11               6.5     4.5        3
DAYS >= 1.0         2               1.7     0.3        0
GREATEST
 24 HR TOTAL      3.2   12/13 TO 12/13           12/31 TO 12/31
                                                          12/31 TO 12/31
                                                          12/31 TO 12/31
 STORM TOTAL       MM                                 MM
 (MM/DD(HH))            MM                    12/31(00) TO 12/31(00)
                                                 12/31(00) TO 12/31(00)1
                                                 12/31(00) TO 12/31(00)1

DEGREE_DAYS
HEATING TOTAL    1001               977      24      624
 SINCE 7/1       1767              1991    -224     1429
COOLING TOTAL       0                 0       0        0
 SINCE 1/1       1327              1024     303     1028
..................................................

WIND (MPH)
AVERAGE WIND SPEED              9.2
RESULTANT WIND SPEED/DIRECTION   4/251
HIGHEST WIND SPEED/DIRECTION    35/260    DATE  12/29
HIGHEST GUST SPEED/DIRECTION    45/260    DATE  12/29

SKY COVER
AVERAGE SKY COVER           0.80

AVERAGE RH (PERCENT)     76

WEATHER CONDITIONS. NUMBER OF DAYS WITH
THUNDERSTORM              0     MIXED PRECIP               0
HEAVY RAIN                2     RAIN                       6
LIGHT RAIN               14     FREEZING RAIN              0
LT FREEZING RAIN          3     HAIL                       0
HEAVY SNOW                1     SNOW                       2
LIGHT SNOW               12     SLEET                      0
FOG                      21     FOG W/VIS <= 1/4 MILE      2
HAZE                      8

-  INDICATES NEGATIVE NUMBERS.
R  INDICATES RECORD WAS SET OR TIED.
MM INDICATES DATA IS MISSING.
T  INDICATES TRACE AMOUNT.

$$
