000
CXUS51 KILN 011554
CLMCMH


CLIMATE REPORT
NATIONAL WEATHER SERVICE WILMINGTON OH
1153 AM EDT MON MAY 1 2017

...................................

...THE COLUMBUS CLIMATE SUMMARY FOR THE MONTH OF APRIL 2017...

CLIMATE NORMAL PERIOD 1981 TO 2010
CLIMATE RECORD PERIOD 1869 TO 2017

WEATHER         OBSERVED          NORMAL  DEPART  LAST YEAR`S
                 VALUE   DATE(S)  VALUE   FROM    VALUE  DATE(S)
                                          NORMAL
................................................................
TEMPERATURE (F)
RECORD
 HIGH              90   04/25/1915
 LOW               14   04/07/1982
HIGHEST            85   04/30        63      22       81  04/18
                        04/26
LOWEST             32   04/08        41      -9       23  04/05
AVG. MAXIMUM     71.1              63.5     7.6     62.5
AVG. MINIMUM     48.3              42.6     5.7     40.4
MEAN             59.7              53.1     6.6     51.4
DAYS MAX >= 90      0               0.0     0.0        0
DAYS MAX <= 32      0               0.0     0.0        0
DAYS MIN <= 32      1               3.8    -2.8        8
DAYS MIN <= 0       0               0.0     0.0        0

PRECIPITATION (INCHES)
TOTALS           2.59              3.40   -0.81     2.31
DAILY AVG.       0.09              0.11   -0.02     0.08
DAYS >= .01        13              13.7    -0.7       14
DAYS >= .10         6               7.3    -1.3        6
DAYS >= .50         2               2.2    -0.2        1
DAYS >= 1.00        0               0.5    -0.5        1
GREATEST
 24 HR. TOTAL    0.80   04/29 TO 04/29           04/10 TO 04/11
                                                          04/09 TO 04/09
                                                          04/09 TO 04/09
 STORM TOTAL       MM                                 MM
 (MM/DD(HH))            MM                    04/11(00) TO 04/11(00)
                                                 04/09(00) TO 04/09(00)9
                                                 04/09(00) TO 04/09(00)9

SNOWFALL (INCHES)
TOTALS              T               1.1    -1.1      0.3
SINCE 7/1         9.3              26.7   -17.4     17.1
DAYS >= TRACE       2               1.2     0.8        6
DAYS >= 1.0         0               0.2    -0.2        0
GREATEST
 24 HR TOTAL        T   04/07 TO 04/07           04/09 TO 04/09
                                                          04/09 TO 04/09
                                                          04/09 TO 04/09
 STORM TOTAL       MM                                 MM
 (MM/DD(HH))            MM                    04/09(00) TO 04/09(00)
                                                 04/09(00) TO 04/09(00)9
                                                 04/09(00) TO 04/09(00)9

DEGREE_DAYS
HEATING TOTAL     194               371    -177      400
 SINCE 7/1       4136              5082    -946     4345
COOLING TOTAL      42                12      30        1
 SINCE 1/1         48                12      36        1
..........................................................

WIND (MPH)
AVERAGE WIND SPEED              9.7
RESULTANT WIND SPEED/DIRECTION   2/184
HIGHEST WIND SPEED/DIRECTION    39/300    DATE  04/05
HIGHEST GUST SPEED/DIRECTION    48/300    DATE  04/05

SKY COVER
AVERAGE SKY COVER           0.70

AVERAGE RH (PERCENT)     64

WEATHER CONDITIONS. NUMBER OF DAYS WITH
THUNDERSTORM              0     MIXED PRECIP               1
HEAVY RAIN                3     RAIN                       4
LIGHT RAIN               19     FREEZING RAIN              0
LT FREEZING RAIN          0     HAIL                       0
HEAVY SNOW                0     SNOW                       0
LIGHT SNOW                2     SLEET                      0
FOG                       9     FOG W/VIS <= 1/4 MILE      0
HAZE                      3

-  INDICATES NEGATIVE NUMBERS.
R  INDICATES RECORD WAS SET OR TIED.
MM INDICATES DATA IS MISSING.
T  INDICATES TRACE AMOUNT.

$$
