000
CXUS55 KPUB 021619
CLMCOS


CLIMATE REPORT
NATIONAL WEATHER SERVICE PUEBLO
917 AM MST TUE FEB 2 2016

...................................

...THE COLORADO SPRINGS CO CLIMATE SUMMARY FOR THE MONTH OF JANUARY 2016...

CLIMATE NORMAL PERIOD 1981 TO 2010
CLIMATE RECORD PERIOD 1872 TO 2016

WEATHER         OBSERVED          NORMAL  DEPART  LAST YEAR`S
                 VALUE   DATE(S)  VALUE   FROM    VALUE  DATE(S)
                                          NORMAL
................................................................
TEMPERATURE (F)
RECORD
 HIGH              73   01/02/1997
 LOW              -26   01/31/1951
                        01/06/1913
HIGHEST            68   01/30        43      25       67  01/27
LOWEST              2   01/01        14     -12        2  01/22
                                                          01/01
AVG. MAXIMUM     45.6              43.2     2.4     44.9
AVG. MINIMUM     19.7              17.7     2.0     20.7
MEAN             32.7              30.5     2.2     32.8
DAYS MAX >= 90      0               0.0     0.0
DAYS MAX <= 32      3               5.7    -2.7
DAYS MIN <= 32     31              29.7     1.3
DAYS MIN <= 0       0               1.4    -1.4

PRECIPITATION (INCHES)
RECORD
 MAXIMUM         1.17   1987
 MINIMUM         0.00   1928
                        1923
TOTALS           0.54              0.32    0.22     0.87
DAILY AVG.       0.02              0.01    0.01
DAYS >= .01         5               3.9     1.1
DAYS >= .10         2               1.1     0.9
DAYS >= .50         0               0.0     0.0
DAYS >= 1.00        0               0.0     0.0
GREATEST
 24 HR. TOTAL    0.29   01/31 TO 01/31              0.46
                        01/31 TO 01/31

SNOWFALL (INCHES)
RECORDS
 TOTAL           28.7   1987
TOTALS            6.0               5.6     0.4     13.5
SINCE 7/1        16.1              19.1    -3.0     24.3
SNOWDEPTH AVG.      0
DAYS >= 1.0         3               1.9     1.1
GREATEST
 SNOW DEPTH         2   01/31                          7
                        01/09
                        01/08
 24 HR TOTAL      2.9   01/31 TO 01/31               6.5

DEGREE_DAYS
HEATING TOTAL     993              1071     -78      989
 SINCE 7/1       3097              3643    -546     3344
COOLING TOTAL       0                 0       0        0
 SINCE 1/1          0                 0       0        0
.................................................................

WIND (MPH)
AVERAGE WIND SPEED              7.4
HIGHEST WIND SPEED/DIRECTION    33/290    DATE  01/14
HIGHEST GUST SPEED/DIRECTION    41/290    DATE  01/14

SKY COVER
POSSIBLE SUNSHINE (PERCENT)   MM
AVERAGE SKY COVER           0.50
NUMBER OF DAYS FAIR            9
NUMBER OF DAYS PC             16
NUMBER OF DAYS CLOUDY          6

AVERAGE RH (PERCENT)     50

WEATHER CONDITIONS. NUMBER OF DAYS WITH
THUNDERSTORM              0     MIXED PRECIP               1
HEAVY RAIN                0     RAIN                       0
LIGHT RAIN                1     FREEZING RAIN              0
LT FREEZING RAIN          0     HAIL                       0
HEAVY SNOW                0     SNOW                       3
LIGHT SNOW               10     SLEET                      0
FOG                       9     FOG W/VIS <= 1/4 MILE      4
HAZE                      4

-  INDICATES NEGATIVE NUMBERS.
R  INDICATES RECORD WAS SET OR TIED.
MM INDICATES DATA IS MISSING.
T  INDICATES TRACE AMOUNT.

$$
