000
CXUS46 KLOX 200022
CLMCQT


CLIMATE REPORT
NATIONAL WEATHER SERVICE LOS ANGELES/OXNARD CA
522 PM PDT MON SEP 19 2016

...................................

...THE DOWNTOWN LOS ANGELES (USC) CA CLIMATE SUMMARY FOR THE SEASON, FROM
6/1/2016 TO 8/31/2016...

CLIMATE NORMAL PERIOD 1981 TO 2010
CLIMATE RECORD PERIOD 1877 TO 2016

WEATHER         OBSERVED          NORMAL  DEPART  LAST YEAR`S
                 VALUE   DATE(S)  VALUE   FROM    VALUE
                                          NORMAL
.............................................................
TEMPERATURE (F)
HIGHEST           101   06/20        MM      MM
LOWEST             58   06/06        MM      MM
                        06/05
AVG. MAXIMUM     82.3              81.9     0.4
AVG. MINIMUM     64.3              62.7     1.6
MEAN             73.3              72.3     1.0
DAYS MAX >= 90      8
DAYS MAX <= 32      0
DAYS MIN <= 32      0
DAYS MIN <= 0       0

PRECIPITATION (INCHES)
RECORD
 MAXIMUM         0.01   2011
 MINIMUM         0.01   2011
TOTALS           0.00R             0.14   -0.14
DAILY AVG.       0.00
DAYS >= .01         0
DAYS >= .10         0
DAYS >= .50         0
DAYS >= 1.00        0
GREATEST
 24 HR. TOTAL    0.00   MM

DEGREE_DAYS
HEATING TOTAL       0                 8      -8       MM
 SINCE 7/1          0                 0       0       MM
COOLING TOTAL     788               680     108       MM
 SINCE 1/1        995               834     161       MM
..............................................................

WIND (MPH)
AVERAGE WIND SPEED              10754.5
HIGHEST WIND SPEED/DIRECTION    12/280    DATE  08/28
HIGHEST GUST SPEED/DIRECTION    19/270    DATE  07/07

SKY COVER
POSSIBLE SUNSHINE (PERCENT)   MM
AVERAGE SKY COVER           0.30
NUMBER OF DAYS FAIR           58
NUMBER OF DAYS PC             30
NUMBER OF DAYS CLOUDY          4

AVERAGE RH (PERCENT)     67

WEATHER CONDITIONS. NUMBER OF DAYS WITH
THUNDERSTORM              0     MIXED PRECIP               0
HEAVY RAIN                0     RAIN                       0
LIGHT RAIN                0     FREEZING RAIN              0
LT FREEZING RAIN          0     HAIL                       0
HEAVY SNOW                0     SNOW                       0
LIGHT SNOW                0     SLEET                      0
FOG                      37     FOG W/VIS <= 1/4 MILE      2
HAZE                     59

-  INDICATES NEGATIVE NUMBERS.
R  INDICATES RECORD WAS SET OR TIED.
MM INDICATES DATA IS MISSING.
T  INDICATES TRACE AMOUNT.

$$
