000
CXUS54 KCRP 011738
CLMCRP

CLIMATE REPORT
NATIONAL WEATHER SERVICE CORPUS CHRISTI TX
1115 AM CST MON JAN 1 2018

...................................

...THE CORPUS CHRISTI CLIMATE SUMMARY FOR THE MONTH OF DECEMBER
2017...

CLIMATE NORMAL PERIOD 1981 TO 2010
CLIMATE RECORD PERIOD 1887 TO 2017

WEATHER         OBSERVED          NORMAL  DEPART  LAST YEAR`S
                 VALUE   DATE(S)  VALUE   FROM    VALUE  DATE(S)
                                          NORMAL
................................................................
TEMPERATURE (F)
RECORD
 HIGH              91   12/05/1977
 LOW               13   12/23/1989
HIGHEST            84   12/05        69      15       88  12/17
                        12/04
                        12/03
LOWEST             32   12/08        49     -17       32  12/19
AVG. MAXIMUM     65.7              68.4    -2.7     70.3
AVG. MINIMUM     47.5              48.6    -1.1     55.3
MEAN             56.6              58.5    -1.9     62.8
DAYS MAX >= 90      0               0.0     0.0        0
DAYS MAX <= 32      0               0.0     0.0        0
DAYS MIN <= 32      1               1.6    -0.6        1
DAYS MIN <= 0       0               0.0     0.0        0

PRECIPITATION (INCHES)
RECORD
 MAXIMUM         9.80   1991
 MINIMUM            T   1917
TOTALS           4.38              1.83    2.55     2.20
DAILY AVG.       0.14              0.06    0.08     0.07
DAYS >= .01        14               6.4     7.6       11
DAYS >= .10         7               2.8     4.2        4
DAYS >= .50         2               0.9     1.1        2
DAYS >= 1.00        2               0.4     1.6        1
GREATEST
 24 HR. TOTAL    2.09   12/05 TO 12/05              1.80

SNOWFALL (INCHES)
RECORDS
 TOTAL            4.4   2004
 24 HR TOTAL      2.3   12/24/2004 TO 12/24/2004
TOTALS            1.0               0.2     0.8      0.0
SINCE 7/1         1.0               0.2     0.8      0.0
SNOWDEPTH AVG.      0                MM      MM        0
DAYS >= 1.0         1               0.1     0.9        0
GREATEST
 SNOW DEPTH         1   12/08                          0
 24 HR TOTAL      1.0   12/08 TO 12/08               0.0

DEGREE_DAYS
HEATING TOTAL     289               250      39      149
 SINCE 7/1        353               351       2      167
COOLING TOTAL      38                49     -11       88
 SINCE 1/1       4025              3524     501     4270
.................................................................

WIND (MPH)
AVERAGE WIND SPEED              10.5
HIGHEST WIND SPEED/DIRECTION    33/340    DATE  12/22
HIGHEST GUST SPEED/DIRECTION    40/360    DATE  12/22

SKY COVER
AVERAGE SKY COVER      0.70

AVERAGE RH (PERCENT)     82

WEATHER CONDITIONS. NUMBER OF DAYS WITH
THUNDERSTORM              2     MIXED PRECIP               0
HEAVY RAIN                2     RAIN                       8
LIGHT RAIN               23     FREEZING RAIN              0
LT FREEZING RAIN          1     HAIL                       0
HEAVY SNOW                0     SNOW                       2
LIGHT SNOW                2     SLEET                      0
FOG                      20     FOG W/VIS <= 1/4 MILE      5
HAZE                      1

-  INDICATES NEGATIVE NUMBERS.
R  INDICATES RECORD WAS SET OR TIED.
MM INDICATES DATA IS MISSING.
T  INDICATES TRACE AMOUNT.

$$

KW
