295
CXUS52 KCAE 011949
CLMCUB


CLIMATE REPORT
NATIONAL WEATHER SERVICE COLUMBIA SC
240 PM EST MON FEB 1 2016

...................................

...THE HAMILTON - OWENS AIRPORT SC CLIMATE SUMMARY FOR THE MONTH OF JANUARY 2016...

CLIMATE NORMAL PERIOD 1981 TO 2010
CLIMATE RECORD PERIOD 9999 TO 9999

WEATHER         OBSERVED          NORMAL  DEPART
                 VALUE   DATE(S)  VALUE   FROM
                                          NORMAL
................................................
TEMPERATURE (F)
HIGHEST            69   01/31        MM      MM
LOWEST             22   01/19        MM      MM
AVG. MAXIMUM     54.6              56.0    -1.4
AVG. MINIMUM     35.2              35.9    -0.7
MEAN             44.9              45.9    -1.0
DAYS MAX >= 90      0               0.0     0.0
DAYS MAX <= 32      0               0.1    -0.1
DAYS MIN <= 32     14              12.1     1.9
DAYS MIN <= 0       0               0.0     0.0

PRECIPITATION (INCHES)
TOTALS           1.55              3.63   -2.08
DAYS >= .01         8                MM      MM
DAYS >= .10         4                MM      MM
DAYS >= .50         2                MM      MM
DAYS >= 1.00        0                MM      MM
GREATEST
 24 HR. TOTAL    0.60   01/21 TO 01/22

SNOWFALL (INCHES)
DAYS >= TRACE       1

DEGREE_DAYS
HEATING TOTAL     613               592      21
 SINCE 7/1       1054              1492    -438
COOLING TOTAL       0                 1      -1
 SINCE 1/1          0                 0       0
.................................................

WIND (MPH)
AVERAGE WIND SPEED              3.6
RESULTANT WIND SPEED/DIRECTION   1/280
HIGHEST WIND SPEED/DIRECTION    31/270    DATE  01/15
HIGHEST GUST SPEED/DIRECTION    43/280    DATE  01/15

SKY COVER
POSSIBLE SUNSHINE (PERCENT)   MM
AVERAGE SKY COVER           0.30
NUMBER OF DAYS FAIR           19
NUMBER OF DAYS PC              5
NUMBER OF DAYS CLOUDY          7

AVERAGE RH (PERCENT)     65

WEATHER CONDITIONS. NUMBER OF DAYS WITH
THUNDERSTORM              0     MIXED PRECIP               0
HEAVY RAIN                1     RAIN                       4
LIGHT RAIN                9     FREEZING RAIN              0
LT FREEZING RAIN          0     HAIL                       0
HEAVY SNOW                0     SNOW                       0
LIGHT SNOW                1     SLEET                      0
FOG                      23     FOG W/VIS <= 1/4 MILE      2
HAZE                     18

-  INDICATES NEGATIVE NUMBERS.
R  INDICATES RECORD WAS SET OR TIED.
MM INDICATES DATA IS MISSING.
T  INDICATES TRACE AMOUNT.

$$
